{"id":24426,"date":"2026-02-14T10:18:16","date_gmt":"2026-02-14T09:18:16","guid":{"rendered":"https:\/\/baralivres.ma\/?post_type=product&#038;p=24426"},"modified":"2026-03-10T10:17:55","modified_gmt":"2026-03-10T09:17:55","slug":"24426","status":"publish","type":"product","link":"https:\/\/baralivres.ma\/?product=24426","title":{"rendered":"A LA DECOUVERTE DE L&rsquo;ISLAM"},"content":{"rendered":"<p>Cet ouvrage propose une <strong data-start=\"554\" data-end=\"608\">initiation claire, accessible et ouverte \u00e0 l\u2019islam<\/strong>, pens\u00e9e pour d\u00e9construire les id\u00e9es re\u00e7ues et r\u00e9pondre aux questions de chacun. Il ne s\u2019agit ni d\u2019un manuel th\u00e9ologique ni d\u2019un trait\u00e9 acad\u00e9mique, mais d\u2019un <strong data-start=\"766\" data-end=\"802\">ab\u00e9c\u00e9daire compos\u00e9 de 70 entr\u00e9es<\/strong> que le lecteur peut parcourir librement selon ses interrogations personnelles.<\/p>\n<p>Fruit de la rencontre entre une auteure musulmane et un auteur chr\u00e9tien, le livre met en lumi\u00e8re une vision de l\u2019islam tel qu\u2019il est <strong data-start=\"1054\" data-end=\"1137\">vivant, joyeux, tol\u00e9rant et pratiqu\u00e9 au quotidien par des millions de personnes<\/strong>, loin des clich\u00e9s ou des repr\u00e9sentations caricaturales.<\/p>\n<p>L\u2019ab\u00e9c\u00e9daire invite \u00e0 un <strong data-start=\"1258\" data-end=\"1323\">dialogue ouvert et constructif entre croyants ou non\u2011croyants<\/strong>, avec pour objectif de favoriser la compr\u00e9hension mutuelle et de participer \u00e0 la construction d\u2019un monde plus apais\u00e9 et respectueux.<\/p>\n","protected":false},"excerpt":{"rendered":"<p>Ce livre propose une <strong data-start=\"373\" data-end=\"430\">pr\u00e9sentation accessible, claire et ouverte de l\u2019islam<\/strong>, destin\u00e9e \u00e0 <strong data-start=\"443\" data-end=\"497\">combattre les id\u00e9es re\u00e7ues et les incompr\u00e9hensions<\/strong> souvent li\u00e9es \u00e0 la peur de l\u2019autre.<\/p>\n","protected":false},"featured_media":24427,"comment_status":"open","ping_status":"closed","template":"","meta":{"inline_featured_image":false},"product_cat":[3725,3862,4214],"product_tag":[],"class_list":{"0":"post-24426","1":"product","2":"type-product","3":"status-publish","4":"has-post-thumbnail","6":"product_cat-litterature-religieuse","7":"product_cat-spiritualite","8":"product_cat-voyage-spirituel-pendant-le-ramadan","9":"pa_auteurs-reem-yasmina-laghrari","11":"first","12":"instock","13":"shipping-taxable","14":"purchasable","15":"product-type-simple"},"_links":{"self":[{"href":"https:\/\/baralivres.ma\/index.php?rest_route=\/wp\/v2\/product\/24426","targetHints":{"allow":["GET"]}}],"collection":[{"href":"https:\/\/baralivres.ma\/index.php?rest_route=\/wp\/v2\/product"}],"about":[{"href":"https:\/\/baralivres.ma\/index.php?rest_route=\/wp\/v2\/types\/product"}],"replies":[{"embeddable":true,"href":"https:\/\/baralivres.ma\/index.php?rest_route=%2Fwp%2Fv2%2Fcomments&post=24426"}],"version-history":[{"count":2,"href":"https:\/\/baralivres.ma\/index.php?rest_route=\/wp\/v2\/product\/24426\/revisions"}],"predecessor-version":[{"id":24460,"href":"https:\/\/baralivres.ma\/index.php?rest_route=\/wp\/v2\/product\/24426\/revisions\/24460"}],"wp:featuredmedia":[{"embeddable":true,"href":"https:\/\/baralivres.ma\/index.php?rest_route=\/wp\/v2\/media\/24427"}],"wp:attachment":[{"href":"https:\/\/baralivres.ma\/index.php?rest_route=%2Fwp%2Fv2%2Fmedia&parent=24426"}],"wp:term":[{"taxonomy":"product_cat","embeddable":true,"href":"https:\/\/baralivres.ma\/index.php?rest_route=%2Fwp%2Fv2%2Fproduct_cat&post=24426"},{"taxonomy":"product_tag","embeddable":true,"href":"https:\/\/baralivres.ma\/index.php?rest_route=%2Fwp%2Fv2%2Fproduct_tag&post=24426"}],"curies":[{"name":"wp","href":"https:\/\/api.w.org\/{rel}","templated":true}]}}