{"id":24422,"date":"2026-02-14T09:45:33","date_gmt":"2026-02-14T08:45:33","guid":{"rendered":"https:\/\/baralivres.ma\/?post_type=product&#038;p=24422"},"modified":"2026-02-14T09:51:25","modified_gmt":"2026-02-14T08:51:25","slug":"le-coran-des-historiens","status":"publish","type":"product","link":"https:\/\/baralivres.ma\/?product=le-coran-des-historiens","title":{"rendered":"Le Coran des historiens"},"content":{"rendered":"<h3 data-start=\"401\" data-end=\"419\">\u2728 Pr\u00e9sentation<\/h3>\n<p data-start=\"421\" data-end=\"731\"><em data-start=\"421\" data-end=\"446\">Le Coran des historiens<\/em> est une \u0153uvre monumentale et in\u00e9dite qui propose une lecture historique et scientifique du <strong data-start=\"538\" data-end=\"547\">Coran<\/strong>. R\u00e9alis\u00e9 par une trentaine de sp\u00e9cialistes internationaux, ce coffret offre une analyse approfondie du contexte de naissance du texte coranique, de sa formation et de sa transmission.<\/p>\n<p data-start=\"733\" data-end=\"790\">L\u2019ouvrage se compose de trois volumes compl\u00e9mentaires :<\/p>\n<ul data-start=\"791\" data-end=\"989\">\n<li data-start=\"791\" data-end=\"850\">\n<p data-start=\"793\" data-end=\"850\">Une synth\u00e8se des recherches anciennes et contemporaines<\/p>\n<\/li>\n<li data-start=\"851\" data-end=\"926\">\n<p data-start=\"853\" data-end=\"926\">Des \u00e9tudes d\u00e9taill\u00e9es sur le contexte historique, religieux et culturel<\/p>\n<\/li>\n<li data-start=\"927\" data-end=\"989\">\n<p data-start=\"929\" data-end=\"989\">Un commentaire complet des 114 sourates, verset par verset<\/p>\n<\/li>\n<\/ul>\n","protected":false},"excerpt":{"rendered":"<p>Ce coffret s\u2019adresse aux chercheurs, \u00e9tudiants en islamologie ou en histoire des religions, ainsi qu\u2019aux lecteurs passionn\u00e9s souhaitant approfondir leur compr\u00e9hension du texte coranique \u00e0 travers une approche scientifique.<\/p>\n","protected":false},"featured_media":24424,"comment_status":"open","ping_status":"closed","template":"","meta":{"inline_featured_image":false},"product_cat":[4516,3725,3862,4214],"product_tag":[],"class_list":{"0":"post-24422","1":"product","2":"type-product","3":"status-publish","4":"has-post-thumbnail","6":"product_cat-beaux-livres","7":"product_cat-litterature-religieuse","8":"product_cat-spiritualite","9":"product_cat-voyage-spirituel-pendant-le-ramadan","10":"pa_auteurs-mohammad-ali-amir-moezzi","12":"first","13":"instock","14":"shipping-taxable","15":"purchasable","16":"product-type-simple"},"_links":{"self":[{"href":"https:\/\/baralivres.ma\/index.php?rest_route=\/wp\/v2\/product\/24422","targetHints":{"allow":["GET"]}}],"collection":[{"href":"https:\/\/baralivres.ma\/index.php?rest_route=\/wp\/v2\/product"}],"about":[{"href":"https:\/\/baralivres.ma\/index.php?rest_route=\/wp\/v2\/types\/product"}],"replies":[{"embeddable":true,"href":"https:\/\/baralivres.ma\/index.php?rest_route=%2Fwp%2Fv2%2Fcomments&post=24422"}],"version-history":[{"count":2,"href":"https:\/\/baralivres.ma\/index.php?rest_route=\/wp\/v2\/product\/24422\/revisions"}],"predecessor-version":[{"id":24425,"href":"https:\/\/baralivres.ma\/index.php?rest_route=\/wp\/v2\/product\/24422\/revisions\/24425"}],"wp:featuredmedia":[{"embeddable":true,"href":"https:\/\/baralivres.ma\/index.php?rest_route=\/wp\/v2\/media\/24424"}],"wp:attachment":[{"href":"https:\/\/baralivres.ma\/index.php?rest_route=%2Fwp%2Fv2%2Fmedia&parent=24422"}],"wp:term":[{"taxonomy":"product_cat","embeddable":true,"href":"https:\/\/baralivres.ma\/index.php?rest_route=%2Fwp%2Fv2%2Fproduct_cat&post=24422"},{"taxonomy":"product_tag","embeddable":true,"href":"https:\/\/baralivres.ma\/index.php?rest_route=%2Fwp%2Fv2%2Fproduct_tag&post=24422"}],"curies":[{"name":"wp","href":"https:\/\/api.w.org\/{rel}","templated":true}]}}