{"id":24354,"date":"2025-12-18T16:13:24","date_gmt":"2025-12-18T15:13:24","guid":{"rendered":"https:\/\/baralivres.ma\/?post_type=product&#038;p=24354"},"modified":"2025-12-18T16:13:24","modified_gmt":"2025-12-18T15:13:24","slug":"my-arts-crafts-gommettes-geometriques","status":"publish","type":"product","link":"https:\/\/baralivres.ma\/?product=my-arts-crafts-gommettes-geometriques","title":{"rendered":"MY ARTS &#038; CRAFTS \u2013 Gommettes G\u00e9om\u00e9triques"},"content":{"rendered":"<h3 data-start=\"77\" data-end=\"127\">\ud83c\udfa8 MY ARTS &amp; CRAFTS \u2013 Gommettes G\u00e9om\u00e9triques<\/h3>\n<p data-start=\"153\" data-end=\"415\">Stimulez la cr\u00e9ativit\u00e9 de votre enfant avec <strong data-start=\"197\" data-end=\"242\">My Arts &amp; Crafts \u2013 Gommettes G\u00e9om\u00e9triques<\/strong> \u2728<br data-start=\"244\" data-end=\"247\" \/>Ce coffret ludique permet aux enfants de cr\u00e9er de magnifiques dessins en utilisant des <strong data-start=\"334\" data-end=\"379\">gommettes aux formes g\u00e9om\u00e9triques vari\u00e9es<\/strong> (cercles, triangles, carr\u00e9s, etc.).<\/p>\n<p data-start=\"153\" data-end=\"415\">\ud83d\udce6 <strong data-start=\"671\" data-end=\"684\">Contenu :<\/strong> planches de gommettes g\u00e9om\u00e9triques + supports \u00e0 d\u00e9corer<\/p>\n<p data-start=\"417\" data-end=\"450\">\ud83e\udde0 <strong data-start=\"420\" data-end=\"448\">B\u00e9n\u00e9fices p\u00e9dagogiques :<\/strong><\/p>\n<ul data-start=\"451\" data-end=\"630\">\n<li data-start=\"451\" data-end=\"495\">\n<p data-start=\"453\" data-end=\"495\">D\u00e9veloppe la cr\u00e9ativit\u00e9 et l\u2019imagination<\/p>\n<\/li>\n<li data-start=\"496\" data-end=\"526\">\n<p data-start=\"498\" data-end=\"526\">Am\u00e9liore la motricit\u00e9 fine<\/p>\n<\/li>\n<li data-start=\"527\" data-end=\"584\">\n<p data-start=\"529\" data-end=\"584\">Favorise la reconnaissance des formes et des couleurs<\/p>\n<\/li>\n<li data-start=\"585\" data-end=\"630\">\n<p data-start=\"587\" data-end=\"630\">Encourage la concentration et l\u2019autonomie<\/p>\n<\/li>\n<\/ul>\n","protected":false},"excerpt":{"rendered":"<p>Un excellent choix pour occuper les enfants tout en apprenant, et une <strong data-start=\"911\" data-end=\"935\">id\u00e9e cadeau parfaite<\/strong> pour les petits artistes en herbe<\/p>\n","protected":false},"featured_media":24355,"comment_status":"open","ping_status":"closed","template":"","meta":{"inline_featured_image":false},"product_cat":[3875,201,210,200],"product_tag":[],"class_list":{"0":"post-24354","1":"product","2":"type-product","3":"status-publish","4":"has-post-thumbnail","6":"product_cat-coffret-francais","7":"product_cat-coffret","8":"product_cat-activites-bebe-enfant","9":"product_cat-activites","11":"first","12":"instock","13":"shipping-taxable","14":"purchasable","15":"product-type-simple"},"_links":{"self":[{"href":"https:\/\/baralivres.ma\/index.php?rest_route=\/wp\/v2\/product\/24354","targetHints":{"allow":["GET"]}}],"collection":[{"href":"https:\/\/baralivres.ma\/index.php?rest_route=\/wp\/v2\/product"}],"about":[{"href":"https:\/\/baralivres.ma\/index.php?rest_route=\/wp\/v2\/types\/product"}],"replies":[{"embeddable":true,"href":"https:\/\/baralivres.ma\/index.php?rest_route=%2Fwp%2Fv2%2Fcomments&post=24354"}],"version-history":[{"count":2,"href":"https:\/\/baralivres.ma\/index.php?rest_route=\/wp\/v2\/product\/24354\/revisions"}],"predecessor-version":[{"id":24363,"href":"https:\/\/baralivres.ma\/index.php?rest_route=\/wp\/v2\/product\/24354\/revisions\/24363"}],"wp:featuredmedia":[{"embeddable":true,"href":"https:\/\/baralivres.ma\/index.php?rest_route=\/wp\/v2\/media\/24355"}],"wp:attachment":[{"href":"https:\/\/baralivres.ma\/index.php?rest_route=%2Fwp%2Fv2%2Fmedia&parent=24354"}],"wp:term":[{"taxonomy":"product_cat","embeddable":true,"href":"https:\/\/baralivres.ma\/index.php?rest_route=%2Fwp%2Fv2%2Fproduct_cat&post=24354"},{"taxonomy":"product_tag","embeddable":true,"href":"https:\/\/baralivres.ma\/index.php?rest_route=%2Fwp%2Fv2%2Fproduct_tag&post=24354"}],"curies":[{"name":"wp","href":"https:\/\/api.w.org\/{rel}","templated":true}]}}