{"id":24277,"date":"2025-12-15T17:34:51","date_gmt":"2025-12-15T16:34:51","guid":{"rendered":"https:\/\/baralivres.ma\/?post_type=product&#038;p=24277"},"modified":"2025-12-15T17:34:51","modified_gmt":"2025-12-15T16:34:51","slug":"art-challenge-cest-toi-le-tableau","status":"publish","type":"product","link":"https:\/\/baralivres.ma\/?product=art-challenge-cest-toi-le-tableau","title":{"rendered":"Art Challenge \u2013 \u00ab\u202fC\u2019est toi le tableau\u202f"},"content":{"rendered":"<p><strong data-start=\"101\" data-end=\"167\">\ud83c\udfa8 Art Challenge \u2013 \u00ab\u202fC\u2019est toi le tableau\u202f!\u202f\u00bb (jeu de soci\u00e9t\u00e9)<\/strong><br data-start=\"167\" data-end=\"170\" \/>\u27a1\ufe0f C\u2019est un <strong data-start=\"182\" data-end=\"219\">jeu d\u2019ambiance cr\u00e9atif et amusant<\/strong>, id\u00e9al pour jouer en famille ou entre amis.<\/p>\n<p>Dans ce jeu, les joueurs doivent <strong data-start=\"370\" data-end=\"449\">reproduire des tableaux c\u00e9l\u00e8bres en prenant des poses ou en imitant l\u2019\u0153uvre<\/strong>, puis faire deviner aux autres joueurs <strong data-start=\"489\" data-end=\"518\">de quel tableau il s\u2019agit<\/strong>.<\/p>\n<p>Le jeu comprend <strong data-start=\"578\" data-end=\"626\">50 cartes repr\u00e9sentant des tableaux c\u00e9l\u00e8bres<\/strong>, un <strong data-start=\"631\" data-end=\"652\">cadre \u00e0 assembler<\/strong>, un <strong data-start=\"657\" data-end=\"689\">livret explicatif des \u0153uvres<\/strong>, et <strong data-start=\"694\" data-end=\"727\">des r\u00e8gles du jeu en fran\u00e7ais<\/strong>.<\/p>\n<p>Il propose <strong data-start=\"782\" data-end=\"811\">3 modes de jeu diff\u00e9rents<\/strong>, ce qui permet de varier les parties selon les envies et le nombre de joueurs.<\/p>\n<p>&nbsp;<\/p>\n","protected":false},"excerpt":{"rendered":"<p>Se joue en <strong data-start=\"1080\" data-end=\"1097\">2 \u00e0 8 joueurs<\/strong> \u2014 parfait pour les soir\u00e9es jeu, les go\u00fbters ou les moments ludiques \u00e0 plusieurs.<\/p>\n","protected":false},"featured_media":24278,"comment_status":"open","ping_status":"closed","template":"","meta":{"inline_featured_image":false},"product_cat":[3875,201,200],"product_tag":[],"class_list":{"0":"post-24277","1":"product","2":"type-product","3":"status-publish","4":"has-post-thumbnail","6":"product_cat-coffret-francais","7":"product_cat-coffret","8":"product_cat-activites","10":"first","11":"instock","12":"shipping-taxable","13":"purchasable","14":"product-type-simple"},"_links":{"self":[{"href":"https:\/\/baralivres.ma\/index.php?rest_route=\/wp\/v2\/product\/24277","targetHints":{"allow":["GET"]}}],"collection":[{"href":"https:\/\/baralivres.ma\/index.php?rest_route=\/wp\/v2\/product"}],"about":[{"href":"https:\/\/baralivres.ma\/index.php?rest_route=\/wp\/v2\/types\/product"}],"replies":[{"embeddable":true,"href":"https:\/\/baralivres.ma\/index.php?rest_route=%2Fwp%2Fv2%2Fcomments&post=24277"}],"version-history":[{"count":1,"href":"https:\/\/baralivres.ma\/index.php?rest_route=\/wp\/v2\/product\/24277\/revisions"}],"predecessor-version":[{"id":24281,"href":"https:\/\/baralivres.ma\/index.php?rest_route=\/wp\/v2\/product\/24277\/revisions\/24281"}],"wp:featuredmedia":[{"embeddable":true,"href":"https:\/\/baralivres.ma\/index.php?rest_route=\/wp\/v2\/media\/24278"}],"wp:attachment":[{"href":"https:\/\/baralivres.ma\/index.php?rest_route=%2Fwp%2Fv2%2Fmedia&parent=24277"}],"wp:term":[{"taxonomy":"product_cat","embeddable":true,"href":"https:\/\/baralivres.ma\/index.php?rest_route=%2Fwp%2Fv2%2Fproduct_cat&post=24277"},{"taxonomy":"product_tag","embeddable":true,"href":"https:\/\/baralivres.ma\/index.php?rest_route=%2Fwp%2Fv2%2Fproduct_tag&post=24277"}],"curies":[{"name":"wp","href":"https:\/\/api.w.org\/{rel}","templated":true}]}}