{"id":24236,"date":"2025-12-13T12:31:34","date_gmt":"2025-12-13T11:31:34","guid":{"rendered":"https:\/\/baralivres.ma\/?post_type=product&#038;p=24236"},"modified":"2025-12-13T12:33:20","modified_gmt":"2025-12-13T11:33:20","slug":"reflexode-animaux","status":"publish","type":"product","link":"https:\/\/baralivres.ma\/?product=reflexode-animaux","title":{"rendered":"REFLEXODE ! ANIMAUX"},"content":{"rendered":"<p>D\u00e9couvrez <strong data-start=\"348\" data-end=\"371\">Reflexode\u202f!\u202fAnimaux<\/strong>, le jeu qui m\u00eale <strong data-start=\"389\" data-end=\"443\">rapidit\u00e9, observation et connaissances animali\u00e8res<\/strong>. Lancez les d\u00e9s, trouvez la tuile correspondante et soyez le plus rapide\u202f! Un jeu \u00e9ducatif parfait pour les enfants et les familles.<\/p>\n","protected":false},"excerpt":{"rendered":"<p>\u2728 <strong data-start=\"78\" data-end=\"101\">REFLEXODE\u202f!\u202fANIMAUX<\/strong> \u2728<br data-start=\"103\" data-end=\"106\" \/>Le jeu qui met vos r\u00e9flexes et vos connaissances animali\u00e8res \u00e0 l\u2019\u00e9preuve\u202f! \ud83d\udc12\ud83e\udd81\ud83d\udc20<br data-start=\"187\" data-end=\"190\" \/>\ud83c\udfb2 Lance les d\u00e9s, trouve la tuile et sois le plus rapide\u202f!<br data-start=\"248\" data-end=\"251\" \/>\ud83d\udca1 Fun, \u00e9ducatif et id\u00e9al pour toute la famille.<\/p>\n","protected":false},"featured_media":24237,"comment_status":"open","ping_status":"closed","template":"","meta":{"inline_featured_image":false},"product_cat":[3875,201,200],"product_tag":[],"class_list":{"0":"post-24236","1":"product","2":"type-product","3":"status-publish","4":"has-post-thumbnail","6":"product_cat-coffret-francais","7":"product_cat-coffret","8":"product_cat-activites","10":"first","11":"instock","12":"shipping-taxable","13":"purchasable","14":"product-type-simple"},"_links":{"self":[{"href":"https:\/\/baralivres.ma\/index.php?rest_route=\/wp\/v2\/product\/24236","targetHints":{"allow":["GET"]}}],"collection":[{"href":"https:\/\/baralivres.ma\/index.php?rest_route=\/wp\/v2\/product"}],"about":[{"href":"https:\/\/baralivres.ma\/index.php?rest_route=\/wp\/v2\/types\/product"}],"replies":[{"embeddable":true,"href":"https:\/\/baralivres.ma\/index.php?rest_route=%2Fwp%2Fv2%2Fcomments&post=24236"}],"version-history":[{"count":1,"href":"https:\/\/baralivres.ma\/index.php?rest_route=\/wp\/v2\/product\/24236\/revisions"}],"predecessor-version":[{"id":24240,"href":"https:\/\/baralivres.ma\/index.php?rest_route=\/wp\/v2\/product\/24236\/revisions\/24240"}],"wp:featuredmedia":[{"embeddable":true,"href":"https:\/\/baralivres.ma\/index.php?rest_route=\/wp\/v2\/media\/24237"}],"wp:attachment":[{"href":"https:\/\/baralivres.ma\/index.php?rest_route=%2Fwp%2Fv2%2Fmedia&parent=24236"}],"wp:term":[{"taxonomy":"product_cat","embeddable":true,"href":"https:\/\/baralivres.ma\/index.php?rest_route=%2Fwp%2Fv2%2Fproduct_cat&post=24236"},{"taxonomy":"product_tag","embeddable":true,"href":"https:\/\/baralivres.ma\/index.php?rest_route=%2Fwp%2Fv2%2Fproduct_tag&post=24236"}],"curies":[{"name":"wp","href":"https:\/\/api.w.org\/{rel}","templated":true}]}}