{"id":24215,"date":"2025-12-13T12:03:04","date_gmt":"2025-12-13T11:03:04","guid":{"rendered":"https:\/\/baralivres.ma\/?post_type=product&#038;p=24215"},"modified":"2025-12-13T12:03:05","modified_gmt":"2025-12-13T11:03:05","slug":"sunset-lover","status":"publish","type":"product","link":"https:\/\/baralivres.ma\/?product=sunset-lover","title":{"rendered":"Sunset Lover"},"content":{"rendered":"<p>Le\u00a0<strong data-start=\"554\" data-end=\"590\">coffret cr\u00e9atif \u00ab\u202fSunset Lover\u202f\u00bb<\/strong> de la marque <strong data-start=\"604\" data-end=\"613\">Janod<\/strong> invite les enfants \u00e0 <strong data-start=\"635\" data-end=\"663\">exprimer leur cr\u00e9ativit\u00e9<\/strong> en r\u00e9alisant de magnifiques tableaux repr\u00e9sentant de <strong data-start=\"717\" data-end=\"750\">splendides couchers de soleil<\/strong>. Il combine l\u2019art de la peinture et la d\u00e9coration pour un r\u00e9sultat artistique inspirant et color\u00e9.<\/p>\n<p>Ce kit contient\u00a0:<br data-start=\"906\" data-end=\"909\" \/>\ud83c\udfa8 <strong data-start=\"912\" data-end=\"926\">5 tableaux<\/strong> avec des fonds pr\u00eats \u00e0 peindre<br data-start=\"957\" data-end=\"960\" \/>\ud83d\udd8c\ufe0f <strong data-start=\"964\" data-end=\"978\">2 pinceaux<\/strong> pour travailler les d\u00e9tails<br data-start=\"1006\" data-end=\"1009\" \/>\ud83c\udfa8 <strong data-start=\"1012\" data-end=\"1046\">7 aquarelles de couleurs vives<\/strong><br data-start=\"1046\" data-end=\"1049\" \/>\u270f\ufe0f <strong data-start=\"1052\" data-end=\"1069\">1 stylo blanc<\/strong> pour ajouter des finitions lumineuses<br data-start=\"1107\" data-end=\"1110\" \/>\ud83d\udccf <strong data-start=\"1113\" data-end=\"1139\">2 planches de pochoirs<\/strong> pour guider les cr\u00e9ations<br data-start=\"1165\" data-end=\"1168\" \/>\ud83d\udcd8 <strong data-start=\"1171\" data-end=\"1199\">Un livret d\u2019instructions<\/strong> clair et simple<br data-start=\"1215\" data-end=\"1218\" \/>\ud83e\uddf0 <strong data-start=\"1221\" data-end=\"1257\">Une bo\u00eete transformable en cadre<\/strong> pour exposer les \u0153uvres une fois termin\u00e9es<\/p>\n","protected":false},"excerpt":{"rendered":"<p>\u2728 D\u00e9veloppe cr\u00e9ativit\u00e9, patience et motricit\u00e9 fine.<\/p>\n","protected":false},"featured_media":24216,"comment_status":"open","ping_status":"closed","template":"","meta":{"inline_featured_image":false},"product_cat":[3875,201,200],"product_tag":[],"class_list":{"0":"post-24215","1":"product","2":"type-product","3":"status-publish","4":"has-post-thumbnail","6":"product_cat-coffret-francais","7":"product_cat-coffret","8":"product_cat-activites","10":"first","11":"instock","12":"shipping-taxable","13":"purchasable","14":"product-type-simple"},"_links":{"self":[{"href":"https:\/\/baralivres.ma\/index.php?rest_route=\/wp\/v2\/product\/24215","targetHints":{"allow":["GET"]}}],"collection":[{"href":"https:\/\/baralivres.ma\/index.php?rest_route=\/wp\/v2\/product"}],"about":[{"href":"https:\/\/baralivres.ma\/index.php?rest_route=\/wp\/v2\/types\/product"}],"replies":[{"embeddable":true,"href":"https:\/\/baralivres.ma\/index.php?rest_route=%2Fwp%2Fv2%2Fcomments&post=24215"}],"version-history":[{"count":1,"href":"https:\/\/baralivres.ma\/index.php?rest_route=\/wp\/v2\/product\/24215\/revisions"}],"predecessor-version":[{"id":24220,"href":"https:\/\/baralivres.ma\/index.php?rest_route=\/wp\/v2\/product\/24215\/revisions\/24220"}],"wp:featuredmedia":[{"embeddable":true,"href":"https:\/\/baralivres.ma\/index.php?rest_route=\/wp\/v2\/media\/24216"}],"wp:attachment":[{"href":"https:\/\/baralivres.ma\/index.php?rest_route=%2Fwp%2Fv2%2Fmedia&parent=24215"}],"wp:term":[{"taxonomy":"product_cat","embeddable":true,"href":"https:\/\/baralivres.ma\/index.php?rest_route=%2Fwp%2Fv2%2Fproduct_cat&post=24215"},{"taxonomy":"product_tag","embeddable":true,"href":"https:\/\/baralivres.ma\/index.php?rest_route=%2Fwp%2Fv2%2Fproduct_tag&post=24215"}],"curies":[{"name":"wp","href":"https:\/\/api.w.org\/{rel}","templated":true}]}}