{"id":24168,"date":"2025-12-02T10:13:07","date_gmt":"2025-12-02T09:13:07","guid":{"rendered":"https:\/\/baralivres.ma\/?post_type=product&#038;p=24168"},"modified":"2025-12-02T10:13:07","modified_gmt":"2025-12-02T09:13:07","slug":"journal-dun-degonfle-t01","status":"publish","type":"product","link":"https:\/\/baralivres.ma\/?product=journal-dun-degonfle-t01","title":{"rendered":"JOURNAL D&rsquo;UN DEGONFLE T01"},"content":{"rendered":"<p data-start=\"98\" data-end=\"151\">\ud83d\udcd8 <strong data-start=\"101\" data-end=\"149\">Journal d\u2019un d\u00e9gonfl\u00e9 \u2013 Tome 1 \u2013 Jeff Kinney<\/strong><\/p>\n<p data-start=\"153\" data-end=\"393\">D\u00e9couvrez le premier tome de la s\u00e9rie incontournable <em data-start=\"206\" data-end=\"229\">Journal d\u2019un d\u00e9gonfl\u00e9<\/em>. Greg Heffley, coll\u00e9gien mal dans sa peau mais plein d\u2019humour, raconte son quotidien \u00e0 travers un journal rempli de dessins amusants et de situations hilarantes.<\/p>\n<p data-start=\"395\" data-end=\"534\">Entre amiti\u00e9s compliqu\u00e9es, rivalit\u00e9s d&rsquo;\u00e9cole et m\u00e9saventures en famille, Greg vous embarque dans une lecture l\u00e9g\u00e8re, dr\u00f4le et captivante.<\/p>\n<p data-start=\"536\" data-end=\"689\">Un livre id\u00e9al pour :<br data-start=\"557\" data-end=\"560\" \/>\u2714 Encourager les enfants \u00e0 lire<br data-start=\"591\" data-end=\"594\" \/>\u2714 Les fans d\u2019histoires humoristiques<br data-start=\"630\" data-end=\"633\" \/>\u2714 Les jeunes lecteurs qui aiment les formats illustr\u00e9s<\/p>\n","protected":false},"excerpt":{"rendered":"<p>\ud83d\udc49 Un best-seller mondial qui s\u00e9duit tous les enfants \u00e0 partir de 8 ans !<\/p>\n","protected":false},"featured_media":24169,"comment_status":"open","ping_status":"closed","template":"","meta":{"inline_featured_image":false},"product_cat":[4101,4099,206],"product_tag":[],"class_list":{"0":"post-24168","1":"product","2":"type-product","3":"status-publish","4":"has-post-thumbnail","6":"product_cat-francais-journal_dun_degonfle","7":"product_cat-journal_dun_degonfle","8":"product_cat-enfant-adolescente-francais-enfant-adolescente","9":"pa_auteurs-jeff-kinney","11":"first","12":"instock","13":"shipping-taxable","14":"purchasable","15":"product-type-simple"},"_links":{"self":[{"href":"https:\/\/baralivres.ma\/index.php?rest_route=\/wp\/v2\/product\/24168","targetHints":{"allow":["GET"]}}],"collection":[{"href":"https:\/\/baralivres.ma\/index.php?rest_route=\/wp\/v2\/product"}],"about":[{"href":"https:\/\/baralivres.ma\/index.php?rest_route=\/wp\/v2\/types\/product"}],"replies":[{"embeddable":true,"href":"https:\/\/baralivres.ma\/index.php?rest_route=%2Fwp%2Fv2%2Fcomments&post=24168"}],"version-history":[{"count":1,"href":"https:\/\/baralivres.ma\/index.php?rest_route=\/wp\/v2\/product\/24168\/revisions"}],"predecessor-version":[{"id":24171,"href":"https:\/\/baralivres.ma\/index.php?rest_route=\/wp\/v2\/product\/24168\/revisions\/24171"}],"wp:featuredmedia":[{"embeddable":true,"href":"https:\/\/baralivres.ma\/index.php?rest_route=\/wp\/v2\/media\/24169"}],"wp:attachment":[{"href":"https:\/\/baralivres.ma\/index.php?rest_route=%2Fwp%2Fv2%2Fmedia&parent=24168"}],"wp:term":[{"taxonomy":"product_cat","embeddable":true,"href":"https:\/\/baralivres.ma\/index.php?rest_route=%2Fwp%2Fv2%2Fproduct_cat&post=24168"},{"taxonomy":"product_tag","embeddable":true,"href":"https:\/\/baralivres.ma\/index.php?rest_route=%2Fwp%2Fv2%2Fproduct_tag&post=24168"}],"curies":[{"name":"wp","href":"https:\/\/api.w.org\/{rel}","templated":true}]}}