{"id":24153,"date":"2025-11-26T10:34:12","date_gmt":"2025-11-26T09:34:12","guid":{"rendered":"https:\/\/baralivres.ma\/?post_type=product&#038;p=24153"},"modified":"2025-11-26T10:34:12","modified_gmt":"2025-11-26T09:34:12","slug":"the-one-thing-passez-a-lessentiel","status":"publish","type":"product","link":"https:\/\/baralivres.ma\/?product=the-one-thing-passez-a-lessentiel","title":{"rendered":"THE ONE THING. PASSEZ A L&rsquo;ESSENTIEL"},"content":{"rendered":"<p><strong data-start=\"51\" data-end=\"82\">The ONE Thing \u2013 Gary Keller<\/strong><br data-start=\"82\" data-end=\"85\" data-is-only-node=\"\" \/>Un guide puissant pour booster votre productivit\u00e9 ! D\u00e9couvrez comment vous concentrer sur <strong data-start=\"175\" data-end=\"197\">une seule priorit\u00e9<\/strong> \u00e0 la fois pour obtenir des r\u00e9sultats exceptionnels, gagner du temps et atteindre vos objectifs plus facilement. Un best-seller indispensable pour simplifier votre vie et r\u00e9ussir davantage.<\/p>\n","protected":false},"excerpt":{"rendered":"<p>Un guide indispensable pour tous ceux qui veulent <strong data-start=\"1016\" data-end=\"1095\">\u00eatre plus productifs, mieux organis\u00e9s et r\u00e9ussir davantage en faisant moins<\/strong>.<\/p>\n","protected":false},"featured_media":24154,"comment_status":"open","ping_status":"closed","template":"","meta":{"inline_featured_image":false},"product_cat":[3896,91],"product_tag":[],"class_list":{"0":"post-24153","1":"product","2":"type-product","3":"status-publish","4":"has-post-thumbnail","6":"product_cat-developpement-francais","7":"product_cat-developpement","8":"pa_auteurs-gary-keller","10":"first","11":"instock","12":"sale","13":"shipping-taxable","14":"purchasable","15":"product-type-simple"},"_links":{"self":[{"href":"https:\/\/baralivres.ma\/index.php?rest_route=\/wp\/v2\/product\/24153","targetHints":{"allow":["GET"]}}],"collection":[{"href":"https:\/\/baralivres.ma\/index.php?rest_route=\/wp\/v2\/product"}],"about":[{"href":"https:\/\/baralivres.ma\/index.php?rest_route=\/wp\/v2\/types\/product"}],"replies":[{"embeddable":true,"href":"https:\/\/baralivres.ma\/index.php?rest_route=%2Fwp%2Fv2%2Fcomments&post=24153"}],"version-history":[{"count":1,"href":"https:\/\/baralivres.ma\/index.php?rest_route=\/wp\/v2\/product\/24153\/revisions"}],"predecessor-version":[{"id":24155,"href":"https:\/\/baralivres.ma\/index.php?rest_route=\/wp\/v2\/product\/24153\/revisions\/24155"}],"wp:featuredmedia":[{"embeddable":true,"href":"https:\/\/baralivres.ma\/index.php?rest_route=\/wp\/v2\/media\/24154"}],"wp:attachment":[{"href":"https:\/\/baralivres.ma\/index.php?rest_route=%2Fwp%2Fv2%2Fmedia&parent=24153"}],"wp:term":[{"taxonomy":"product_cat","embeddable":true,"href":"https:\/\/baralivres.ma\/index.php?rest_route=%2Fwp%2Fv2%2Fproduct_cat&post=24153"},{"taxonomy":"product_tag","embeddable":true,"href":"https:\/\/baralivres.ma\/index.php?rest_route=%2Fwp%2Fv2%2Fproduct_tag&post=24153"}],"curies":[{"name":"wp","href":"https:\/\/api.w.org\/{rel}","templated":true}]}}