{"id":24073,"date":"2025-06-25T11:39:03","date_gmt":"2025-06-25T10:39:03","guid":{"rendered":"https:\/\/baralivres.ma\/?post_type=product&#038;p=24073"},"modified":"2025-06-25T11:39:03","modified_gmt":"2025-06-25T10:39:03","slug":"histoires-a-caliner-mes-amours","status":"publish","type":"product","link":"https:\/\/baralivres.ma\/?product=histoires-a-caliner-mes-amours","title":{"rendered":"Histoires \u00e0 c\u00e2liner &#8211; Mes amours"},"content":{"rendered":"<p><strong data-start=\"72\" data-end=\"108\">Histoires \u00e0 c\u00e2liner &#8211; Mes amours<\/strong><br data-start=\"108\" data-end=\"111\" \/>Un premier livre tout doux \u00e0 toucher et \u00e0 c\u00e2liner, id\u00e9al pour accompagner les tout-petits au moment du coucher. Gr\u00e2ce \u00e0 une histoire tendre et rythm\u00e9e, ainsi qu\u2019aux diff\u00e9rentes mati\u00e8res \u00e0 d\u00e9couvrir au fil des pages, ce livre stimule la curiosit\u00e9 de b\u00e9b\u00e9 tout en \u00e9veillant ses sens. Un doux moment de complicit\u00e9 et de tendresse \u00e0 partager entre parent et enfant, au rythme de cette histoire rim\u00e9e qui apaise et \u00e9merveille.<\/p>\n","protected":false},"excerpt":{"rendered":"<p>Un livre tout doux \u00e0 toucher et \u00e0 c\u00e2liner, parfait pour apaiser b\u00e9b\u00e9 au moment du coucher. Une histoire rythm\u00e9e et pleine de tendresse, accompagn\u00e9e de mati\u00e8res \u00e0 d\u00e9couvrir, pour \u00e9veiller les sens et partager un moment c\u00e2lin unique.<\/p>\n","protected":false},"featured_media":24075,"comment_status":"open","ping_status":"closed","template":"","meta":{"inline_featured_image":false},"product_cat":[3950,198],"product_tag":[],"class_list":{"0":"post-24073","1":"product","2":"type-product","3":"status-publish","4":"has-post-thumbnail","6":"product_cat-les-livres-cartonnes-francais","7":"product_cat-livres-animes","9":"first","10":"instock","11":"shipping-taxable","12":"purchasable","13":"product-type-simple"},"_links":{"self":[{"href":"https:\/\/baralivres.ma\/index.php?rest_route=\/wp\/v2\/product\/24073","targetHints":{"allow":["GET"]}}],"collection":[{"href":"https:\/\/baralivres.ma\/index.php?rest_route=\/wp\/v2\/product"}],"about":[{"href":"https:\/\/baralivres.ma\/index.php?rest_route=\/wp\/v2\/types\/product"}],"replies":[{"embeddable":true,"href":"https:\/\/baralivres.ma\/index.php?rest_route=%2Fwp%2Fv2%2Fcomments&post=24073"}],"version-history":[{"count":1,"href":"https:\/\/baralivres.ma\/index.php?rest_route=\/wp\/v2\/product\/24073\/revisions"}],"predecessor-version":[{"id":24078,"href":"https:\/\/baralivres.ma\/index.php?rest_route=\/wp\/v2\/product\/24073\/revisions\/24078"}],"wp:featuredmedia":[{"embeddable":true,"href":"https:\/\/baralivres.ma\/index.php?rest_route=\/wp\/v2\/media\/24075"}],"wp:attachment":[{"href":"https:\/\/baralivres.ma\/index.php?rest_route=%2Fwp%2Fv2%2Fmedia&parent=24073"}],"wp:term":[{"taxonomy":"product_cat","embeddable":true,"href":"https:\/\/baralivres.ma\/index.php?rest_route=%2Fwp%2Fv2%2Fproduct_cat&post=24073"},{"taxonomy":"product_tag","embeddable":true,"href":"https:\/\/baralivres.ma\/index.php?rest_route=%2Fwp%2Fv2%2Fproduct_tag&post=24073"}],"curies":[{"name":"wp","href":"https:\/\/api.w.org\/{rel}","templated":true}]}}