{"id":23978,"date":"2025-06-24T17:00:33","date_gmt":"2025-06-24T16:00:33","guid":{"rendered":"https:\/\/baralivres.ma\/?post_type=product&#038;p=23978"},"modified":"2025-06-24T17:00:34","modified_gmt":"2025-06-24T16:00:34","slug":"mes-comptines-des-vacances-2","status":"publish","type":"product","link":"https:\/\/baralivres.ma\/?product=mes-comptines-des-vacances-2","title":{"rendered":"Mes comptines des vacances"},"content":{"rendered":"<p data-start=\"79\" data-end=\"426\"><strong data-start=\"79\" data-end=\"109\">Mes comptines des vacances<\/strong><br data-start=\"109\" data-end=\"112\" \/>Un livre sonore joyeux pour accompagner les enfants pendant l\u2019\u00e9t\u00e9 !<br data-start=\"179\" data-end=\"182\" \/>D\u00e9couvrez <strong data-start=\"192\" data-end=\"220\">6 comptines entra\u00eenantes<\/strong> \u00e0 \u00e9couter, chanter et mimer, parfaites pour se mettre dans l\u2019ambiance des vacances. Un excellent moyen de d\u00e9velopper le sens du rythme, enrichir le vocabulaire et partager des moments complices en famille.<\/p>\n<p data-start=\"428\" data-end=\"451\">\ud83c\udfb6 <strong data-start=\"431\" data-end=\"449\">Au programme :<\/strong><\/p>\n<ul data-start=\"452\" data-end=\"597\">\n<li data-start=\"452\" data-end=\"477\">\n<p data-start=\"454\" data-end=\"477\">\u00c0 la p\u00eache aux moules<\/p>\n<\/li>\n<li data-start=\"478\" data-end=\"499\">\n<p data-start=\"480\" data-end=\"499\">Gentil coquelicot<\/p>\n<\/li>\n<li data-start=\"500\" data-end=\"521\">\n<p data-start=\"502\" data-end=\"521\">Bateau, sur l\u2019eau<\/p>\n<\/li>\n<li data-start=\"522\" data-end=\"540\">\n<p data-start=\"524\" data-end=\"540\">Petit escargot<\/p>\n<\/li>\n<li data-start=\"541\" data-end=\"564\">\n<p data-start=\"543\" data-end=\"564\">Un kilom\u00e8tre \u00e0 pied<\/p>\n<\/li>\n<li data-start=\"565\" data-end=\"597\">\n<p data-start=\"567\" data-end=\"597\">Promenons-nous dans les bois<\/p>\n<\/li>\n<\/ul>\n<p data-start=\"599\" data-end=\"733\">\ud83d\udcd8 Des textes simples, faciles \u00e0 m\u00e9moriser, pour apprendre en s\u2019amusant !<br data-start=\"672\" data-end=\"675\" \/>\u00c0 emporter partout, en voiture, \u00e0 la plage ou \u00e0 la maison.<\/p>\n","protected":false},"excerpt":{"rendered":"<p data-start=\"83\" data-end=\"240\">\ud83c\udfb5 <strong data-start=\"86\" data-end=\"116\">Mes comptines des vacances<\/strong><br data-start=\"116\" data-end=\"119\" \/>6 comptines joyeuses pour chanter tout l\u2019\u00e9t\u00e9 ! \u2600\ufe0f<br data-start=\"168\" data-end=\"171\" \/>Un livre sonore id\u00e9al pour s\u2019amuser, apprendre et voyager en musique.<\/p>\n<p data-start=\"242\" data-end=\"354\">\ud83c\udfb6 Avec :<br data-start=\"251\" data-end=\"254\" \/>\u00c0 la p\u00eache aux moules \u2022 Bateau, sur l\u2019eau \u2022 Petit escargot\u2026 et plus encore !<br data-start=\"330\" data-end=\"333\" \/>Parfait d\u00e8s 1 an \ud83e\uddd2\ud83d\udc9b<\/p>\n","protected":false},"featured_media":23980,"comment_status":"open","ping_status":"closed","template":"","meta":{"inline_featured_image":false},"product_cat":[3944,197],"product_tag":[],"class_list":{"0":"post-23978","1":"product","2":"type-product","3":"status-publish","4":"has-post-thumbnail","6":"product_cat-les-livres-sonore-francais","7":"product_cat-livre-sonore","9":"first","10":"instock","11":"shipping-taxable","12":"purchasable","13":"product-type-simple"},"_links":{"self":[{"href":"https:\/\/baralivres.ma\/index.php?rest_route=\/wp\/v2\/product\/23978","targetHints":{"allow":["GET"]}}],"collection":[{"href":"https:\/\/baralivres.ma\/index.php?rest_route=\/wp\/v2\/product"}],"about":[{"href":"https:\/\/baralivres.ma\/index.php?rest_route=\/wp\/v2\/types\/product"}],"replies":[{"embeddable":true,"href":"https:\/\/baralivres.ma\/index.php?rest_route=%2Fwp%2Fv2%2Fcomments&post=23978"}],"version-history":[{"count":1,"href":"https:\/\/baralivres.ma\/index.php?rest_route=\/wp\/v2\/product\/23978\/revisions"}],"predecessor-version":[{"id":23983,"href":"https:\/\/baralivres.ma\/index.php?rest_route=\/wp\/v2\/product\/23978\/revisions\/23983"}],"wp:featuredmedia":[{"embeddable":true,"href":"https:\/\/baralivres.ma\/index.php?rest_route=\/wp\/v2\/media\/23980"}],"wp:attachment":[{"href":"https:\/\/baralivres.ma\/index.php?rest_route=%2Fwp%2Fv2%2Fmedia&parent=23978"}],"wp:term":[{"taxonomy":"product_cat","embeddable":true,"href":"https:\/\/baralivres.ma\/index.php?rest_route=%2Fwp%2Fv2%2Fproduct_cat&post=23978"},{"taxonomy":"product_tag","embeddable":true,"href":"https:\/\/baralivres.ma\/index.php?rest_route=%2Fwp%2Fv2%2Fproduct_tag&post=23978"}],"curies":[{"name":"wp","href":"https:\/\/api.w.org\/{rel}","templated":true}]}}