{"id":23952,"date":"2025-06-24T15:24:25","date_gmt":"2025-06-24T14:24:25","guid":{"rendered":"https:\/\/baralivres.ma\/?post_type=product&#038;p=23952"},"modified":"2025-06-24T15:24:25","modified_gmt":"2025-06-24T14:24:25","slug":"veiller-sur-elle","status":"publish","type":"product","link":"https:\/\/baralivres.ma\/?product=veiller-sur-elle","title":{"rendered":"VEILLER SUR ELLE"},"content":{"rendered":"<h3 data-start=\"72\" data-end=\"143\"><strong data-start=\"76\" data-end=\"96\">Veiller sur elle<\/strong> \u2013 <em data-start=\"99\" data-end=\"121\">Jean-Baptiste Andrea<\/em><\/h3>\n<p data-start=\"145\" data-end=\"502\">Un roman bouleversant sur l\u2019amour, l\u2019art et le destin. Dans l\u2019Italie du XXe si\u00e8cle, Mimo, sculpteur de g\u00e9nie, et Viola, jeune femme libre et rebelle, vont nouer un lien ind\u00e9fectible, au-del\u00e0 des conventions et des \u00e9poques. \u00c0 travers leur histoire, Jean-Baptiste Andrea signe une fresque magnifique, \u00e9mouvante et intemporelle, couronn\u00e9e par le Prix Goncourt.<\/p>\n<p data-start=\"504\" data-end=\"579\">\ud83d\udcda Un chef-d\u2019\u0153uvre sur la passion, la libert\u00e9 et le pouvoir de la cr\u00e9ation.<\/p>\n","protected":false},"excerpt":{"rendered":"<p>\u2728 <strong data-start=\"71\" data-end=\"91\">Veiller sur elle<\/strong>\u00a0<br data-start=\"112\" data-end=\"115\" \/>Un roman puissant sur l\u2019amour, l\u2019art et la libert\u00e9. Une fresque \u00e9mouvante entre un sculpteur et une femme hors du commun. \ud83d\udcab<\/p>\n","protected":false},"featured_media":23953,"comment_status":"open","ping_status":"closed","template":"","meta":{"inline_featured_image":false},"product_cat":[3873,143],"product_tag":[],"class_list":{"0":"post-23952","1":"product","2":"type-product","3":"status-publish","4":"has-post-thumbnail","6":"product_cat-roman-en-francais","7":"product_cat-roman","8":"pa_auteurs-jean-baptiste-andrea","10":"first","11":"instock","12":"shipping-taxable","13":"purchasable","14":"product-type-simple"},"_links":{"self":[{"href":"https:\/\/baralivres.ma\/index.php?rest_route=\/wp\/v2\/product\/23952","targetHints":{"allow":["GET"]}}],"collection":[{"href":"https:\/\/baralivres.ma\/index.php?rest_route=\/wp\/v2\/product"}],"about":[{"href":"https:\/\/baralivres.ma\/index.php?rest_route=\/wp\/v2\/types\/product"}],"replies":[{"embeddable":true,"href":"https:\/\/baralivres.ma\/index.php?rest_route=%2Fwp%2Fv2%2Fcomments&post=23952"}],"version-history":[{"count":1,"href":"https:\/\/baralivres.ma\/index.php?rest_route=\/wp\/v2\/product\/23952\/revisions"}],"predecessor-version":[{"id":23954,"href":"https:\/\/baralivres.ma\/index.php?rest_route=\/wp\/v2\/product\/23952\/revisions\/23954"}],"wp:featuredmedia":[{"embeddable":true,"href":"https:\/\/baralivres.ma\/index.php?rest_route=\/wp\/v2\/media\/23953"}],"wp:attachment":[{"href":"https:\/\/baralivres.ma\/index.php?rest_route=%2Fwp%2Fv2%2Fmedia&parent=23952"}],"wp:term":[{"taxonomy":"product_cat","embeddable":true,"href":"https:\/\/baralivres.ma\/index.php?rest_route=%2Fwp%2Fv2%2Fproduct_cat&post=23952"},{"taxonomy":"product_tag","embeddable":true,"href":"https:\/\/baralivres.ma\/index.php?rest_route=%2Fwp%2Fv2%2Fproduct_tag&post=23952"}],"curies":[{"name":"wp","href":"https:\/\/api.w.org\/{rel}","templated":true}]}}