{"id":23833,"date":"2025-05-19T10:27:29","date_gmt":"2025-05-19T09:27:29","guid":{"rendered":"https:\/\/baralivres.ma\/?post_type=product&#038;p=23833"},"modified":"2025-05-19T10:27:29","modified_gmt":"2025-05-19T09:27:29","slug":"lis-et-decouvre-lespace","status":"publish","type":"product","link":"https:\/\/baralivres.ma\/?product=lis-et-decouvre-lespace","title":{"rendered":"Lis et D\u00e9couvre : L&rsquo;espace"},"content":{"rendered":"<p class=\"\" data-start=\"143\" data-end=\"242\"><strong data-start=\"143\" data-end=\"163\">Q-box \u2013 L\u2019Espace<\/strong> \ud83d\ude80<br data-start=\"166\" data-end=\"169\" \/>Une bo\u00eete ludique et brillante pour d\u00e9couvrir les myst\u00e8res de l\u2019univers !<\/p>\n<p class=\"\" data-start=\"244\" data-end=\"273\">\ud83c\udf1f <strong data-start=\"247\" data-end=\"269\">Contenu du coffret<\/strong> :<\/p>\n<ul data-start=\"274\" data-end=\"393\">\n<li class=\"\" data-start=\"274\" data-end=\"306\">\n<p class=\"\" data-start=\"276\" data-end=\"306\">1 livre illustr\u00e9 de 10 pages<\/p>\n<\/li>\n<li class=\"\" data-start=\"307\" data-end=\"332\">\n<p class=\"\" data-start=\"309\" data-end=\"332\">1 puzzle de 40 pi\u00e8ces<\/p>\n<\/li>\n<li class=\"\" data-start=\"333\" data-end=\"393\">\n<p class=\"\" data-start=\"335\" data-end=\"393\">10 figures spatiales \u00e0 assembler et \u00e0 placer sur le puzzle<\/p>\n<\/li>\n<\/ul>\n<p class=\"\" data-start=\"395\" data-end=\"430\">\ud83e\udde0 Un jeu \u00e9ducatif complet pour :<\/p>\n<ul data-start=\"431\" data-end=\"599\">\n<li class=\"\" data-start=\"431\" data-end=\"497\">\n<p class=\"\" data-start=\"433\" data-end=\"497\">Reconna\u00eetre les <strong data-start=\"449\" data-end=\"459\">formes<\/strong>, les <strong data-start=\"465\" data-end=\"477\">couleurs<\/strong>, les <strong data-start=\"483\" data-end=\"495\">chiffres<\/strong><\/p>\n<\/li>\n<li class=\"\" data-start=\"498\" data-end=\"534\">\n<p class=\"\" data-start=\"500\" data-end=\"534\">D\u00e9velopper la <strong data-start=\"514\" data-end=\"532\">motricit\u00e9 fine<\/strong><\/p>\n<\/li>\n<li class=\"\" data-start=\"535\" data-end=\"599\">\n<p class=\"\" data-start=\"537\" data-end=\"599\">Enrichir le <strong data-start=\"549\" data-end=\"564\">vocabulaire<\/strong> en associant les mots aux images<\/p>\n<\/li>\n<\/ul>\n<p class=\"\" data-start=\"601\" data-end=\"791\">\ud83d\udca1 Id\u00e9al d\u00e8s 3 ans, ce coffret invite les enfants \u00e0 explorer l\u2019espace de mani\u00e8re interactive et sensorielle.<br data-start=\"709\" data-end=\"712\" \/>Le puzzle devient un v\u00e9ritable d\u00e9cor \u00e0 personnaliser avec les figurines en 3D !<\/p>\n<p class=\"\" data-start=\"793\" data-end=\"930\">\u2728 Pr\u00e9sent\u00e9e dans une bo\u00eete d\u00e9cor\u00e9e de d\u00e9tails iridescents, la Q-box est aussi belle qu\u2019\u00e9ducative \u2014 un cadeau parfait pour petits curieux.<\/p>\n","protected":false},"excerpt":{"rendered":"<p>\u2728 Une id\u00e9e cadeau originale, pleine de surprises !<\/p>\n","protected":false},"featured_media":23834,"comment_status":"open","ping_status":"closed","template":"","meta":{"inline_featured_image":false},"product_cat":[3875,201,200],"product_tag":[],"class_list":{"0":"post-23833","1":"product","2":"type-product","3":"status-publish","4":"has-post-thumbnail","6":"product_cat-coffret-francais","7":"product_cat-coffret","8":"product_cat-activites","10":"first","11":"instock","12":"shipping-taxable","13":"purchasable","14":"product-type-simple"},"_links":{"self":[{"href":"https:\/\/baralivres.ma\/index.php?rest_route=\/wp\/v2\/product\/23833","targetHints":{"allow":["GET"]}}],"collection":[{"href":"https:\/\/baralivres.ma\/index.php?rest_route=\/wp\/v2\/product"}],"about":[{"href":"https:\/\/baralivres.ma\/index.php?rest_route=\/wp\/v2\/types\/product"}],"replies":[{"embeddable":true,"href":"https:\/\/baralivres.ma\/index.php?rest_route=%2Fwp%2Fv2%2Fcomments&post=23833"}],"version-history":[{"count":1,"href":"https:\/\/baralivres.ma\/index.php?rest_route=\/wp\/v2\/product\/23833\/revisions"}],"predecessor-version":[{"id":23839,"href":"https:\/\/baralivres.ma\/index.php?rest_route=\/wp\/v2\/product\/23833\/revisions\/23839"}],"wp:featuredmedia":[{"embeddable":true,"href":"https:\/\/baralivres.ma\/index.php?rest_route=\/wp\/v2\/media\/23834"}],"wp:attachment":[{"href":"https:\/\/baralivres.ma\/index.php?rest_route=%2Fwp%2Fv2%2Fmedia&parent=23833"}],"wp:term":[{"taxonomy":"product_cat","embeddable":true,"href":"https:\/\/baralivres.ma\/index.php?rest_route=%2Fwp%2Fv2%2Fproduct_cat&post=23833"},{"taxonomy":"product_tag","embeddable":true,"href":"https:\/\/baralivres.ma\/index.php?rest_route=%2Fwp%2Fv2%2Fproduct_tag&post=23833"}],"curies":[{"name":"wp","href":"https:\/\/api.w.org\/{rel}","templated":true}]}}