{"id":23797,"date":"2025-05-17T10:27:11","date_gmt":"2025-05-17T09:27:11","guid":{"rendered":"https:\/\/baralivres.ma\/?post_type=product&#038;p=23797"},"modified":"2025-05-17T10:27:11","modified_gmt":"2025-05-17T09:27:11","slug":"les-contraires-livre-de-10-pages-10-puzzles","status":"publish","type":"product","link":"https:\/\/baralivres.ma\/?product=les-contraires-livre-de-10-pages-10-puzzles","title":{"rendered":"Les contraires: Livre de 10 pages + 10 puzzles"},"content":{"rendered":"<p class=\"\" data-start=\"106\" data-end=\"152\">\ud83d\udcd8\u202fLes Contraires \u2013 Livre + 10 mini-puzzles \ud83e\udde9<\/p>\n<p class=\"\" data-start=\"154\" data-end=\"290\">D\u00e9couvre les contraires de mani\u00e8re ludique et interactive avec cette nouvelle \u00e9dition de la s\u00e9rie Puzzle 2 ! Ce coffret malin comprend :<\/p>\n<p class=\"\" data-start=\"292\" data-end=\"515\">\u2728 Un petit livre de 10 pages illustr\u00e9es pour apprendre les contraires avec des mots simples et des images claires.<br data-start=\"406\" data-end=\"409\" \/>\ud83e\udde9 10 mini-puzzles de deux pi\u00e8ces chacun pour associer chaque paire de contraires et bien les m\u00e9moriser.<\/p>\n<p class=\"\" data-start=\"517\" data-end=\"674\">Un jeu \u00e9ducatif id\u00e9al pour d\u00e9velopper \u00e0 la fois le vocabulaire de base et la motricit\u00e9 fine des enfants. Parfait pour les petites mains curieuses d\u00e8s 2 ans !<\/p>\n","protected":false},"excerpt":{"rendered":"<p>Apprends les contraires en t\u2019amusant ! Avec ce livre de 10 pages et ses 10 mini-puzzles, les enfants d\u00e9couvrent les notions oppos\u00e9es tout en d\u00e9veloppant leur motricit\u00e9 fine. Une activit\u00e9 ludique et \u00e9ducative d\u00e8s 2 ans ! \ud83e\udde9\ud83c\udf89<\/p>\n","protected":false},"featured_media":23798,"comment_status":"open","ping_status":"closed","template":"","meta":{"inline_featured_image":false},"product_cat":[3875,201,212,200],"product_tag":[],"class_list":{"0":"post-23797","1":"product","2":"type-product","3":"status-publish","4":"has-post-thumbnail","6":"product_cat-coffret-francais","7":"product_cat-coffret","8":"product_cat-puzzle","9":"product_cat-activites","11":"first","12":"instock","13":"shipping-taxable","14":"purchasable","15":"product-type-simple"},"_links":{"self":[{"href":"https:\/\/baralivres.ma\/index.php?rest_route=\/wp\/v2\/product\/23797","targetHints":{"allow":["GET"]}}],"collection":[{"href":"https:\/\/baralivres.ma\/index.php?rest_route=\/wp\/v2\/product"}],"about":[{"href":"https:\/\/baralivres.ma\/index.php?rest_route=\/wp\/v2\/types\/product"}],"replies":[{"embeddable":true,"href":"https:\/\/baralivres.ma\/index.php?rest_route=%2Fwp%2Fv2%2Fcomments&post=23797"}],"version-history":[{"count":1,"href":"https:\/\/baralivres.ma\/index.php?rest_route=\/wp\/v2\/product\/23797\/revisions"}],"predecessor-version":[{"id":23802,"href":"https:\/\/baralivres.ma\/index.php?rest_route=\/wp\/v2\/product\/23797\/revisions\/23802"}],"wp:featuredmedia":[{"embeddable":true,"href":"https:\/\/baralivres.ma\/index.php?rest_route=\/wp\/v2\/media\/23798"}],"wp:attachment":[{"href":"https:\/\/baralivres.ma\/index.php?rest_route=%2Fwp%2Fv2%2Fmedia&parent=23797"}],"wp:term":[{"taxonomy":"product_cat","embeddable":true,"href":"https:\/\/baralivres.ma\/index.php?rest_route=%2Fwp%2Fv2%2Fproduct_cat&post=23797"},{"taxonomy":"product_tag","embeddable":true,"href":"https:\/\/baralivres.ma\/index.php?rest_route=%2Fwp%2Fv2%2Fproduct_tag&post=23797"}],"curies":[{"name":"wp","href":"https:\/\/api.w.org\/{rel}","templated":true}]}}