{"id":23761,"date":"2025-05-17T09:35:16","date_gmt":"2025-05-17T08:35:16","guid":{"rendered":"https:\/\/baralivres.ma\/?post_type=product&#038;p=23761"},"modified":"2025-05-17T09:35:16","modified_gmt":"2025-05-17T08:35:16","slug":"on-est-foutu-les-enfants-pensent-trop","status":"publish","type":"product","link":"https:\/\/baralivres.ma\/?product=on-est-foutu-les-enfants-pensent-trop","title":{"rendered":"On est foutu, les enfants pensent trop"},"content":{"rendered":"<p><strong data-start=\"95\" data-end=\"141\">\u00ab On est foutu, les enfants pensent trop \u00bb<\/strong> de Dr Serge Marquis explore avec lucidit\u00e9 les effets de la surstimulation mentale chez les enfants. Trop de pression, trop d\u2019exigences intellectuelles peuvent g\u00e9n\u00e9rer stress, anxi\u00e9t\u00e9 et fatigue chez nos petits. Ce livre invite \u00e0 ralentir, \u00e0 laisser les enfants vivre leurs \u00e9motions librement, et \u00e0 cr\u00e9er un environnement apaisant pour leur \u00e9panouissement naturel. Un incontournable pour tous les parents et \u00e9ducateurs qui souhaitent pr\u00e9server la joie et la simplicit\u00e9 de l\u2019enfance.<\/p>\n","protected":false},"excerpt":{"rendered":"<p>Un ouvrage essentiel pour parents, \u00e9ducateurs et tous ceux qui souhaitent offrir aux enfants la libert\u00e9 d\u2019\u00eatre simplement des enfants, sans pression excessive ni surmenage mental.<\/p>\n","protected":false},"featured_media":23763,"comment_status":"open","ping_status":"closed","template":"","meta":{"inline_featured_image":false},"product_cat":[3896,91],"product_tag":[],"class_list":{"0":"post-23761","1":"product","2":"type-product","3":"status-publish","4":"has-post-thumbnail","6":"product_cat-developpement-francais","7":"product_cat-developpement","8":"pa_auteurs-dr-serge-marquis","10":"first","11":"instock","12":"shipping-taxable","13":"purchasable","14":"product-type-simple"},"_links":{"self":[{"href":"https:\/\/baralivres.ma\/index.php?rest_route=\/wp\/v2\/product\/23761","targetHints":{"allow":["GET"]}}],"collection":[{"href":"https:\/\/baralivres.ma\/index.php?rest_route=\/wp\/v2\/product"}],"about":[{"href":"https:\/\/baralivres.ma\/index.php?rest_route=\/wp\/v2\/types\/product"}],"replies":[{"embeddable":true,"href":"https:\/\/baralivres.ma\/index.php?rest_route=%2Fwp%2Fv2%2Fcomments&post=23761"}],"version-history":[{"count":1,"href":"https:\/\/baralivres.ma\/index.php?rest_route=\/wp\/v2\/product\/23761\/revisions"}],"predecessor-version":[{"id":23764,"href":"https:\/\/baralivres.ma\/index.php?rest_route=\/wp\/v2\/product\/23761\/revisions\/23764"}],"wp:featuredmedia":[{"embeddable":true,"href":"https:\/\/baralivres.ma\/index.php?rest_route=\/wp\/v2\/media\/23763"}],"wp:attachment":[{"href":"https:\/\/baralivres.ma\/index.php?rest_route=%2Fwp%2Fv2%2Fmedia&parent=23761"}],"wp:term":[{"taxonomy":"product_cat","embeddable":true,"href":"https:\/\/baralivres.ma\/index.php?rest_route=%2Fwp%2Fv2%2Fproduct_cat&post=23761"},{"taxonomy":"product_tag","embeddable":true,"href":"https:\/\/baralivres.ma\/index.php?rest_route=%2Fwp%2Fv2%2Fproduct_tag&post=23761"}],"curies":[{"name":"wp","href":"https:\/\/api.w.org\/{rel}","templated":true}]}}