{"id":23734,"date":"2025-05-16T17:57:44","date_gmt":"2025-05-16T16:57:44","guid":{"rendered":"https:\/\/baralivres.ma\/?post_type=product&#038;p=23734"},"modified":"2025-05-16T17:57:45","modified_gmt":"2025-05-16T16:57:45","slug":"ma-petite-bibliotheque-des-emotions","status":"publish","type":"product","link":"https:\/\/baralivres.ma\/?product=ma-petite-bibliotheque-des-emotions","title":{"rendered":"Ma petite biblioth\u00e8que des \u00e9motions"},"content":{"rendered":"<p class=\"\" data-start=\"102\" data-end=\"492\">\ud83c\udf81 Ma petite biblioth\u00e8que des \u00e9motions est un adorable coffret qui invite les tout-petits \u00e0 d\u00e9couvrir, nommer et comprendre les \u00e9motions qui les traversent au quotidien. \u00c0 travers six petits livres joliment illustr\u00e9s \u2014 chacun consacr\u00e9 \u00e0 une \u00e9motion (l&rsquo;amour, la peur, la col\u00e8re, la joie, le chagrin et la fiert\u00e9) \u2014 votre enfant apprendra \u00e0 reconna\u00eetre ses ressentis et \u00e0 mieux les exprimer.<\/p>\n<p class=\"\" data-start=\"494\" data-end=\"630\">\u2728 Un outil pr\u00e9cieux pour accompagner le d\u00e9veloppement \u00e9motionnel des enfants d\u00e8s le plus jeune \u00e2ge, dans la bienveillance et la douceur.<\/p>\n","protected":false},"excerpt":{"rendered":"<p>\ud83d\udcda Ma petite biblioth\u00e8que des \u00e9motions \u2013 Un joli coffret contenant 6 petits livres pour aider les enfants \u00e0 reconna\u00eetre et comprendre leurs \u00e9motions : l\u2019amour, la peur, la col\u00e8re, la joie, le chagrin et la fiert\u00e9. Un outil ludique et bienveillant pour accompagner les tout-petits dans leur d\u00e9veloppement \u00e9motionnel<\/p>\n","protected":false},"featured_media":23735,"comment_status":"open","ping_status":"closed","template":"","meta":{"inline_featured_image":false},"product_cat":[3875,3950,201,198],"product_tag":[],"class_list":{"0":"post-23734","1":"product","2":"type-product","3":"status-publish","4":"has-post-thumbnail","6":"product_cat-coffret-francais","7":"product_cat-les-livres-cartonnes-francais","8":"product_cat-coffret","9":"product_cat-livres-animes","11":"first","12":"instock","13":"shipping-taxable","14":"purchasable","15":"product-type-simple"},"_links":{"self":[{"href":"https:\/\/baralivres.ma\/index.php?rest_route=\/wp\/v2\/product\/23734","targetHints":{"allow":["GET"]}}],"collection":[{"href":"https:\/\/baralivres.ma\/index.php?rest_route=\/wp\/v2\/product"}],"about":[{"href":"https:\/\/baralivres.ma\/index.php?rest_route=\/wp\/v2\/types\/product"}],"replies":[{"embeddable":true,"href":"https:\/\/baralivres.ma\/index.php?rest_route=%2Fwp%2Fv2%2Fcomments&post=23734"}],"version-history":[{"count":1,"href":"https:\/\/baralivres.ma\/index.php?rest_route=\/wp\/v2\/product\/23734\/revisions"}],"predecessor-version":[{"id":23738,"href":"https:\/\/baralivres.ma\/index.php?rest_route=\/wp\/v2\/product\/23734\/revisions\/23738"}],"wp:featuredmedia":[{"embeddable":true,"href":"https:\/\/baralivres.ma\/index.php?rest_route=\/wp\/v2\/media\/23735"}],"wp:attachment":[{"href":"https:\/\/baralivres.ma\/index.php?rest_route=%2Fwp%2Fv2%2Fmedia&parent=23734"}],"wp:term":[{"taxonomy":"product_cat","embeddable":true,"href":"https:\/\/baralivres.ma\/index.php?rest_route=%2Fwp%2Fv2%2Fproduct_cat&post=23734"},{"taxonomy":"product_tag","embeddable":true,"href":"https:\/\/baralivres.ma\/index.php?rest_route=%2Fwp%2Fv2%2Fproduct_tag&post=23734"}],"curies":[{"name":"wp","href":"https:\/\/api.w.org\/{rel}","templated":true}]}}