{"id":23715,"date":"2025-05-05T09:25:04","date_gmt":"2025-05-05T08:25:04","guid":{"rendered":"https:\/\/baralivres.ma\/?post_type=product&#038;p=23715"},"modified":"2025-05-05T09:25:04","modified_gmt":"2025-05-05T08:25:04","slug":"bonjour-le-corps","status":"publish","type":"product","link":"https:\/\/baralivres.ma\/?product=bonjour-le-corps","title":{"rendered":"Bonjour le corps"},"content":{"rendered":"<p class=\"\" data-start=\"117\" data-end=\"513\"><strong data-start=\"117\" data-end=\"161\">Bonjour le corps &#8211; L&rsquo;encyclo des petiots<\/strong> est un livre fascinant et ludique pour les petits curieux qui veulent tout savoir sur leur incroyable machine : le corps humain !<br data-start=\"291\" data-end=\"294\" \/>De la croissance du b\u00e9b\u00e9 dans le ventre de sa maman jusqu&rsquo;aux myst\u00e8res de la peau, des muscles, de l&rsquo;estomac et des s\u00e9cr\u00e9tions un peu rigolotes (et parfois \u00ab\u00a0cra-cra\u00a0\u00bb !), chaque page est une aventure pleine de surprises.<\/p>\n<p class=\"\" data-start=\"515\" data-end=\"712\">Gr\u00e2ce aux magnifiques illustrations de <strong data-start=\"554\" data-end=\"578\">Fabien \u00d6ckto Lambert<\/strong>, les enfants d\u00e9couvrent, apprennent et s\u2019amusent en explorant un sujet essentiel : mieux conna\u00eetre son corps pour mieux le respecter.<\/p>\n<p class=\"\" data-start=\"714\" data-end=\"991\">Le livre regorge d\u2019animations interactives : une roue \u00e0 tourner pour suivre le d\u00e9veloppement du b\u00e9b\u00e9, des volets \u00e0 soulever, et un grand <strong data-start=\"851\" data-end=\"871\">poster d\u00e9pliable<\/strong> avec d\u2019un c\u00f4t\u00e9 des records \u00e9tonnants du corps humain, et de l\u2019autre, une <strong data-start=\"945\" data-end=\"967\">planche d\u2019anatomie<\/strong> color\u00e9e et p\u00e9dagogique.<\/p>\n<p class=\"\" data-start=\"993\" data-end=\"1113\">Un incontournable pour \u00e9veiller la curiosit\u00e9 des enfants et leur donner envie de prendre soin d\u2019eux, tout en s\u2019amusant !<\/p>\n","protected":false},"excerpt":{"rendered":"<p class=\"\" data-start=\"98\" data-end=\"502\">\ud83d\udca1 <strong data-start=\"101\" data-end=\"145\">Bonjour le corps &#8211; L&rsquo;encyclo des petiots<\/strong><br data-start=\"145\" data-end=\"148\" \/>Un livre anim\u00e9, dr\u00f4le et \u00e9ducatif pour d\u00e9couvrir le corps humain de la t\u00eate aux pieds !<br data-start=\"235\" data-end=\"238\" \/>\ud83d\udc76 Suis le d\u00e9veloppement du b\u00e9b\u00e9, soul\u00e8ve des volets, d\u00e9plie un poster g\u00e9ant et apprends plein d&rsquo;infos rigolotes (m\u00eame un peu \u00ab\u00a0cra-cra\u00a0\u00bb !).<br data-start=\"377\" data-end=\"380\" \/>Illustr\u00e9 avec talent par <strong data-start=\"405\" data-end=\"429\">Fabien \u00d6ckto Lambert<\/strong>, ce livre aide les enfants \u00e0 mieux comprendre et respecter leur corps.<\/p>\n<p class=\"\" data-start=\"504\" data-end=\"558\">\ud83d\udcda Une lecture indispensable pour les petits curieux !<\/p>\n","protected":false},"featured_media":23716,"comment_status":"open","ping_status":"closed","template":"","meta":{"inline_featured_image":false},"product_cat":[3898,3706],"product_tag":[],"class_list":{"0":"post-23715","1":"product","2":"type-product","3":"status-publish","4":"has-post-thumbnail","6":"product_cat-encyclopedie_francais","7":"product_cat-encyclopedie-2","9":"first","10":"instock","11":"shipping-taxable","12":"purchasable","13":"product-type-simple"},"_links":{"self":[{"href":"https:\/\/baralivres.ma\/index.php?rest_route=\/wp\/v2\/product\/23715","targetHints":{"allow":["GET"]}}],"collection":[{"href":"https:\/\/baralivres.ma\/index.php?rest_route=\/wp\/v2\/product"}],"about":[{"href":"https:\/\/baralivres.ma\/index.php?rest_route=\/wp\/v2\/types\/product"}],"replies":[{"embeddable":true,"href":"https:\/\/baralivres.ma\/index.php?rest_route=%2Fwp%2Fv2%2Fcomments&post=23715"}],"version-history":[{"count":1,"href":"https:\/\/baralivres.ma\/index.php?rest_route=\/wp\/v2\/product\/23715\/revisions"}],"predecessor-version":[{"id":23720,"href":"https:\/\/baralivres.ma\/index.php?rest_route=\/wp\/v2\/product\/23715\/revisions\/23720"}],"wp:featuredmedia":[{"embeddable":true,"href":"https:\/\/baralivres.ma\/index.php?rest_route=\/wp\/v2\/media\/23716"}],"wp:attachment":[{"href":"https:\/\/baralivres.ma\/index.php?rest_route=%2Fwp%2Fv2%2Fmedia&parent=23715"}],"wp:term":[{"taxonomy":"product_cat","embeddable":true,"href":"https:\/\/baralivres.ma\/index.php?rest_route=%2Fwp%2Fv2%2Fproduct_cat&post=23715"},{"taxonomy":"product_tag","embeddable":true,"href":"https:\/\/baralivres.ma\/index.php?rest_route=%2Fwp%2Fv2%2Fproduct_tag&post=23715"}],"curies":[{"name":"wp","href":"https:\/\/api.w.org\/{rel}","templated":true}]}}