{"id":23690,"date":"2025-04-25T10:15:50","date_gmt":"2025-04-25T09:15:50","guid":{"rendered":"https:\/\/baralivres.ma\/?post_type=product&#038;p=23690"},"modified":"2025-04-25T10:15:51","modified_gmt":"2025-04-25T09:15:51","slug":"coffret-mes-premieres-recettes-avec-panpan-et-ses-amis","status":"publish","type":"product","link":"https:\/\/baralivres.ma\/?product=coffret-mes-premieres-recettes-avec-panpan-et-ses-amis","title":{"rendered":"Coffret &#8211; Mes Premi\u00e8res Recettes avec Panpan et ses amis"},"content":{"rendered":"<p class=\"\" data-start=\"57\" data-end=\"185\"><strong data-start=\"57\" data-end=\"117\">Coffret &#8211; Mes Premi\u00e8res Recettes avec Panpan et ses amis<\/strong><br data-start=\"117\" data-end=\"120\" \/>Un coffret gourmand et ludique pour les petits chefs en herbe !<\/p>\n<p class=\"\" data-start=\"187\" data-end=\"487\">Ce joli coffret contient un livre de <strong data-start=\"224\" data-end=\"247\">30 recettes sucr\u00e9es<\/strong> simples et savoureuses, parfaites pour initier les enfants \u00e0 la p\u00e2tisserie tout en s\u2019amusant. Accompagn\u00e9s de <strong data-start=\"357\" data-end=\"389\">Panpan et ses adorables amis<\/strong>, les petits pourront r\u00e9aliser cookies, pancakes, milkshakes, mini meringues et bien plus encore !<\/p>\n<p class=\"\" data-start=\"489\" data-end=\"689\">Pour rendre la cuisine encore plus amusante, le coffret inclut <strong data-start=\"552\" data-end=\"582\">3 emporte-pi\u00e8ces originaux<\/strong> en forme de <strong data-start=\"595\" data-end=\"604\">lapin<\/strong>, <strong data-start=\"606\" data-end=\"614\">ours<\/strong> et <strong data-start=\"618\" data-end=\"630\">papillon<\/strong>, id\u00e9als pour cr\u00e9er des biscuits aussi jolis que d\u00e9licieux.<\/p>\n<p class=\"\" data-start=\"691\" data-end=\"798\">\ud83c\udf6a <strong data-start=\"694\" data-end=\"738\">Un moment complice \u00e0 partager en famille<\/strong>, pour un go\u00fbter r\u00e9ussi ou un dessert plein de tendresse !<\/p>\n","protected":false},"excerpt":{"rendered":"<p>\ud83c\udf6a <strong data-start=\"68\" data-end=\"118\">Mes Premi\u00e8res Recettes avec Panpan et ses amis<\/strong> \ud83d\udc30<br data-start=\"121\" data-end=\"124\" \/>Un coffret trop mignon pour cuisiner en s\u2019amusant !<br data-start=\"175\" data-end=\"178\" \/>\ud83d\udcd6 30 recettes sucr\u00e9es + 3 emporte-pi\u00e8ces (lapin, ours, papillon)<br data-start=\"243\" data-end=\"246\" \/>Parfait pour des go\u00fbters gourmands \u00e0 partager en famille \ud83d\udc95<\/p>\n","protected":false},"featured_media":23691,"comment_status":"open","ping_status":"closed","template":"","meta":{"inline_featured_image":false},"product_cat":[3875,201,200],"product_tag":[],"class_list":{"0":"post-23690","1":"product","2":"type-product","3":"status-publish","4":"has-post-thumbnail","6":"product_cat-coffret-francais","7":"product_cat-coffret","8":"product_cat-activites","10":"first","11":"instock","12":"shipping-taxable","13":"purchasable","14":"product-type-simple"},"_links":{"self":[{"href":"https:\/\/baralivres.ma\/index.php?rest_route=\/wp\/v2\/product\/23690","targetHints":{"allow":["GET"]}}],"collection":[{"href":"https:\/\/baralivres.ma\/index.php?rest_route=\/wp\/v2\/product"}],"about":[{"href":"https:\/\/baralivres.ma\/index.php?rest_route=\/wp\/v2\/types\/product"}],"replies":[{"embeddable":true,"href":"https:\/\/baralivres.ma\/index.php?rest_route=%2Fwp%2Fv2%2Fcomments&post=23690"}],"version-history":[{"count":1,"href":"https:\/\/baralivres.ma\/index.php?rest_route=\/wp\/v2\/product\/23690\/revisions"}],"predecessor-version":[{"id":23696,"href":"https:\/\/baralivres.ma\/index.php?rest_route=\/wp\/v2\/product\/23690\/revisions\/23696"}],"wp:featuredmedia":[{"embeddable":true,"href":"https:\/\/baralivres.ma\/index.php?rest_route=\/wp\/v2\/media\/23691"}],"wp:attachment":[{"href":"https:\/\/baralivres.ma\/index.php?rest_route=%2Fwp%2Fv2%2Fmedia&parent=23690"}],"wp:term":[{"taxonomy":"product_cat","embeddable":true,"href":"https:\/\/baralivres.ma\/index.php?rest_route=%2Fwp%2Fv2%2Fproduct_cat&post=23690"},{"taxonomy":"product_tag","embeddable":true,"href":"https:\/\/baralivres.ma\/index.php?rest_route=%2Fwp%2Fv2%2Fproduct_tag&post=23690"}],"curies":[{"name":"wp","href":"https:\/\/api.w.org\/{rel}","templated":true}]}}