{"id":23655,"date":"2025-04-24T17:11:11","date_gmt":"2025-04-24T16:11:11","guid":{"rendered":"https:\/\/baralivres.ma\/?post_type=product&#038;p=23655"},"modified":"2025-04-24T17:19:15","modified_gmt":"2025-04-24T16:19:15","slug":"mes-premiers-imagiers-les-animaux-de-compagnie","status":"publish","type":"product","link":"https:\/\/baralivres.ma\/?product=mes-premiers-imagiers-les-animaux-de-compagnie","title":{"rendered":"Mes Premiers Imagiers &#8211; Les animaux de compagnie"},"content":{"rendered":"<p class=\"\" data-start=\"0\" data-end=\"378\"><em data-start=\"0\" data-end=\"50\">Mes Premiers Imagiers &#8211; Les Animaux de Compagnie<\/em> est un livre d&rsquo;\u00e9veil destin\u00e9 aux tout-petits, id\u00e9al pour accompagner votre b\u00e9b\u00e9 dans ses premi\u00e8res d\u00e9couvertes du monde. Ce petit imagier tout-carton, con\u00e7u pour les petites mains, pr\u00e9sente des illustrations riches et color\u00e9es mettant en sc\u00e8ne les animaux de compagnie pr\u00e9f\u00e9r\u00e9s des enfants, avec des personnages Disney ador\u00e9s.<\/p>\n<p class=\"\" data-start=\"380\" data-end=\"769\">\u00c0 travers des sc\u00e8nes simples et ludiques, ce livre invite l&rsquo;enfant \u00e0 observer, rep\u00e9rer les diff\u00e9rents animaux et \u00e0 les nommer, tout en d\u00e9veloppant ses premi\u00e8res comp\u00e9tences en vocabulaire. Les coins ronds du livre assurent une prise en main facile et s\u00e9curis\u00e9e, parfait pour les jeunes lecteurs. Un outil \u00e9ducatif et amusant pour \u00e9veiller l\u2019imagination de votre b\u00e9b\u00e9 d\u00e8s ses premiers mois.<\/p>\n","protected":false},"excerpt":{"rendered":"<p><em data-start=\"0\" data-end=\"50\" data-is-only-node=\"\">Mes Premiers Imagiers &#8211; Les Animaux de Compagnie<\/em> est un imagier tout-carton con\u00e7u pour les tout-petits. Gr\u00e2ce \u00e0 des illustrations Disney color\u00e9es, il aide votre b\u00e9b\u00e9 \u00e0 d\u00e9couvrir et nommer les animaux de compagnie tout en s&rsquo;amusant. Facile \u00e0 manipuler avec ses coins ronds, c&rsquo;est le compagnon id\u00e9al pour les premi\u00e8res d\u00e9couvertes de votre enfant.<\/p>\n","protected":false},"featured_media":23656,"comment_status":"open","ping_status":"closed","template":"","meta":{"inline_featured_image":false},"product_cat":[3950,198],"product_tag":[],"class_list":{"0":"post-23655","1":"product","2":"type-product","3":"status-publish","4":"has-post-thumbnail","6":"product_cat-les-livres-cartonnes-francais","7":"product_cat-livres-animes","9":"first","10":"instock","11":"shipping-taxable","12":"purchasable","13":"product-type-simple"},"_links":{"self":[{"href":"https:\/\/baralivres.ma\/index.php?rest_route=\/wp\/v2\/product\/23655","targetHints":{"allow":["GET"]}}],"collection":[{"href":"https:\/\/baralivres.ma\/index.php?rest_route=\/wp\/v2\/product"}],"about":[{"href":"https:\/\/baralivres.ma\/index.php?rest_route=\/wp\/v2\/types\/product"}],"replies":[{"embeddable":true,"href":"https:\/\/baralivres.ma\/index.php?rest_route=%2Fwp%2Fv2%2Fcomments&post=23655"}],"version-history":[{"count":1,"href":"https:\/\/baralivres.ma\/index.php?rest_route=\/wp\/v2\/product\/23655\/revisions"}],"predecessor-version":[{"id":23659,"href":"https:\/\/baralivres.ma\/index.php?rest_route=\/wp\/v2\/product\/23655\/revisions\/23659"}],"wp:featuredmedia":[{"embeddable":true,"href":"https:\/\/baralivres.ma\/index.php?rest_route=\/wp\/v2\/media\/23656"}],"wp:attachment":[{"href":"https:\/\/baralivres.ma\/index.php?rest_route=%2Fwp%2Fv2%2Fmedia&parent=23655"}],"wp:term":[{"taxonomy":"product_cat","embeddable":true,"href":"https:\/\/baralivres.ma\/index.php?rest_route=%2Fwp%2Fv2%2Fproduct_cat&post=23655"},{"taxonomy":"product_tag","embeddable":true,"href":"https:\/\/baralivres.ma\/index.php?rest_route=%2Fwp%2Fv2%2Fproduct_tag&post=23655"}],"curies":[{"name":"wp","href":"https:\/\/api.w.org\/{rel}","templated":true}]}}