{"id":23615,"date":"2025-04-24T16:01:16","date_gmt":"2025-04-24T15:01:16","guid":{"rendered":"https:\/\/baralivres.ma\/?post_type=product&#038;p=23615"},"modified":"2025-04-24T16:01:16","modified_gmt":"2025-04-24T15:01:16","slug":"raconte-moi-des-histoires-de-lespace","status":"publish","type":"product","link":"https:\/\/baralivres.ma\/?product=raconte-moi-des-histoires-de-lespace","title":{"rendered":"Raconte moi des histoires de l&rsquo;espace"},"content":{"rendered":"<p class=\"\" data-start=\"113\" data-end=\"303\">\u2728 <strong data-start=\"115\" data-end=\"156\">Raconte-moi des histoires de l\u2019espace<\/strong> \u2728<br data-start=\"158\" data-end=\"161\" \/>Embarquez pour un voyage intergalactique avec ce merveilleux recueil d\u2019histoires illustr\u00e9es qui plaira aux petits explorateurs de l\u2019espace !<\/p>\n<p class=\"\" data-start=\"305\" data-end=\"514\">Retrouvez les h\u00e9ros embl\u00e9matiques de l\u2019univers Disney et Pixar comme <strong data-start=\"374\" data-end=\"399\">WALL-E, Buzz l\u2019\u00c9clair<\/strong> ou encore <strong data-start=\"410\" data-end=\"420\">Stitch<\/strong>, dans <strong data-start=\"427\" data-end=\"454\">6 histoires palpitantes<\/strong> m\u00ealant \u00e9motions, aventures et d\u00e9couvertes dans les \u00e9toiles.<\/p>\n<p class=\"\" data-start=\"516\" data-end=\"1052\">\ud83d\ude80 <strong data-start=\"519\" data-end=\"535\">Au programme<\/strong> :<br data-start=\"537\" data-end=\"540\" \/>\ud83c\udf0c <em data-start=\"543\" data-end=\"565\">La Plan\u00e8te au tr\u00e9sor<\/em> \u2013 Revivez l&rsquo;histoire du film pleine de myst\u00e8res et de courage.<br data-start=\"628\" data-end=\"631\" \/>\ud83e\udd16 <em data-start=\"634\" data-end=\"663\">WALL-E : L\u2019histoire du film<\/em> \u2013 Suivez ce petit robot attachant dans sa mission unique.<br data-start=\"721\" data-end=\"724\" \/>\ud83e\uddf8 <em data-start=\"727\" data-end=\"767\" data-is-only-node=\"\">Toy Story : Une aventure dans l\u2019espace<\/em> \u2013 Buzz et ses amis dans une \u00e9pop\u00e9e cosmique.<br data-start=\"812\" data-end=\"815\" \/>\ud83c\udf0d <em data-start=\"818\" data-end=\"845\">WALL-E : Retour sur Terre<\/em> \u2013 Un retour plein d\u2019\u00e9motions et d\u2019espoir.<br data-start=\"887\" data-end=\"890\" \/>\ud83d\udc7d <em data-start=\"893\" data-end=\"930\">Lilo et Stitch : L\u2019histoire du film<\/em> \u2013 Une amiti\u00e9 extraordinaire venue des \u00e9toiles.<br data-start=\"977\" data-end=\"980\" \/>\ud83c\udf81 <em data-start=\"983\" data-end=\"1006\">Un cadeau pour WALL-E<\/em> \u2013 Une histoire tendre et pleine de surprises.<\/p>\n<p class=\"\" data-start=\"1054\" data-end=\"1199\">Avec de belles illustrations, ce livre est parfait pour les enfants d\u00e8s 4 ans, \u00e0 lire le soir avant de dormir ou pour s\u2019\u00e9vader au fil des pages !<\/p>\n<p class=\"\" data-start=\"1201\" data-end=\"1276\">\ud83c\udf1f Un cadeau id\u00e9al pour les passionn\u00e9s d\u2019aventures et d\u2019univers stellaires.<\/p>\n","protected":false},"excerpt":{"rendered":"<p>\ud83d\ude80 <strong data-start=\"66\" data-end=\"107\">Raconte-moi des histoires de l\u2019espace<\/strong> \ud83c\udf1f<br data-start=\"110\" data-end=\"113\" \/>Embarquez avec WALL-E, Buzz l\u2019\u00c9clair, Stitch et leurs amis dans 6 histoires captivantes sur le th\u00e8me de la peur et de l\u2019aventure spatiale !<br data-start=\"252\" data-end=\"255\" \/>\u2728 <em data-start=\"257\" data-end=\"279\">La Plan\u00e8te au tr\u00e9sor<\/em><br data-start=\"279\" data-end=\"282\" \/>\ud83e\udd16 <em data-start=\"285\" data-end=\"293\">WALL-E<\/em><br data-start=\"293\" data-end=\"296\" \/>\ud83e\uddf8 <em data-start=\"299\" data-end=\"310\">Toy Story<\/em><br data-start=\"310\" data-end=\"313\" \/>\ud83d\udc7d <em data-start=\"316\" data-end=\"332\">Lilo et Stitch<\/em><br data-start=\"332\" data-end=\"335\" \/>\ud83c\udf81 <em data-start=\"338\" data-end=\"361\">Un cadeau pour WALL-E<\/em><br data-start=\"361\" data-end=\"364\" \/>Des histoires illustr\u00e9es, parfaites pour les petits explorateurs d\u00e8s 4 ans ! \ud83c\udf0c<\/p>\n","protected":false},"featured_media":23616,"comment_status":"open","ping_status":"closed","template":"","meta":{"inline_featured_image":false},"product_cat":[3877,199],"product_tag":[],"class_list":{"0":"post-23615","1":"product","2":"type-product","3":"status-publish","4":"has-post-thumbnail","6":"product_cat-les-histoires-francais","7":"product_cat-histoires","9":"first","10":"instock","11":"shipping-taxable","12":"purchasable","13":"product-type-simple"},"_links":{"self":[{"href":"https:\/\/baralivres.ma\/index.php?rest_route=\/wp\/v2\/product\/23615","targetHints":{"allow":["GET"]}}],"collection":[{"href":"https:\/\/baralivres.ma\/index.php?rest_route=\/wp\/v2\/product"}],"about":[{"href":"https:\/\/baralivres.ma\/index.php?rest_route=\/wp\/v2\/types\/product"}],"replies":[{"embeddable":true,"href":"https:\/\/baralivres.ma\/index.php?rest_route=%2Fwp%2Fv2%2Fcomments&post=23615"}],"version-history":[{"count":1,"href":"https:\/\/baralivres.ma\/index.php?rest_route=\/wp\/v2\/product\/23615\/revisions"}],"predecessor-version":[{"id":23620,"href":"https:\/\/baralivres.ma\/index.php?rest_route=\/wp\/v2\/product\/23615\/revisions\/23620"}],"wp:featuredmedia":[{"embeddable":true,"href":"https:\/\/baralivres.ma\/index.php?rest_route=\/wp\/v2\/media\/23616"}],"wp:attachment":[{"href":"https:\/\/baralivres.ma\/index.php?rest_route=%2Fwp%2Fv2%2Fmedia&parent=23615"}],"wp:term":[{"taxonomy":"product_cat","embeddable":true,"href":"https:\/\/baralivres.ma\/index.php?rest_route=%2Fwp%2Fv2%2Fproduct_cat&post=23615"},{"taxonomy":"product_tag","embeddable":true,"href":"https:\/\/baralivres.ma\/index.php?rest_route=%2Fwp%2Fv2%2Fproduct_tag&post=23615"}],"curies":[{"name":"wp","href":"https:\/\/api.w.org\/{rel}","templated":true}]}}