{"id":23561,"date":"2025-04-17T14:48:13","date_gmt":"2025-04-17T13:48:13","guid":{"rendered":"https:\/\/baralivres.ma\/?post_type=product&#038;p=23561"},"modified":"2025-04-17T14:48:13","modified_gmt":"2025-04-17T13:48:13","slug":"les-disparus-du-pays-imaginaire","status":"publish","type":"product","link":"https:\/\/baralivres.ma\/?product=les-disparus-du-pays-imaginaire","title":{"rendered":"Les disparus du pays imaginaire"},"content":{"rendered":"<p><strong data-start=\"49\" data-end=\"84\">Les Disparus du Pays Imaginaire<\/strong> d\u2019Aiden Thomas est une r\u00e9\u00e9criture sombre de Peter Pan. Cinq ans apr\u00e8s la disparition de ses fr\u00e8res, Wendy Darling tente de reprendre une vie normale, mais de nouvelles disparitions d\u2019enfants la replongent dans son pass\u00e9. Lorsqu\u2019un myst\u00e9rieux gar\u00e7on nomm\u00e9 Peter r\u00e9appara\u00eet, les secrets de la for\u00eat et du Pays Imaginaire refont surface\u2026<\/p>\n","protected":false},"excerpt":{"rendered":"<p>Un roman poignant sur le deuil, la m\u00e9moire et les blessures invisibles, m\u00ealant fantastique et \u00e9motion.<\/p>\n","protected":false},"featured_media":23562,"comment_status":"open","ping_status":"closed","template":"","meta":{"inline_featured_image":false},"product_cat":[4326,3873,143],"product_tag":[],"class_list":{"0":"post-23561","1":"product","2":"type-product","3":"status-publish","4":"has-post-thumbnail","6":"product_cat-fantasy","7":"product_cat-roman-en-francais","8":"product_cat-roman","9":"pa_auteurs-aiden-thomas","11":"first","12":"instock","13":"shipping-taxable","14":"purchasable","15":"product-type-simple"},"_links":{"self":[{"href":"https:\/\/baralivres.ma\/index.php?rest_route=\/wp\/v2\/product\/23561","targetHints":{"allow":["GET"]}}],"collection":[{"href":"https:\/\/baralivres.ma\/index.php?rest_route=\/wp\/v2\/product"}],"about":[{"href":"https:\/\/baralivres.ma\/index.php?rest_route=\/wp\/v2\/types\/product"}],"replies":[{"embeddable":true,"href":"https:\/\/baralivres.ma\/index.php?rest_route=%2Fwp%2Fv2%2Fcomments&post=23561"}],"version-history":[{"count":1,"href":"https:\/\/baralivres.ma\/index.php?rest_route=\/wp\/v2\/product\/23561\/revisions"}],"predecessor-version":[{"id":23563,"href":"https:\/\/baralivres.ma\/index.php?rest_route=\/wp\/v2\/product\/23561\/revisions\/23563"}],"wp:featuredmedia":[{"embeddable":true,"href":"https:\/\/baralivres.ma\/index.php?rest_route=\/wp\/v2\/media\/23562"}],"wp:attachment":[{"href":"https:\/\/baralivres.ma\/index.php?rest_route=%2Fwp%2Fv2%2Fmedia&parent=23561"}],"wp:term":[{"taxonomy":"product_cat","embeddable":true,"href":"https:\/\/baralivres.ma\/index.php?rest_route=%2Fwp%2Fv2%2Fproduct_cat&post=23561"},{"taxonomy":"product_tag","embeddable":true,"href":"https:\/\/baralivres.ma\/index.php?rest_route=%2Fwp%2Fv2%2Fproduct_tag&post=23561"}],"curies":[{"name":"wp","href":"https:\/\/api.w.org\/{rel}","templated":true}]}}