{"id":23505,"date":"2025-04-17T11:05:08","date_gmt":"2025-04-17T10:05:08","guid":{"rendered":"https:\/\/baralivres.ma\/?post_type=product&#038;p=23505"},"modified":"2025-04-17T11:05:08","modified_gmt":"2025-04-17T10:05:08","slug":"reset-how-to-change-whats-not-working","status":"publish","type":"product","link":"https:\/\/baralivres.ma\/?product=reset-how-to-change-whats-not-working","title":{"rendered":"Reset: How to change what\u2019s not working"},"content":{"rendered":"<p><em data-start=\"0\" data-end=\"41\" data-is-only-node=\"\">Reset: How to Change What\u2019s Not Working<\/em> de Dan Heath propose des strat\u00e9gies pour op\u00e9rer des changements efficaces dans des syst\u00e8mes ou processus bloqu\u00e9s. \u00c0 travers des exemples concrets, l\u2019auteur explique comment identifier de petits points de levier pouvant avoir un impact majeur. Le livre offre des m\u00e9thodes pour cr\u00e9er un \u00e9lan, r\u00e9organiser les ressources, et am\u00e9liorer les r\u00e9sultats, tout en favorisant l\u2019autonomie et l\u2019apprentissage acc\u00e9l\u00e9r\u00e9. Id\u00e9al pour les leaders et toute personne cherchant \u00e0 surmonter les obstacles et \u00e0 am\u00e9liorer ses pratiques.<\/p>\n","protected":false},"excerpt":{"rendered":"<p><span class=\"relative -mx-px my-[-0.2rem] rounded px-px py-[0.2rem] transition-colors duration-100 ease-in-out\">Ce livre est id\u00e9al pour les managers, les entrepreneurs, les responsables RH, les enseignants ou toute personne souhaitant am\u00e9liorer ses habitudes et ses processus.<\/span> <span class=\"relative -mx-px my-[-0.2rem] rounded px-px py-[0.2rem] transition-colors duration-100 ease-in-out\">Il offre des outils concrets pour initier des changements efficaces sans n\u00e9cessiter de ressources suppl\u00e9mentaires.<\/span><\/p>\n","protected":false},"featured_media":23506,"comment_status":"open","ping_status":"closed","template":"","meta":{"inline_featured_image":false},"product_cat":[3897,91],"product_tag":[],"class_list":{"0":"post-23505","1":"product","2":"type-product","3":"status-publish","4":"has-post-thumbnail","6":"product_cat-developpement-anglais","7":"product_cat-developpement","8":"pa_auteurs-dan-heath","10":"first","11":"instock","12":"shipping-taxable","13":"purchasable","14":"product-type-simple"},"_links":{"self":[{"href":"https:\/\/baralivres.ma\/index.php?rest_route=\/wp\/v2\/product\/23505","targetHints":{"allow":["GET"]}}],"collection":[{"href":"https:\/\/baralivres.ma\/index.php?rest_route=\/wp\/v2\/product"}],"about":[{"href":"https:\/\/baralivres.ma\/index.php?rest_route=\/wp\/v2\/types\/product"}],"replies":[{"embeddable":true,"href":"https:\/\/baralivres.ma\/index.php?rest_route=%2Fwp%2Fv2%2Fcomments&post=23505"}],"version-history":[{"count":1,"href":"https:\/\/baralivres.ma\/index.php?rest_route=\/wp\/v2\/product\/23505\/revisions"}],"predecessor-version":[{"id":23507,"href":"https:\/\/baralivres.ma\/index.php?rest_route=\/wp\/v2\/product\/23505\/revisions\/23507"}],"wp:featuredmedia":[{"embeddable":true,"href":"https:\/\/baralivres.ma\/index.php?rest_route=\/wp\/v2\/media\/23506"}],"wp:attachment":[{"href":"https:\/\/baralivres.ma\/index.php?rest_route=%2Fwp%2Fv2%2Fmedia&parent=23505"}],"wp:term":[{"taxonomy":"product_cat","embeddable":true,"href":"https:\/\/baralivres.ma\/index.php?rest_route=%2Fwp%2Fv2%2Fproduct_cat&post=23505"},{"taxonomy":"product_tag","embeddable":true,"href":"https:\/\/baralivres.ma\/index.php?rest_route=%2Fwp%2Fv2%2Fproduct_tag&post=23505"}],"curies":[{"name":"wp","href":"https:\/\/api.w.org\/{rel}","templated":true}]}}