{"id":23430,"date":"2025-04-11T12:15:16","date_gmt":"2025-04-11T11:15:16","guid":{"rendered":"https:\/\/baralivres.ma\/?post_type=product&#038;p=23430"},"modified":"2025-04-11T12:15:16","modified_gmt":"2025-04-11T11:15:16","slug":"comment-optimiser-votre-intelligence","status":"publish","type":"product","link":"https:\/\/baralivres.ma\/?product=comment-optimiser-votre-intelligence","title":{"rendered":"Comment Optimiser Votre Intelligence"},"content":{"rendered":"<p><strong data-start=\"0\" data-end=\"42\" data-is-only-node=\"\">\u00ab\u00a0Comment Optimiser Votre Intelligence\u00a0\u00bb<\/strong> est un ouvrage qui vous invite \u00e0 d\u00e9couvrir des techniques et des strat\u00e9gies pour maximiser vos capacit\u00e9s intellectuelles. Ce livre explore des approches pratiques et bas\u00e9es sur la science pour am\u00e9liorer la m\u00e9moire, la concentration, la cr\u00e9ativit\u00e9 et la r\u00e9solution de probl\u00e8mes. L\u2019auteur propose des exercices et des conseils pour cultiver l\u2019intelligence \u00e9motionnelle et mentale, en int\u00e9grant des m\u00e9thodes issues de la psychologie, des neurosciences et de la gestion du stress. Accessible et motivant, ce livre est destin\u00e9 \u00e0 toute personne souhaitant am\u00e9liorer ses performances mentales au quotidien, que ce soit dans la vie personnelle ou professionnelle.<\/p>\n","protected":false},"excerpt":{"rendered":"<p><strong data-start=\"0\" data-end=\"42\" data-is-only-node=\"\">\u00ab\u00a0Comment Optimiser Votre Intelligence\u00a0\u00bb<\/strong> propose des techniques pratiques pour am\u00e9liorer la m\u00e9moire, la concentration, et la cr\u00e9ativit\u00e9. Bas\u00e9 sur la psychologie et les neurosciences, ce livre aide \u00e0 d\u00e9velopper l&rsquo;intelligence mentale et \u00e9motionnelle pour maximiser vos performances au quotidien.<\/p>\n","protected":false},"featured_media":23431,"comment_status":"open","ping_status":"closed","template":"","meta":{"inline_featured_image":false},"product_cat":[3896,91],"product_tag":[],"class_list":{"0":"post-23430","1":"product","2":"type-product","3":"status-publish","4":"has-post-thumbnail","6":"product_cat-developpement-francais","7":"product_cat-developpement","8":"pa_auteurs-daniel-goleman","10":"first","11":"instock","12":"shipping-taxable","13":"purchasable","14":"product-type-simple"},"_links":{"self":[{"href":"https:\/\/baralivres.ma\/index.php?rest_route=\/wp\/v2\/product\/23430","targetHints":{"allow":["GET"]}}],"collection":[{"href":"https:\/\/baralivres.ma\/index.php?rest_route=\/wp\/v2\/product"}],"about":[{"href":"https:\/\/baralivres.ma\/index.php?rest_route=\/wp\/v2\/types\/product"}],"replies":[{"embeddable":true,"href":"https:\/\/baralivres.ma\/index.php?rest_route=%2Fwp%2Fv2%2Fcomments&post=23430"}],"version-history":[{"count":1,"href":"https:\/\/baralivres.ma\/index.php?rest_route=\/wp\/v2\/product\/23430\/revisions"}],"predecessor-version":[{"id":23432,"href":"https:\/\/baralivres.ma\/index.php?rest_route=\/wp\/v2\/product\/23430\/revisions\/23432"}],"wp:featuredmedia":[{"embeddable":true,"href":"https:\/\/baralivres.ma\/index.php?rest_route=\/wp\/v2\/media\/23431"}],"wp:attachment":[{"href":"https:\/\/baralivres.ma\/index.php?rest_route=%2Fwp%2Fv2%2Fmedia&parent=23430"}],"wp:term":[{"taxonomy":"product_cat","embeddable":true,"href":"https:\/\/baralivres.ma\/index.php?rest_route=%2Fwp%2Fv2%2Fproduct_cat&post=23430"},{"taxonomy":"product_tag","embeddable":true,"href":"https:\/\/baralivres.ma\/index.php?rest_route=%2Fwp%2Fv2%2Fproduct_tag&post=23430"}],"curies":[{"name":"wp","href":"https:\/\/api.w.org\/{rel}","templated":true}]}}