{"id":23427,"date":"2025-04-11T12:09:32","date_gmt":"2025-04-11T11:09:32","guid":{"rendered":"https:\/\/baralivres.ma\/?post_type=product&#038;p=23427"},"modified":"2025-04-11T12:09:32","modified_gmt":"2025-04-11T11:09:32","slug":"la-saga-des-quatre-soldats-tome-1-et-2","status":"publish","type":"product","link":"https:\/\/baralivres.ma\/?product=la-saga-des-quatre-soldats-tome-1-et-2","title":{"rendered":"LA SAGA DES QUATRE SOLDATS TOME 1 ET 2"},"content":{"rendered":"<p><strong data-start=\"0\" data-end=\"44\" data-is-only-node=\"\">La saga des quatre soldats (Tomes 1 &amp; 2)<\/strong> suit l\u2019histoire de quatre jeunes soldats pendant une guerre d\u00e9vastatrice. Le premier tome pr\u00e9sente leurs luttes personnelles et leur camaraderie face aux horreurs du conflit. Le deuxi\u00e8me tome explore leur \u00e9volution, leurs relations complexes et les sacrifices qu&rsquo;ils doivent faire. \u00c0 travers des choix difficiles et des d\u00e9fis \u00e9motionnels, la saga met en lumi\u00e8re l\u2019amiti\u00e9, le courage et la r\u00e9silience dans un cadre de guerre impitoyable.<\/p>\n","protected":false},"excerpt":{"rendered":"<p><strong data-start=\"0\" data-end=\"30\" data-is-only-node=\"\">La saga des quatre soldats<\/strong> (Tomes 1 &amp; 2) suit les destins crois\u00e9s de quatre soldats pendant une p\u00e9riode de guerre. Chacun d&rsquo;eux est confront\u00e9 \u00e0 des \u00e9preuves personnelles et collectives, entre amiti\u00e9, amour et sacrifice. Un r\u00e9cit \u00e9mouvant et captivant, riche en suspense et en rebondissements.<\/p>\n","protected":false},"featured_media":23428,"comment_status":"open","ping_status":"closed","template":"","meta":{"inline_featured_image":false},"product_cat":[3873,143],"product_tag":[],"class_list":{"0":"post-23427","1":"product","2":"type-product","3":"status-publish","4":"has-post-thumbnail","6":"product_cat-roman-en-francais","7":"product_cat-roman","8":"pa_auteurs-elizabeth-hoyt","10":"first","11":"instock","12":"shipping-taxable","13":"purchasable","14":"product-type-simple"},"_links":{"self":[{"href":"https:\/\/baralivres.ma\/index.php?rest_route=\/wp\/v2\/product\/23427","targetHints":{"allow":["GET"]}}],"collection":[{"href":"https:\/\/baralivres.ma\/index.php?rest_route=\/wp\/v2\/product"}],"about":[{"href":"https:\/\/baralivres.ma\/index.php?rest_route=\/wp\/v2\/types\/product"}],"replies":[{"embeddable":true,"href":"https:\/\/baralivres.ma\/index.php?rest_route=%2Fwp%2Fv2%2Fcomments&post=23427"}],"version-history":[{"count":1,"href":"https:\/\/baralivres.ma\/index.php?rest_route=\/wp\/v2\/product\/23427\/revisions"}],"predecessor-version":[{"id":23429,"href":"https:\/\/baralivres.ma\/index.php?rest_route=\/wp\/v2\/product\/23427\/revisions\/23429"}],"wp:featuredmedia":[{"embeddable":true,"href":"https:\/\/baralivres.ma\/index.php?rest_route=\/wp\/v2\/media\/23428"}],"wp:attachment":[{"href":"https:\/\/baralivres.ma\/index.php?rest_route=%2Fwp%2Fv2%2Fmedia&parent=23427"}],"wp:term":[{"taxonomy":"product_cat","embeddable":true,"href":"https:\/\/baralivres.ma\/index.php?rest_route=%2Fwp%2Fv2%2Fproduct_cat&post=23427"},{"taxonomy":"product_tag","embeddable":true,"href":"https:\/\/baralivres.ma\/index.php?rest_route=%2Fwp%2Fv2%2Fproduct_tag&post=23427"}],"curies":[{"name":"wp","href":"https:\/\/api.w.org\/{rel}","templated":true}]}}