{"id":23283,"date":"2025-03-01T10:46:37","date_gmt":"2025-03-01T09:46:37","guid":{"rendered":"https:\/\/baralivres.ma\/?post_type=product&#038;p=23283"},"modified":"2025-03-01T12:27:08","modified_gmt":"2025-03-01T11:27:08","slug":"touch-and-feel-puzzle-and-book-set-dragon","status":"publish","type":"product","link":"https:\/\/baralivres.ma\/?product=touch-and-feel-puzzle-and-book-set-dragon","title":{"rendered":"Touch and Feel Puzzle and Book Set &#8211; Dragon"},"content":{"rendered":"<p>Le &lsquo;Touch and Feel Puzzle and Book Set &#8211; Dragon&rsquo; est un coffret \u00e9ducatif con\u00e7u pour les jeunes enfants. Il comprend cinq puzzles de 4 pi\u00e8ces chacun, repr\u00e9sentant des dragons, ainsi qu&rsquo;un livre cartonn\u00e9 servant de guide pour assembler les puzzles. Chaque puzzle est dot\u00e9 d&rsquo;une texture moelleuse et de pi\u00e8ces \u00e9paisses, adapt\u00e9es aux petites mains des enfants,Les puzzles mesurent 23 x 20 cm, et l&rsquo;ensemble est pr\u00e9sent\u00e9 dans une bo\u00eete munie d&rsquo;une poign\u00e9e en corde, facilitant le transport.<\/p>\n","protected":false},"excerpt":{"rendered":"<p>Le <em data-start=\"3\" data-end=\"48\">Touch and Feel Puzzle and Book Set &#8211; Dragon<\/em> est un coffret ludique pour enfants comprenant un livre cartonn\u00e9 et cinq puzzles textur\u00e9s de 4 pi\u00e8ces chacun, avec des dragons color\u00e9s. Id\u00e9al pour l&rsquo;\u00e9veil sensoriel et la motricit\u00e9 fine.<\/p>\n","protected":false},"featured_media":23284,"comment_status":"open","ping_status":"closed","template":"","meta":{"inline_featured_image":false},"product_cat":[3876,201,212,200],"product_tag":[],"class_list":{"0":"post-23283","1":"product","2":"type-product","3":"status-publish","4":"has-post-thumbnail","6":"product_cat-coffret-anglais","7":"product_cat-coffret","8":"product_cat-puzzle","9":"product_cat-activites","11":"first","12":"instock","13":"shipping-taxable","14":"purchasable","15":"product-type-simple"},"_links":{"self":[{"href":"https:\/\/baralivres.ma\/index.php?rest_route=\/wp\/v2\/product\/23283","targetHints":{"allow":["GET"]}}],"collection":[{"href":"https:\/\/baralivres.ma\/index.php?rest_route=\/wp\/v2\/product"}],"about":[{"href":"https:\/\/baralivres.ma\/index.php?rest_route=\/wp\/v2\/types\/product"}],"replies":[{"embeddable":true,"href":"https:\/\/baralivres.ma\/index.php?rest_route=%2Fwp%2Fv2%2Fcomments&post=23283"}],"version-history":[{"count":1,"href":"https:\/\/baralivres.ma\/index.php?rest_route=\/wp\/v2\/product\/23283\/revisions"}],"predecessor-version":[{"id":23287,"href":"https:\/\/baralivres.ma\/index.php?rest_route=\/wp\/v2\/product\/23283\/revisions\/23287"}],"wp:featuredmedia":[{"embeddable":true,"href":"https:\/\/baralivres.ma\/index.php?rest_route=\/wp\/v2\/media\/23284"}],"wp:attachment":[{"href":"https:\/\/baralivres.ma\/index.php?rest_route=%2Fwp%2Fv2%2Fmedia&parent=23283"}],"wp:term":[{"taxonomy":"product_cat","embeddable":true,"href":"https:\/\/baralivres.ma\/index.php?rest_route=%2Fwp%2Fv2%2Fproduct_cat&post=23283"},{"taxonomy":"product_tag","embeddable":true,"href":"https:\/\/baralivres.ma\/index.php?rest_route=%2Fwp%2Fv2%2Fproduct_tag&post=23283"}],"curies":[{"name":"wp","href":"https:\/\/api.w.org\/{rel}","templated":true}]}}