{"id":23247,"date":"2025-02-28T17:37:18","date_gmt":"2025-02-28T16:37:18","guid":{"rendered":"https:\/\/baralivres.ma\/?post_type=product&#038;p=23247"},"modified":"2025-02-28T17:37:35","modified_gmt":"2025-02-28T16:37:35","slug":"piano-book-smart-kids-itsy-bitsy-spider","status":"publish","type":"product","link":"https:\/\/baralivres.ma\/?product=piano-book-smart-kids-itsy-bitsy-spider","title":{"rendered":"PIANO BOOK SMART KIDS ITSY BITSY SPIDER"},"content":{"rendered":"<p data-start=\"0\" data-end=\"369\">Le <em data-start=\"3\" data-end=\"46\">Piano Book Smart Kids &#8211; Itsy Bitsy Spider<\/em> (r\u00e9f\u00e9rence : est un livre interactif et \u00e9ducatif qui permet aux enfants de d\u00e9couvrir la musique de mani\u00e8re ludique et enrichissante. Bas\u00e9 sur la c\u00e9l\u00e8bre comptine \u00ab\u00a0The Itsy Bitsy Spider\u00a0\u00bb, ce livre propose une approche originale pour apprendre \u00e0 jouer de la musique tout en suivant les paroles de la chanson.<\/p>\n<p data-start=\"371\" data-end=\"792\">Les enfants peuvent jouer des notes simples directement sur le clavier int\u00e9gr\u00e9, tout en chantant et en suivant le texte. Ce livre est con\u00e7u pour d\u00e9velopper la coordination, la reconnaissance des notes et l&rsquo;\u00e9coute musicale, tout en offrant une exp\u00e9rience sensorielle amusante et \u00e9ducative. Id\u00e9al pour les jeunes musiciens en herbe, ce livre stimule la cr\u00e9ativit\u00e9 et encourage l\u2019apprentissage musical d\u00e8s le plus jeune \u00e2ge.<\/p>\n","protected":false},"excerpt":{"rendered":"<p><em data-start=\"0\" data-end=\"43\" data-is-only-node=\"\">Piano Book Smart Kids &#8211; Itsy Bitsy Spider<\/em> (r\u00e9f. 9781786909268) est un livre interactif qui permet aux enfants d&rsquo;apprendre la musique de fa\u00e7on ludique. Avec un clavier int\u00e9gr\u00e9, ils peuvent jouer la c\u00e9l\u00e8bre chanson \u00ab\u00a0The Itsy Bitsy Spider\u00a0\u00bb tout en suivant les paroles. Ce livre stimule la coordination, la reconnaissance des notes et l&rsquo;\u00e9coute musicale, offrant une premi\u00e8re exp\u00e9rience amusante du piano.<\/p>\n","protected":false},"featured_media":23248,"comment_status":"open","ping_status":"closed","template":"","meta":{"inline_featured_image":false},"product_cat":[3944,197,200],"product_tag":[],"class_list":{"0":"post-23247","1":"product","2":"type-product","3":"status-publish","4":"has-post-thumbnail","6":"product_cat-les-livres-sonore-francais","7":"product_cat-livre-sonore","8":"product_cat-activites","10":"first","11":"instock","12":"shipping-taxable","13":"purchasable","14":"product-type-simple"},"_links":{"self":[{"href":"https:\/\/baralivres.ma\/index.php?rest_route=\/wp\/v2\/product\/23247","targetHints":{"allow":["GET"]}}],"collection":[{"href":"https:\/\/baralivres.ma\/index.php?rest_route=\/wp\/v2\/product"}],"about":[{"href":"https:\/\/baralivres.ma\/index.php?rest_route=\/wp\/v2\/types\/product"}],"replies":[{"embeddable":true,"href":"https:\/\/baralivres.ma\/index.php?rest_route=%2Fwp%2Fv2%2Fcomments&post=23247"}],"version-history":[{"count":2,"href":"https:\/\/baralivres.ma\/index.php?rest_route=\/wp\/v2\/product\/23247\/revisions"}],"predecessor-version":[{"id":23253,"href":"https:\/\/baralivres.ma\/index.php?rest_route=\/wp\/v2\/product\/23247\/revisions\/23253"}],"wp:featuredmedia":[{"embeddable":true,"href":"https:\/\/baralivres.ma\/index.php?rest_route=\/wp\/v2\/media\/23248"}],"wp:attachment":[{"href":"https:\/\/baralivres.ma\/index.php?rest_route=%2Fwp%2Fv2%2Fmedia&parent=23247"}],"wp:term":[{"taxonomy":"product_cat","embeddable":true,"href":"https:\/\/baralivres.ma\/index.php?rest_route=%2Fwp%2Fv2%2Fproduct_cat&post=23247"},{"taxonomy":"product_tag","embeddable":true,"href":"https:\/\/baralivres.ma\/index.php?rest_route=%2Fwp%2Fv2%2Fproduct_tag&post=23247"}],"curies":[{"name":"wp","href":"https:\/\/api.w.org\/{rel}","templated":true}]}}