{"id":23146,"date":"2025-02-26T17:06:53","date_gmt":"2025-02-26T16:06:53","guid":{"rendered":"https:\/\/baralivres.ma\/?post_type=product&#038;p=23146"},"modified":"2025-02-26T17:06:54","modified_gmt":"2025-02-26T16:06:54","slug":"le-loup-qui-voulait-changer-de-couleur","status":"publish","type":"product","link":"https:\/\/baralivres.ma\/?product=le-loup-qui-voulait-changer-de-couleur","title":{"rendered":"Le loup qui voulait changer de couleur"},"content":{"rendered":"<p data-start=\"0\" data-end=\"157\"><strong data-start=\"0\" data-end=\"42\">Le loup qui voulait changer de couleur<\/strong> est un album jeunesse amusant et color\u00e9, \u00e9crit par <strong data-start=\"94\" data-end=\"115\">Orianne Lallemand<\/strong> et illustr\u00e9 par <strong data-start=\"132\" data-end=\"154\">\u00c9l\u00e9onore Thuillier<\/strong>.<\/p>\n<p data-start=\"159\" data-end=\"509\">L\u2019histoire suit un loup qui, en se r\u00e9veillant un matin, est de tr\u00e8s m\u00e9chante humeur. Tout en noir, il ne se trouve pas beau et d\u00e9cide alors de changer de couleur ! Chaque jour de la semaine, il essaie une nouvelle teinte : vert, rouge, bleu, rose\u2026 Mais il r\u00e9alise vite que ce n\u2019est pas si simple et que chaque couleur apporte son lot de surprises !<\/p>\n<p data-start=\"511\" data-end=\"773\">\u00c0 travers cette aventure pleine d\u2019humour et de rebondissements, les enfants d\u00e9couvrent l\u2019importance de s\u2019accepter tel que l\u2019on est. Ce livre aux illustrations vives et expressives aide aussi \u00e0 apprendre les jours de la semaine et les couleurs de fa\u00e7on ludique.<\/p>\n<p data-start=\"775\" data-end=\"884\" data-is-last-node=\"\" data-is-only-node=\"\">Une lecture id\u00e9ale pour les petits, qui invite \u00e0 la fois au rire et \u00e0 la r\u00e9flexion sur l\u2019acceptation de soi !<\/p>\n","protected":false},"excerpt":{"rendered":"<p><strong data-start=\"0\" data-end=\"42\" data-is-only-node=\"\">Le loup qui voulait changer de couleur<\/strong> raconte l\u2019histoire d\u2019un loup qui ne se trouve pas beau en noir et d\u00e9cide d\u2019essayer une nouvelle couleur chaque jour de la semaine. Mais il d\u00e9couvre vite que ce n\u2019est pas si simple ! Un album amusant et color\u00e9 sur l\u2019acceptation de soi, parfait pour apprendre les couleurs et les jours de la semaine.<\/p>\n","protected":false},"featured_media":23147,"comment_status":"open","ping_status":"closed","template":"","meta":{"inline_featured_image":false},"product_cat":[4234],"product_tag":[],"class_list":{"0":"post-23146","1":"product","2":"type-product","3":"status-publish","4":"has-post-thumbnail","6":"product_cat-collection-de-le-loup","8":"first","9":"instock","10":"shipping-taxable","11":"purchasable","12":"product-type-simple"},"_links":{"self":[{"href":"https:\/\/baralivres.ma\/index.php?rest_route=\/wp\/v2\/product\/23146","targetHints":{"allow":["GET"]}}],"collection":[{"href":"https:\/\/baralivres.ma\/index.php?rest_route=\/wp\/v2\/product"}],"about":[{"href":"https:\/\/baralivres.ma\/index.php?rest_route=\/wp\/v2\/types\/product"}],"replies":[{"embeddable":true,"href":"https:\/\/baralivres.ma\/index.php?rest_route=%2Fwp%2Fv2%2Fcomments&post=23146"}],"version-history":[{"count":1,"href":"https:\/\/baralivres.ma\/index.php?rest_route=\/wp\/v2\/product\/23146\/revisions"}],"predecessor-version":[{"id":23150,"href":"https:\/\/baralivres.ma\/index.php?rest_route=\/wp\/v2\/product\/23146\/revisions\/23150"}],"wp:featuredmedia":[{"embeddable":true,"href":"https:\/\/baralivres.ma\/index.php?rest_route=\/wp\/v2\/media\/23147"}],"wp:attachment":[{"href":"https:\/\/baralivres.ma\/index.php?rest_route=%2Fwp%2Fv2%2Fmedia&parent=23146"}],"wp:term":[{"taxonomy":"product_cat","embeddable":true,"href":"https:\/\/baralivres.ma\/index.php?rest_route=%2Fwp%2Fv2%2Fproduct_cat&post=23146"},{"taxonomy":"product_tag","embeddable":true,"href":"https:\/\/baralivres.ma\/index.php?rest_route=%2Fwp%2Fv2%2Fproduct_tag&post=23146"}],"curies":[{"name":"wp","href":"https:\/\/api.w.org\/{rel}","templated":true}]}}