{"id":23106,"date":"2025-02-24T18:37:07","date_gmt":"2025-02-24T17:37:07","guid":{"rendered":"https:\/\/baralivres.ma\/?post_type=product&#038;p=23106"},"modified":"2025-02-24T18:37:08","modified_gmt":"2025-02-24T17:37:08","slug":"ma-premiere-fabrique-a-contes","status":"publish","type":"product","link":"https:\/\/baralivres.ma\/?product=ma-premiere-fabrique-a-contes","title":{"rendered":"Ma premi\u00e8re fabrique \u00e0 contes"},"content":{"rendered":"<p data-start=\"0\" data-end=\"35\"><strong data-start=\"0\" data-end=\"33\">Ma premi\u00e8re fabrique \u00e0 contes<\/strong><\/p>\n<p data-start=\"37\" data-end=\"329\">Offrez \u00e0 votre enfant une mani\u00e8re ludique et interactive de d\u00e9couvrir les contes classiques avec <strong data-start=\"134\" data-end=\"167\">Ma premi\u00e8re fabrique \u00e0 contes<\/strong> ! Ce coffret original permet aux petits de s\u2019immerger dans 6 histoires c\u00e9l\u00e8bres tout en d\u00e9veloppant leur compr\u00e9hension du r\u00e9cit et leur rep\u00e9rage dans le temps.<\/p>\n<p data-start=\"331\" data-end=\"546\">\ud83c\udfad <strong data-start=\"334\" data-end=\"384\">Un coffret complet pour apprendre en s\u2019amusant<\/strong> :<br data-start=\"386\" data-end=\"389\" \/>\ud83d\udcd6 Un <strong data-start=\"395\" data-end=\"413\">livre illustr\u00e9<\/strong> contenant <strong data-start=\"424\" data-end=\"448\" data-is-only-node=\"\">6 contes intemporels<\/strong><br data-start=\"448\" data-end=\"451\" \/>\ud83c\udfb2 <strong data-start=\"454\" data-end=\"475\">6 cubes illustr\u00e9s<\/strong> \u00e0 manipuler pour <strong data-start=\"493\" data-end=\"525\">reconstruire les \u00e9tapes cl\u00e9s<\/strong> de chaque histoire<\/p>\n<p data-start=\"548\" data-end=\"781\">En lisant le conte avec un adulte, l\u2019enfant apprend \u00e0 structurer une histoire et \u00e0 ordonner les \u00e9v\u00e9nements gr\u00e2ce aux cubes. Un excellent support p\u00e9dagogique qui favorise la m\u00e9moire, la logique et l\u2019autonomie d\u00e8s le plus jeune \u00e2ge !<\/p>\n<p data-start=\"783\" data-end=\"875\" data-is-last-node=\"\" data-is-only-node=\"\">\u2728 <strong data-start=\"785\" data-end=\"873\">Un cadeau id\u00e9al pour \u00e9veiller l\u2019imaginaire et accompagner l\u2019apprentissage du r\u00e9cit !<\/strong> \u2728<\/p>\n","protected":false},"excerpt":{"rendered":"<p data-start=\"0\" data-end=\"40\"><strong data-start=\"0\" data-end=\"33\">Ma premi\u00e8re fabrique \u00e0 contes<\/strong> \ud83c\udfad\ud83d\udcd6<\/p>\n<p data-start=\"42\" data-end=\"136\">Un coffret ludique pour d\u00e9couvrir 6 contes c\u00e9l\u00e8bres et apprendre \u00e0 structurer une histoire !<\/p>\n<p data-start=\"138\" data-end=\"250\">\ud83d\udd39 <strong data-start=\"141\" data-end=\"161\">1 livre illustr\u00e9<\/strong> avec 6 contes intemporels<br data-start=\"187\" data-end=\"190\" \/>\ud83d\udd39 <strong data-start=\"193\" data-end=\"214\" data-is-only-node=\"\">6 cubes illustr\u00e9s<\/strong> pour reconstruire les \u00e9tapes cl\u00e9s<\/p>\n<p data-start=\"252\" data-end=\"347\" data-is-last-node=\"\" data-is-only-node=\"\">Un jeu \u00e9ducatif id\u00e9al pour d\u00e9velopper le rep\u00e9rage dans le temps et l\u2019imaginaire des enfants ! \u2728<\/p>\n","protected":false},"featured_media":23107,"comment_status":"open","ping_status":"closed","template":"","meta":{"inline_featured_image":false},"product_cat":[4229,3875,201,212,200],"product_tag":[],"class_list":{"0":"post-23106","1":"product","2":"type-product","3":"status-publish","4":"has-post-thumbnail","6":"product_cat-bibliotheque_a_moins-cher","7":"product_cat-coffret-francais","8":"product_cat-coffret","9":"product_cat-puzzle","10":"product_cat-activites","12":"first","13":"instock","14":"sale","15":"shipping-taxable","16":"purchasable","17":"product-type-simple"},"_links":{"self":[{"href":"https:\/\/baralivres.ma\/index.php?rest_route=\/wp\/v2\/product\/23106","targetHints":{"allow":["GET"]}}],"collection":[{"href":"https:\/\/baralivres.ma\/index.php?rest_route=\/wp\/v2\/product"}],"about":[{"href":"https:\/\/baralivres.ma\/index.php?rest_route=\/wp\/v2\/types\/product"}],"replies":[{"embeddable":true,"href":"https:\/\/baralivres.ma\/index.php?rest_route=%2Fwp%2Fv2%2Fcomments&post=23106"}],"version-history":[{"count":2,"href":"https:\/\/baralivres.ma\/index.php?rest_route=\/wp\/v2\/product\/23106\/revisions"}],"predecessor-version":[{"id":23112,"href":"https:\/\/baralivres.ma\/index.php?rest_route=\/wp\/v2\/product\/23106\/revisions\/23112"}],"wp:featuredmedia":[{"embeddable":true,"href":"https:\/\/baralivres.ma\/index.php?rest_route=\/wp\/v2\/media\/23107"}],"wp:attachment":[{"href":"https:\/\/baralivres.ma\/index.php?rest_route=%2Fwp%2Fv2%2Fmedia&parent=23106"}],"wp:term":[{"taxonomy":"product_cat","embeddable":true,"href":"https:\/\/baralivres.ma\/index.php?rest_route=%2Fwp%2Fv2%2Fproduct_cat&post=23106"},{"taxonomy":"product_tag","embeddable":true,"href":"https:\/\/baralivres.ma\/index.php?rest_route=%2Fwp%2Fv2%2Fproduct_tag&post=23106"}],"curies":[{"name":"wp","href":"https:\/\/api.w.org\/{rel}","templated":true}]}}