{"id":23098,"date":"2025-02-22T11:44:51","date_gmt":"2025-02-22T10:44:51","guid":{"rendered":"https:\/\/baralivres.ma\/?post_type=product&#038;p=23098"},"modified":"2025-02-22T11:44:51","modified_gmt":"2025-02-22T10:44:51","slug":"le-prophete-muhammad","status":"publish","type":"product","link":"https:\/\/baralivres.ma\/?product=le-prophete-muhammad","title":{"rendered":"Le Proph\u00e8te Muhammad"},"content":{"rendered":"<p data-start=\"0\" data-end=\"596\"><em data-start=\"0\" data-end=\"22\">Le Proph\u00e8te Muhammad<\/em> de Martin Lings est une biographie narrative qui raconte la vie de Muhammad, le dernier proph\u00e8te de l&rsquo;Islam, avec une grande clart\u00e9 et accessibilit\u00e9. Ce livre pr\u00e9sente l\u2019histoire de sa naissance, de son enfance, de sa mission proph\u00e9tique, et de ses luttes pour r\u00e9pandre le message divin, tout en restant fid\u00e8le aux sources historiques et spirituelles. Lings r\u00e9ussit \u00e0 m\u00ealer les \u00e9v\u00e9nements de la vie de Muhammad avec une approche po\u00e9tique et respectueuse, ce qui rend cette biographie fascinante tant pour les musulmans que pour ceux qui souhaitent mieux comprendre l\u2019Islam.<\/p>\n<p data-start=\"598\" data-end=\"989\" data-is-last-node=\"\" data-is-only-node=\"\">\u00c0 travers ce r\u00e9cit, Lings pr\u00e9sente un Muhammad compatissant, juste et d\u00e9termin\u00e9, un guide spirituel et un leader pour ses compagnons, en illustrant ses qualit\u00e9s humaines et divines. Ce livre est appr\u00e9ci\u00e9 pour sa capacit\u00e9 \u00e0 humaniser le proph\u00e8te tout en respectant sa dimension sacr\u00e9e, ce qui en fait une lecture essentielle pour ceux qui cherchent \u00e0 comprendre la figure centrale de l\u2019Islam.<\/p>\n","protected":false},"excerpt":{"rendered":"<p><em data-start=\"0\" data-end=\"22\" data-is-only-node=\"\">Le Proph\u00e8te Muhammad<\/em> de Martin Lings est une biographie accessible et respectueuse de la vie de Muhammad. \u00c0 travers un r\u00e9cit clair et po\u00e9tique, l\u2019auteur retrace son enfance, sa mission proph\u00e9tique, et ses luttes pour diffuser le message de l\u2019Islam. Le livre met en lumi\u00e8re ses qualit\u00e9s humaines et spirituelles, offrant ainsi une vision \u00e9quilibr\u00e9e et profonde de cette figure centrale de la religion musulmane.<\/p>\n","protected":false},"featured_media":23099,"comment_status":"open","ping_status":"closed","template":"","meta":{"inline_featured_image":false},"product_cat":[3720,3725,3862,4214],"product_tag":[],"class_list":{"0":"post-23098","1":"product","2":"type-product","3":"status-publish","4":"has-post-thumbnail","6":"product_cat-litterature","7":"product_cat-litterature-religieuse","8":"product_cat-spiritualite","9":"product_cat-voyage-spirituel-pendant-le-ramadan","10":"pa_auteurs-martin-lings","12":"first","13":"instock","14":"shipping-taxable","15":"purchasable","16":"product-type-simple"},"_links":{"self":[{"href":"https:\/\/baralivres.ma\/index.php?rest_route=\/wp\/v2\/product\/23098","targetHints":{"allow":["GET"]}}],"collection":[{"href":"https:\/\/baralivres.ma\/index.php?rest_route=\/wp\/v2\/product"}],"about":[{"href":"https:\/\/baralivres.ma\/index.php?rest_route=\/wp\/v2\/types\/product"}],"replies":[{"embeddable":true,"href":"https:\/\/baralivres.ma\/index.php?rest_route=%2Fwp%2Fv2%2Fcomments&post=23098"}],"version-history":[{"count":1,"href":"https:\/\/baralivres.ma\/index.php?rest_route=\/wp\/v2\/product\/23098\/revisions"}],"predecessor-version":[{"id":23100,"href":"https:\/\/baralivres.ma\/index.php?rest_route=\/wp\/v2\/product\/23098\/revisions\/23100"}],"wp:featuredmedia":[{"embeddable":true,"href":"https:\/\/baralivres.ma\/index.php?rest_route=\/wp\/v2\/media\/23099"}],"wp:attachment":[{"href":"https:\/\/baralivres.ma\/index.php?rest_route=%2Fwp%2Fv2%2Fmedia&parent=23098"}],"wp:term":[{"taxonomy":"product_cat","embeddable":true,"href":"https:\/\/baralivres.ma\/index.php?rest_route=%2Fwp%2Fv2%2Fproduct_cat&post=23098"},{"taxonomy":"product_tag","embeddable":true,"href":"https:\/\/baralivres.ma\/index.php?rest_route=%2Fwp%2Fv2%2Fproduct_tag&post=23098"}],"curies":[{"name":"wp","href":"https:\/\/api.w.org\/{rel}","templated":true}]}}