{"id":23084,"date":"2025-02-22T11:02:27","date_gmt":"2025-02-22T10:02:27","guid":{"rendered":"https:\/\/baralivres.ma\/?post_type=product&#038;p=23084"},"modified":"2025-02-22T11:02:27","modified_gmt":"2025-02-22T10:02:27","slug":"quest-ce-que-la-philosophie-islamique","status":"publish","type":"product","link":"https:\/\/baralivres.ma\/?product=quest-ce-que-la-philosophie-islamique","title":{"rendered":"Qu&rsquo;est-ce que la philosophie islamique"},"content":{"rendered":"<p>\u00ab\u202fQu&rsquo;est-ce que la philosophie islamique\u202f?\u202f\u00bb est un ouvrage majeur de Christian Jambet, publi\u00e9 en 2011, qui explore en profondeur la nature et les sp\u00e9cificit\u00e9s de la philosophie en terre d&rsquo;Islam. Plut\u00f4t que de proposer une simple histoire chronologique, Jambet s&rsquo;attache \u00e0 d\u00e9gager une m\u00e9thode de pens\u00e9e et de connaissance propre \u00e0 cette tradition philosophique. Il met en lumi\u00e8re comment la philosophie islamique guide l&rsquo;\u00e2me dans un voyage de l&rsquo;irr\u00e9el au r\u00e9el, de l&rsquo;injuste au juste, du d\u00e9moniaque \u00e0 l&rsquo;ang\u00e9lique, et du mort au vivant. Ce parcours philosophique vise non seulement le bonheur individuel, mais surtout la qu\u00eate de la libert\u00e9 int\u00e9rieure, en conformit\u00e9 avec la condition divine, permettant \u00e0 l&rsquo;homme de se lib\u00e9rer de sa condition servile. Jambet souligne \u00e9galement l&rsquo;importance de la distinction entre le monde ext\u00e9rieur et le monde int\u00e9rieur, et comment cette diff\u00e9renciation ouvre la voie \u00e0 une religion int\u00e9rieure distincte du pouvoir civil. Ainsi, l&rsquo;islam philosophique appara\u00eet comme une ressource essentielle pour l&rsquo;id\u00e9e de libert\u00e9 au sein de la tradition islamique<\/p>\n","protected":false},"excerpt":{"rendered":"<p><strong data-start=\"0\" data-end=\"44\" data-is-only-node=\"\">Qu&rsquo;est-ce que la philosophie islamique ?<\/strong> de Christian Jambet explore la pens\u00e9e philosophique en terre d\u2019Islam, mettant en avant sa qu\u00eate de libert\u00e9 int\u00e9rieure et sa distinction entre monde int\u00e9rieur et pouvoir civil. L\u2019auteur analyse comment cette philosophie guide l\u2019\u00e2me vers la v\u00e9rit\u00e9 et la justice, offrant une perspective essentielle sur la tradition islamique.<\/p>\n","protected":false},"featured_media":23085,"comment_status":"open","ping_status":"closed","template":"","meta":{"inline_featured_image":false},"product_cat":[3725,3862,4214],"product_tag":[],"class_list":{"0":"post-23084","1":"product","2":"type-product","3":"status-publish","4":"has-post-thumbnail","6":"product_cat-litterature-religieuse","7":"product_cat-spiritualite","8":"product_cat-voyage-spirituel-pendant-le-ramadan","9":"pa_auteurs-christian-jambet","11":"first","12":"instock","13":"shipping-taxable","14":"purchasable","15":"product-type-simple"},"_links":{"self":[{"href":"https:\/\/baralivres.ma\/index.php?rest_route=\/wp\/v2\/product\/23084","targetHints":{"allow":["GET"]}}],"collection":[{"href":"https:\/\/baralivres.ma\/index.php?rest_route=\/wp\/v2\/product"}],"about":[{"href":"https:\/\/baralivres.ma\/index.php?rest_route=\/wp\/v2\/types\/product"}],"replies":[{"embeddable":true,"href":"https:\/\/baralivres.ma\/index.php?rest_route=%2Fwp%2Fv2%2Fcomments&post=23084"}],"version-history":[{"count":2,"href":"https:\/\/baralivres.ma\/index.php?rest_route=\/wp\/v2\/product\/23084\/revisions"}],"predecessor-version":[{"id":23087,"href":"https:\/\/baralivres.ma\/index.php?rest_route=\/wp\/v2\/product\/23084\/revisions\/23087"}],"wp:featuredmedia":[{"embeddable":true,"href":"https:\/\/baralivres.ma\/index.php?rest_route=\/wp\/v2\/media\/23085"}],"wp:attachment":[{"href":"https:\/\/baralivres.ma\/index.php?rest_route=%2Fwp%2Fv2%2Fmedia&parent=23084"}],"wp:term":[{"taxonomy":"product_cat","embeddable":true,"href":"https:\/\/baralivres.ma\/index.php?rest_route=%2Fwp%2Fv2%2Fproduct_cat&post=23084"},{"taxonomy":"product_tag","embeddable":true,"href":"https:\/\/baralivres.ma\/index.php?rest_route=%2Fwp%2Fv2%2Fproduct_tag&post=23084"}],"curies":[{"name":"wp","href":"https:\/\/api.w.org\/{rel}","templated":true}]}}