{"id":23082,"date":"2025-02-22T10:57:12","date_gmt":"2025-02-22T09:57:12","guid":{"rendered":"https:\/\/baralivres.ma\/?post_type=product&#038;p=23082"},"modified":"2026-02-14T10:04:48","modified_gmt":"2026-02-14T09:04:48","slug":"boris-godounov","status":"publish","type":"product","link":"https:\/\/baralivres.ma\/?product=boris-godounov","title":{"rendered":"Boris Godounov"},"content":{"rendered":"<p data-start=\"0\" data-end=\"220\"><strong data-start=\"0\" data-end=\"18\">Boris Godounov<\/strong> est une pi\u00e8ce de th\u00e9\u00e2tre \u00e9crite par <strong data-start=\"55\" data-end=\"78\">Alexandre Pouchkine<\/strong> en 1825. Inspir\u00e9e de faits historiques, elle retrace l\u2019ascension et la chute de <strong data-start=\"159\" data-end=\"177\">Boris Godounov<\/strong>, qui r\u00e9gna sur la Russie de 1598 \u00e0 1605.<\/p>\n<p data-start=\"222\" data-end=\"542\">L\u2019\u0153uvre s\u2019appuie sur les chroniques russes et met en sc\u00e8ne un pouvoir marqu\u00e9 par l\u2019usurpation, le doute et les complots. Apr\u00e8s la mort suspecte du jeune tsar\u00e9vitch Dimitri, Boris Godounov acc\u00e8de au tr\u00f4ne, mais son r\u00e8gne est troubl\u00e9 par des r\u00e9voltes et l\u2019apparition d\u2019un imposteur pr\u00e9tendant \u00eatre le v\u00e9ritable h\u00e9ritier.<\/p>\n<p data-start=\"544\" data-end=\"833\">\u00c9crite en vers et influenc\u00e9e par <strong data-start=\"577\" data-end=\"592\">Shakespeare<\/strong>, la pi\u00e8ce explore des th\u00e8mes tels que la l\u00e9gitimit\u00e9 du pouvoir, la culpabilit\u00e9 et le destin. Censur\u00e9e lors de sa publication, elle a gagn\u00e9 en notori\u00e9t\u00e9 au fil du temps et a notamment inspir\u00e9 l\u2019op\u00e9ra du m\u00eame nom de <strong data-start=\"807\" data-end=\"830\">Modeste Moussorgski<\/strong>.<\/p>\n<p data-start=\"835\" data-end=\"926\" data-is-last-node=\"\" data-is-only-node=\"\">C\u2019est un chef-d\u2019\u0153uvre du th\u00e9\u00e2tre russe, m\u00ealant drame politique et r\u00e9flexion sur le pouvoir.<\/p>\n","protected":false},"excerpt":{"rendered":"<p><strong data-start=\"0\" data-end=\"18\" data-is-only-node=\"\">Boris Godounov<\/strong> est une pi\u00e8ce d\u2019Alexandre Pouchkine inspir\u00e9e de l\u2019histoire de Russie. Elle retrace l\u2019ascension et la chute du tsar Boris Godounov, hant\u00e9 par le meurtre du tsar\u00e9vitch Dimitri et confront\u00e9 \u00e0 un imposteur revendiquant le tr\u00f4ne. M\u00ealant drame politique et r\u00e9flexion sur le pouvoir, cette \u0153uvre influenc\u00e9e par Shakespeare a inspir\u00e9 l\u2019op\u00e9ra de Moussorgski.<\/p>\n","protected":false},"featured_media":23088,"comment_status":"open","ping_status":"closed","template":"","meta":{"inline_featured_image":false},"product_cat":[3720,3725,3862,4214],"product_tag":[],"class_list":{"0":"post-23082","1":"product","2":"type-product","3":"status-publish","4":"has-post-thumbnail","6":"product_cat-litterature","7":"product_cat-litterature-religieuse","8":"product_cat-spiritualite","9":"product_cat-voyage-spirituel-pendant-le-ramadan","10":"pa_auteurs-alexandre-pouchkine","12":"first","13":"outofstock","14":"shipping-taxable","15":"purchasable","16":"product-type-simple"},"_links":{"self":[{"href":"https:\/\/baralivres.ma\/index.php?rest_route=\/wp\/v2\/product\/23082","targetHints":{"allow":["GET"]}}],"collection":[{"href":"https:\/\/baralivres.ma\/index.php?rest_route=\/wp\/v2\/product"}],"about":[{"href":"https:\/\/baralivres.ma\/index.php?rest_route=\/wp\/v2\/types\/product"}],"replies":[{"embeddable":true,"href":"https:\/\/baralivres.ma\/index.php?rest_route=%2Fwp%2Fv2%2Fcomments&post=23082"}],"version-history":[{"count":1,"href":"https:\/\/baralivres.ma\/index.php?rest_route=\/wp\/v2\/product\/23082\/revisions"}],"predecessor-version":[{"id":23083,"href":"https:\/\/baralivres.ma\/index.php?rest_route=\/wp\/v2\/product\/23082\/revisions\/23083"}],"wp:featuredmedia":[{"embeddable":true,"href":"https:\/\/baralivres.ma\/index.php?rest_route=\/wp\/v2\/media\/23088"}],"wp:attachment":[{"href":"https:\/\/baralivres.ma\/index.php?rest_route=%2Fwp%2Fv2%2Fmedia&parent=23082"}],"wp:term":[{"taxonomy":"product_cat","embeddable":true,"href":"https:\/\/baralivres.ma\/index.php?rest_route=%2Fwp%2Fv2%2Fproduct_cat&post=23082"},{"taxonomy":"product_tag","embeddable":true,"href":"https:\/\/baralivres.ma\/index.php?rest_route=%2Fwp%2Fv2%2Fproduct_tag&post=23082"}],"curies":[{"name":"wp","href":"https:\/\/api.w.org\/{rel}","templated":true}]}}