{"id":23054,"date":"2025-02-19T16:52:10","date_gmt":"2025-02-19T15:52:10","guid":{"rendered":"https:\/\/baralivres.ma\/?post_type=product&#038;p=23054"},"modified":"2025-02-24T18:09:01","modified_gmt":"2025-02-24T17:09:01","slug":"ecoute-et-cherche-les-animaux","status":"publish","type":"product","link":"https:\/\/baralivres.ma\/?product=ecoute-et-cherche-les-animaux","title":{"rendered":"Ecoute et cherche les animaux"},"content":{"rendered":"<div class=\"flex max-w-full flex-col flex-grow\">\n<div class=\"min-h-8 text-message flex w-full flex-col items-end gap-2 whitespace-normal break-words text-start [.text-message+&amp;]:mt-5\" dir=\"auto\" data-message-author-role=\"assistant\" data-message-id=\"c7831f63-e9a6-4594-9b0c-e7fcaff684ae\" data-message-model-slug=\"gpt-4o\">\n<div class=\"flex w-full flex-col gap-1 empty:hidden first:pt-[3px]\">\n<div class=\"markdown prose w-full break-words dark:prose-invert light\">\n<p data-start=\"0\" data-end=\"497\" data-is-last-node=\"\"><strong data-start=\"0\" data-end=\"33\">\u00c9coute et cherche les animaux<\/strong> est un album illustr\u00e9 con\u00e7u pour \u00e9veiller la curiosit\u00e9 des tout-petits et leur faire d\u00e9couvrir le monde fascinant des animaux. Gr\u00e2ce \u00e0 ses belles illustrations et \u00e0 ses <strong data-start=\"203\" data-end=\"229\">huit sons authentiques<\/strong>, les enfants apprendront \u00e0 reconna\u00eetre et \u00e0 associer chaque cri \u00e0 l\u2019animal correspondant. Une mani\u00e8re ludique et interactive d\u2019explorer la nature tout en d\u00e9veloppant leur sens de l\u2019observation et leur \u00e9coute. Un livre parfait pour les premiers apprentissages ! \ud83e\udd81\ud83d\udc26\ud83d\udc38<\/p>\n<\/div>\n<\/div>\n<\/div>\n<\/div>\n<div class=\"mb-2 flex gap-3 empty:hidden -ml-2\">\n<div class=\"items-center justify-start rounded-xl p-1 flex\">\n<div class=\"flex items-center\"><button class=\"rounded-lg text-token-text-secondary hover:bg-token-main-surface-secondary\" aria-label=\"Copier\" data-testid=\"copy-turn-action-button\"><\/button><\/p>\n<div class=\"flex\"><\/div>\n<p><button class=\"rounded-lg text-token-text-secondary hover:bg-token-main-surface-secondary\" aria-label=\"Read aloud\" data-testid=\"voice-play-turn-action-button\"><\/button><button class=\"rounded-lg text-token-text-secondary hover:bg-token-main-surface-secondary\" aria-label=\"Modifier dans le canevas\"><\/button><\/p>\n<div class=\"flex items-center pb-0\"><span class=\"overflow-hidden text-clip whitespace-nowrap text-sm\">4o<\/span><\/div>\n<\/div>\n<\/div>\n<\/div>\n","protected":false},"excerpt":{"rendered":"<p><strong data-start=\"0\" data-end=\"33\">\u00c9coute et cherche les animaux<\/strong> est un album illustr\u00e9 pour les tout-petits, avec huit sons d&rsquo;animaux \u00e0 \u00e9couter et \u00e0 associer \u00e0 leurs images. Une fa\u00e7on amusante d&rsquo;apprendre \u00e0 reconna\u00eetre les animaux !<\/p>\n","protected":false},"featured_media":23056,"comment_status":"open","ping_status":"closed","template":"","meta":{"inline_featured_image":false},"product_cat":[4229,3950,3944,197,198],"product_tag":[],"class_list":{"0":"post-23054","1":"product","2":"type-product","3":"status-publish","4":"has-post-thumbnail","6":"product_cat-bibliotheque_a_moins-cher","7":"product_cat-les-livres-cartonnes-francais","8":"product_cat-les-livres-sonore-francais","9":"product_cat-livre-sonore","10":"product_cat-livres-animes","12":"first","13":"instock","14":"sale","15":"shipping-taxable","16":"purchasable","17":"product-type-simple"},"_links":{"self":[{"href":"https:\/\/baralivres.ma\/index.php?rest_route=\/wp\/v2\/product\/23054","targetHints":{"allow":["GET"]}}],"collection":[{"href":"https:\/\/baralivres.ma\/index.php?rest_route=\/wp\/v2\/product"}],"about":[{"href":"https:\/\/baralivres.ma\/index.php?rest_route=\/wp\/v2\/types\/product"}],"replies":[{"embeddable":true,"href":"https:\/\/baralivres.ma\/index.php?rest_route=%2Fwp%2Fv2%2Fcomments&post=23054"}],"version-history":[{"count":1,"href":"https:\/\/baralivres.ma\/index.php?rest_route=\/wp\/v2\/product\/23054\/revisions"}],"predecessor-version":[{"id":23057,"href":"https:\/\/baralivres.ma\/index.php?rest_route=\/wp\/v2\/product\/23054\/revisions\/23057"}],"wp:featuredmedia":[{"embeddable":true,"href":"https:\/\/baralivres.ma\/index.php?rest_route=\/wp\/v2\/media\/23056"}],"wp:attachment":[{"href":"https:\/\/baralivres.ma\/index.php?rest_route=%2Fwp%2Fv2%2Fmedia&parent=23054"}],"wp:term":[{"taxonomy":"product_cat","embeddable":true,"href":"https:\/\/baralivres.ma\/index.php?rest_route=%2Fwp%2Fv2%2Fproduct_cat&post=23054"},{"taxonomy":"product_tag","embeddable":true,"href":"https:\/\/baralivres.ma\/index.php?rest_route=%2Fwp%2Fv2%2Fproduct_tag&post=23054"}],"curies":[{"name":"wp","href":"https:\/\/api.w.org\/{rel}","templated":true}]}}