{"id":23044,"date":"2025-02-19T16:41:27","date_gmt":"2025-02-19T15:41:27","guid":{"rendered":"https:\/\/baralivres.ma\/?post_type=product&#038;p=23044"},"modified":"2025-02-24T18:09:24","modified_gmt":"2025-02-24T17:09:24","slug":"je-decouvre-la-nature","status":"publish","type":"product","link":"https:\/\/baralivres.ma\/?product=je-decouvre-la-nature","title":{"rendered":"Je d\u00e9couvre la nature"},"content":{"rendered":"<p data-start=\"0\" data-end=\"65\"><strong data-start=\"0\" data-end=\"58\">Je d\u00e9couvre la nature \u2013 Un imagier sonore interactif !<\/strong> \ud83c\udf3f\ud83d\udd0a<\/p>\n<p data-start=\"67\" data-end=\"368\">Plongez au c\u0153ur de la nature avec ce magnifique imagier sonore destin\u00e9 aux tout-petits ! Gr\u00e2ce \u00e0 ses <strong data-start=\"168\" data-end=\"189\">8 boutons sonores<\/strong>, les enfants pourront \u00e9couter des bruits embl\u00e9matiques de la nature : le chant des oiseaux, le bruissement des feuilles, le clapotis de l\u2019eau et bien d\u2019autres sons enchanteurs.<\/p>\n<p data-start=\"370\" data-end=\"625\">Les illustrations color\u00e9es et pleines de vie accompagnent de petites informations ludiques pour \u00e9veiller la curiosit\u00e9 des jeunes explorateurs. Un livre id\u00e9al pour stimuler l\u2019\u00e9coute, l\u2019\u00e9veil sensoriel et l\u2019amour de la nature d\u00e8s le plus jeune \u00e2ge. \ud83c\udf3f\ud83c\udf1e\ud83d\udc26<\/p>\n<p data-start=\"627\" data-end=\"799\">\ud83d\udcd6 <strong data-start=\"630\" data-end=\"652\">Caract\u00e9ristiques :<\/strong><br data-start=\"652\" data-end=\"655\" \/>\u2714 8 sons \u00e0 \u00e9couter<br data-start=\"673\" data-end=\"676\" \/>\u2714 De belles illustrations<br data-start=\"701\" data-end=\"704\" \/>\u2714 Un format adapt\u00e9 aux petites mains<br data-start=\"740\" data-end=\"743\" \/>\u2714 Parfait pour d\u00e9couvrir la nature tout en s\u2019amusant !<\/p>\n<p data-start=\"801\" data-end=\"853\" data-is-last-node=\"\">Une aventure sensorielle \u00e0 partager en famille ! \ud83c\udf0d\u2728<\/p>\n","protected":false},"excerpt":{"rendered":"<p data-start=\"0\" data-end=\"65\"><strong data-start=\"0\" data-end=\"58\">Je d\u00e9couvre la nature \u2013 Un imagier sonore interactif !<\/strong> \ud83c\udf3f\ud83d\udd0a<\/p>\n<p data-start=\"67\" data-end=\"278\" data-is-last-node=\"\">Avec ses <strong data-start=\"76\" data-end=\"99\">8 sons de la nature<\/strong>, ses <strong data-start=\"105\" data-end=\"129\">belles illustrations<\/strong> et ses <strong data-start=\"137\" data-end=\"162\">informations ludiques<\/strong>, ce livre \u00e9veillera la curiosit\u00e9 des tout-petits. Un voyage sensoriel pour d\u00e9couvrir la nature en s\u2019amusant ! \ud83c\udf1e\ud83d\udc26\u2728<\/p>\n","protected":false},"featured_media":23046,"comment_status":"open","ping_status":"closed","template":"","meta":{"inline_featured_image":false},"product_cat":[4229,3950,3944,197,198],"product_tag":[],"class_list":{"0":"post-23044","1":"product","2":"type-product","3":"status-publish","4":"has-post-thumbnail","6":"product_cat-bibliotheque_a_moins-cher","7":"product_cat-les-livres-cartonnes-francais","8":"product_cat-les-livres-sonore-francais","9":"product_cat-livre-sonore","10":"product_cat-livres-animes","12":"first","13":"instock","14":"sale","15":"shipping-taxable","16":"purchasable","17":"product-type-simple"},"_links":{"self":[{"href":"https:\/\/baralivres.ma\/index.php?rest_route=\/wp\/v2\/product\/23044","targetHints":{"allow":["GET"]}}],"collection":[{"href":"https:\/\/baralivres.ma\/index.php?rest_route=\/wp\/v2\/product"}],"about":[{"href":"https:\/\/baralivres.ma\/index.php?rest_route=\/wp\/v2\/types\/product"}],"replies":[{"embeddable":true,"href":"https:\/\/baralivres.ma\/index.php?rest_route=%2Fwp%2Fv2%2Fcomments&post=23044"}],"version-history":[{"count":2,"href":"https:\/\/baralivres.ma\/index.php?rest_route=\/wp\/v2\/product\/23044\/revisions"}],"predecessor-version":[{"id":23049,"href":"https:\/\/baralivres.ma\/index.php?rest_route=\/wp\/v2\/product\/23044\/revisions\/23049"}],"wp:featuredmedia":[{"embeddable":true,"href":"https:\/\/baralivres.ma\/index.php?rest_route=\/wp\/v2\/media\/23046"}],"wp:attachment":[{"href":"https:\/\/baralivres.ma\/index.php?rest_route=%2Fwp%2Fv2%2Fmedia&parent=23044"}],"wp:term":[{"taxonomy":"product_cat","embeddable":true,"href":"https:\/\/baralivres.ma\/index.php?rest_route=%2Fwp%2Fv2%2Fproduct_cat&post=23044"},{"taxonomy":"product_tag","embeddable":true,"href":"https:\/\/baralivres.ma\/index.php?rest_route=%2Fwp%2Fv2%2Fproduct_tag&post=23044"}],"curies":[{"name":"wp","href":"https:\/\/api.w.org\/{rel}","templated":true}]}}