{"id":23037,"date":"2025-02-19T16:30:09","date_gmt":"2025-02-19T15:30:09","guid":{"rendered":"https:\/\/baralivres.ma\/?post_type=product&#038;p=23037"},"modified":"2026-03-10T10:20:32","modified_gmt":"2026-03-10T09:20:32","slug":"mes-comptines-des-emotions-2","status":"publish","type":"product","link":"https:\/\/baralivres.ma\/?product=mes-comptines-des-emotions-2","title":{"rendered":"Mes comptines des \u00e9motions"},"content":{"rendered":"<p><strong data-start=\"0\" data-end=\"30\">Mes comptines des \u00e9motions<\/strong> est un livre sonore interactif qui invite les tout-petits \u00e0 d\u00e9couvrir et comprendre les \u00e9motions en musique ! Gr\u00e2ce \u00e0 ses <strong data-start=\"153\" data-end=\"174\">8 boutons sonores<\/strong>, l\u2019enfant peut \u00e9couter <strong data-start=\"198\" data-end=\"220\">8 jolies comptines<\/strong> sur les \u00e9motions comme la joie, la col\u00e8re, la tristesse ou encore la peur.<\/p>\n","protected":false},"excerpt":{"rendered":"<p>Un livre id\u00e9al pour \u00e9veiller les enfants \u00e0 leurs \u00e9motions tout en d\u00e9veloppant leur \u00e9coute et leur sens du rythme ! \ud83c\udfb6\ud83d\ude0a<\/p>\n","protected":false},"featured_media":23039,"comment_status":"open","ping_status":"closed","template":"","meta":{"inline_featured_image":false},"product_cat":[4229,3950,3944,197,198],"product_tag":[],"class_list":{"0":"post-23037","1":"product","2":"type-product","3":"status-publish","4":"has-post-thumbnail","6":"product_cat-bibliotheque_a_moins-cher","7":"product_cat-les-livres-cartonnes-francais","8":"product_cat-les-livres-sonore-francais","9":"product_cat-livre-sonore","10":"product_cat-livres-animes","12":"first","13":"onbackorder","14":"sale","15":"shipping-taxable","16":"purchasable","17":"product-type-simple"},"_links":{"self":[{"href":"https:\/\/baralivres.ma\/index.php?rest_route=\/wp\/v2\/product\/23037","targetHints":{"allow":["GET"]}}],"collection":[{"href":"https:\/\/baralivres.ma\/index.php?rest_route=\/wp\/v2\/product"}],"about":[{"href":"https:\/\/baralivres.ma\/index.php?rest_route=\/wp\/v2\/types\/product"}],"replies":[{"embeddable":true,"href":"https:\/\/baralivres.ma\/index.php?rest_route=%2Fwp%2Fv2%2Fcomments&post=23037"}],"version-history":[{"count":1,"href":"https:\/\/baralivres.ma\/index.php?rest_route=\/wp\/v2\/product\/23037\/revisions"}],"predecessor-version":[{"id":23040,"href":"https:\/\/baralivres.ma\/index.php?rest_route=\/wp\/v2\/product\/23037\/revisions\/23040"}],"wp:featuredmedia":[{"embeddable":true,"href":"https:\/\/baralivres.ma\/index.php?rest_route=\/wp\/v2\/media\/23039"}],"wp:attachment":[{"href":"https:\/\/baralivres.ma\/index.php?rest_route=%2Fwp%2Fv2%2Fmedia&parent=23037"}],"wp:term":[{"taxonomy":"product_cat","embeddable":true,"href":"https:\/\/baralivres.ma\/index.php?rest_route=%2Fwp%2Fv2%2Fproduct_cat&post=23037"},{"taxonomy":"product_tag","embeddable":true,"href":"https:\/\/baralivres.ma\/index.php?rest_route=%2Fwp%2Fv2%2Fproduct_tag&post=23037"}],"curies":[{"name":"wp","href":"https:\/\/api.w.org\/{rel}","templated":true}]}}