{"id":23025,"date":"2025-02-19T14:18:09","date_gmt":"2025-02-19T13:18:09","guid":{"rendered":"https:\/\/baralivres.ma\/?post_type=product&#038;p=23025"},"modified":"2025-02-24T18:10:19","modified_gmt":"2025-02-24T17:10:19","slug":"mon-animagier-les-emotions","status":"publish","type":"product","link":"https:\/\/baralivres.ma\/?product=mon-animagier-les-emotions","title":{"rendered":"Mon anim\u2019agier &#8211; Les \u00e9motions"},"content":{"rendered":"<p><strong data-start=\"0\" data-end=\"33\">Mon anim\u2019agier &#8211; Les \u00e9motions<\/strong> est un imagier interactif con\u00e7u pour aider les tout-petits \u00e0 d\u00e9couvrir et comprendre les \u00e9motions. Gr\u00e2ce \u00e0 des <strong data-start=\"145\" data-end=\"179\">m\u00e9canismes anim\u00e9s et des flaps<\/strong>, l\u2019enfant peut observer les expressions et les r\u00e9actions des personnages en action. Chaque page aborde une \u00e9motion sp\u00e9cifique, avec des illustrations color\u00e9es et des animations faciles \u00e0 manipuler, stimulant ainsi la curiosit\u00e9 et la motricit\u00e9 fine. Un livre ludique et \u00e9ducatif pour accompagner les jeunes enfants dans l\u2019apprentissage des \u00e9motions de mani\u00e8re intuitive et amusante !<\/p>\n","protected":false},"excerpt":{"rendered":"<p><strong data-start=\"0\" data-end=\"33\">Mon anim\u2019agier &#8211; Les \u00e9motions<\/strong> est un imagier interactif o\u00f9 l\u2019enfant d\u00e9couvre les \u00e9motions gr\u00e2ce \u00e0 des <strong data-start=\"106\" data-end=\"140\">m\u00e9canismes anim\u00e9s et des flaps<\/strong> faciles \u00e0 manipuler. Un livre ludique pour apprendre en s\u2019amusant !<\/p>\n","protected":false},"featured_media":23027,"comment_status":"open","ping_status":"closed","template":"","meta":{"inline_featured_image":false},"product_cat":[4229,3950,198],"product_tag":[],"class_list":{"0":"post-23025","1":"product","2":"type-product","3":"status-publish","4":"has-post-thumbnail","6":"product_cat-bibliotheque_a_moins-cher","7":"product_cat-les-livres-cartonnes-francais","8":"product_cat-livres-animes","10":"first","11":"instock","12":"sale","13":"shipping-taxable","14":"purchasable","15":"product-type-simple"},"_links":{"self":[{"href":"https:\/\/baralivres.ma\/index.php?rest_route=\/wp\/v2\/product\/23025","targetHints":{"allow":["GET"]}}],"collection":[{"href":"https:\/\/baralivres.ma\/index.php?rest_route=\/wp\/v2\/product"}],"about":[{"href":"https:\/\/baralivres.ma\/index.php?rest_route=\/wp\/v2\/types\/product"}],"replies":[{"embeddable":true,"href":"https:\/\/baralivres.ma\/index.php?rest_route=%2Fwp%2Fv2%2Fcomments&post=23025"}],"version-history":[{"count":2,"href":"https:\/\/baralivres.ma\/index.php?rest_route=\/wp\/v2\/product\/23025\/revisions"}],"predecessor-version":[{"id":23030,"href":"https:\/\/baralivres.ma\/index.php?rest_route=\/wp\/v2\/product\/23025\/revisions\/23030"}],"wp:featuredmedia":[{"embeddable":true,"href":"https:\/\/baralivres.ma\/index.php?rest_route=\/wp\/v2\/media\/23027"}],"wp:attachment":[{"href":"https:\/\/baralivres.ma\/index.php?rest_route=%2Fwp%2Fv2%2Fmedia&parent=23025"}],"wp:term":[{"taxonomy":"product_cat","embeddable":true,"href":"https:\/\/baralivres.ma\/index.php?rest_route=%2Fwp%2Fv2%2Fproduct_cat&post=23025"},{"taxonomy":"product_tag","embeddable":true,"href":"https:\/\/baralivres.ma\/index.php?rest_route=%2Fwp%2Fv2%2Fproduct_tag&post=23025"}],"curies":[{"name":"wp","href":"https:\/\/api.w.org\/{rel}","templated":true}]}}