{"id":22991,"date":"2025-02-17T17:15:47","date_gmt":"2025-02-17T16:15:47","guid":{"rendered":"https:\/\/baralivres.ma\/?post_type=product&#038;p=22991"},"modified":"2025-02-24T18:13:00","modified_gmt":"2025-02-24T17:13:00","slug":"mes-7-histoires-de-la-semaine-avec-ptit-loup","status":"publish","type":"product","link":"https:\/\/baralivres.ma\/?product=mes-7-histoires-de-la-semaine-avec-ptit-loup","title":{"rendered":"Mes 7 histoires de la semaine avec P&rsquo;tit Loup"},"content":{"rendered":"<p data-start=\"0\" data-end=\"85\"><strong data-start=\"0\" data-end=\"49\">Mes 7 histoires de la semaine avec P&rsquo;tit Loup<\/strong> propose une aventure chaque jour :<\/p>\n<ul data-start=\"87\" data-end=\"328\">\n<li data-start=\"87\" data-end=\"118\"><strong data-start=\"89\" data-end=\"118\">Lundi : Vive la piscine !<\/strong><\/li>\n<li data-start=\"119\" data-end=\"148\"><strong data-start=\"121\" data-end=\"148\">Mardi : Vive la ferme !<\/strong><\/li>\n<li data-start=\"149\" data-end=\"184\"><strong data-start=\"151\" data-end=\"184\">Mercredi : Vive les g\u00e2teaux !<\/strong><\/li>\n<li data-start=\"185\" data-end=\"214\"><strong data-start=\"187\" data-end=\"214\">Jeudi : Vive la pluie !<\/strong><\/li>\n<li data-start=\"215\" data-end=\"257\"><strong data-start=\"217\" data-end=\"257\">Vendredi : Vive les soir\u00e9es pyjama !<\/strong><\/li>\n<li data-start=\"258\" data-end=\"289\"><strong data-start=\"260\" data-end=\"289\">Samedi : Vive le cin\u00e9ma !<\/strong><\/li>\n<li data-start=\"290\" data-end=\"328\"><strong data-start=\"292\" data-end=\"328\">Dimanche : Vive le cerf-volant !<\/strong><\/li>\n<\/ul>\n<p data-start=\"330\" data-end=\"473\" data-is-last-node=\"\">Chaque histoire permet aux enfants de d\u00e9couvrir des moments du quotidien avec P&rsquo;tit Loup, pour une semaine pleine de rires et d&rsquo;apprentissages.<\/p>\n","protected":false},"excerpt":{"rendered":"<p>Ces histoires sont parfaites pour les jeunes enfants qui apprennent \u00e0 appr\u00e9hender leur environnement de mani\u00e8re ludique et positive. \u00c0 lire et \u00e0 relire pour des moments de partage et d&rsquo;\u00e9vasion en famille !<\/p>\n","protected":false},"featured_media":22992,"comment_status":"open","ping_status":"closed","template":"","meta":{"inline_featured_image":false},"product_cat":[4229,3877,3950,199,198],"product_tag":[],"class_list":{"0":"post-22991","1":"product","2":"type-product","3":"status-publish","4":"has-post-thumbnail","6":"product_cat-bibliotheque_a_moins-cher","7":"product_cat-les-histoires-francais","8":"product_cat-les-livres-cartonnes-francais","9":"product_cat-histoires","10":"product_cat-livres-animes","12":"first","13":"instock","14":"sale","15":"shipping-taxable","16":"purchasable","17":"product-type-simple"},"_links":{"self":[{"href":"https:\/\/baralivres.ma\/index.php?rest_route=\/wp\/v2\/product\/22991","targetHints":{"allow":["GET"]}}],"collection":[{"href":"https:\/\/baralivres.ma\/index.php?rest_route=\/wp\/v2\/product"}],"about":[{"href":"https:\/\/baralivres.ma\/index.php?rest_route=\/wp\/v2\/types\/product"}],"replies":[{"embeddable":true,"href":"https:\/\/baralivres.ma\/index.php?rest_route=%2Fwp%2Fv2%2Fcomments&post=22991"}],"version-history":[{"count":2,"href":"https:\/\/baralivres.ma\/index.php?rest_route=\/wp\/v2\/product\/22991\/revisions"}],"predecessor-version":[{"id":22996,"href":"https:\/\/baralivres.ma\/index.php?rest_route=\/wp\/v2\/product\/22991\/revisions\/22996"}],"wp:featuredmedia":[{"embeddable":true,"href":"https:\/\/baralivres.ma\/index.php?rest_route=\/wp\/v2\/media\/22992"}],"wp:attachment":[{"href":"https:\/\/baralivres.ma\/index.php?rest_route=%2Fwp%2Fv2%2Fmedia&parent=22991"}],"wp:term":[{"taxonomy":"product_cat","embeddable":true,"href":"https:\/\/baralivres.ma\/index.php?rest_route=%2Fwp%2Fv2%2Fproduct_cat&post=22991"},{"taxonomy":"product_tag","embeddable":true,"href":"https:\/\/baralivres.ma\/index.php?rest_route=%2Fwp%2Fv2%2Fproduct_tag&post=22991"}],"curies":[{"name":"wp","href":"https:\/\/api.w.org\/{rel}","templated":true}]}}