{"id":22966,"date":"2025-02-17T16:08:47","date_gmt":"2025-02-17T15:08:47","guid":{"rendered":"https:\/\/baralivres.ma\/?post_type=product&#038;p=22966"},"modified":"2025-02-24T18:13:56","modified_gmt":"2025-02-24T17:13:56","slug":"mes-100-mots-pour-decouvrir-le-monde","status":"publish","type":"product","link":"https:\/\/baralivres.ma\/?product=mes-100-mots-pour-decouvrir-le-monde","title":{"rendered":"MES 100 MOTS POUR D\u00c9COUVRIR LE MONDE"},"content":{"rendered":"<p data-start=\"0\" data-end=\"38\"><strong data-start=\"0\" data-end=\"36\">100 mots pour d\u00e9couvrir le monde<\/strong><\/p>\n<p data-start=\"40\" data-end=\"573\" data-is-last-node=\"\">Un imagier id\u00e9al pour \u00e9veiller la curiosit\u00e9 des tout-petits ! \u00c0 travers 12 univers familiers \u2013 de la ferme \u00e0 la banquise en passant par la jungle et la ville \u2013 votre enfant d\u00e9couvrira 100 mots essentiels de son quotidien et du monde qui l&rsquo;entoure. Chaque illustration color\u00e9e permet de montrer, nommer et reconna\u00eetre les objets, animaux et paysages, favorisant ainsi l&rsquo;apprentissage du langage et l&rsquo;\u00e9veil sensoriel. Un livre incontournable pour partager de pr\u00e9cieux moments avec b\u00e9b\u00e9 et l&rsquo;accompagner dans ses premi\u00e8res d\u00e9couvertes !<\/p>\n","protected":false},"excerpt":{"rendered":"<p data-start=\"0\" data-end=\"38\"><strong data-start=\"0\" data-end=\"36\">100 mots pour d\u00e9couvrir le monde<\/strong><\/p>\n<p data-start=\"40\" data-end=\"259\" data-is-last-node=\"\">Un imagier color\u00e9 pour \u00e9veiller la curiosit\u00e9 des tout-petits ! \u00c0 travers 12 univers vari\u00e9s, b\u00e9b\u00e9 apprend \u00e0 nommer et reconna\u00eetre 100 mots du quotidien et de la nature. Un livre essentiel pour ses premi\u00e8res d\u00e9couvertes !<\/p>\n","protected":false},"featured_media":22967,"comment_status":"open","ping_status":"closed","template":"","meta":{"inline_featured_image":false},"product_cat":[4229,3950,198],"product_tag":[],"class_list":{"0":"post-22966","1":"product","2":"type-product","3":"status-publish","4":"has-post-thumbnail","6":"product_cat-bibliotheque_a_moins-cher","7":"product_cat-les-livres-cartonnes-francais","8":"product_cat-livres-animes","10":"first","11":"instock","12":"sale","13":"shipping-taxable","14":"purchasable","15":"product-type-simple"},"_links":{"self":[{"href":"https:\/\/baralivres.ma\/index.php?rest_route=\/wp\/v2\/product\/22966","targetHints":{"allow":["GET"]}}],"collection":[{"href":"https:\/\/baralivres.ma\/index.php?rest_route=\/wp\/v2\/product"}],"about":[{"href":"https:\/\/baralivres.ma\/index.php?rest_route=\/wp\/v2\/types\/product"}],"replies":[{"embeddable":true,"href":"https:\/\/baralivres.ma\/index.php?rest_route=%2Fwp%2Fv2%2Fcomments&post=22966"}],"version-history":[{"count":1,"href":"https:\/\/baralivres.ma\/index.php?rest_route=\/wp\/v2\/product\/22966\/revisions"}],"predecessor-version":[{"id":22971,"href":"https:\/\/baralivres.ma\/index.php?rest_route=\/wp\/v2\/product\/22966\/revisions\/22971"}],"wp:featuredmedia":[{"embeddable":true,"href":"https:\/\/baralivres.ma\/index.php?rest_route=\/wp\/v2\/media\/22967"}],"wp:attachment":[{"href":"https:\/\/baralivres.ma\/index.php?rest_route=%2Fwp%2Fv2%2Fmedia&parent=22966"}],"wp:term":[{"taxonomy":"product_cat","embeddable":true,"href":"https:\/\/baralivres.ma\/index.php?rest_route=%2Fwp%2Fv2%2Fproduct_cat&post=22966"},{"taxonomy":"product_tag","embeddable":true,"href":"https:\/\/baralivres.ma\/index.php?rest_route=%2Fwp%2Fv2%2Fproduct_tag&post=22966"}],"curies":[{"name":"wp","href":"https:\/\/api.w.org\/{rel}","templated":true}]}}