{"id":22941,"date":"2025-02-17T10:53:36","date_gmt":"2025-02-17T09:53:36","guid":{"rendered":"https:\/\/baralivres.ma\/?post_type=product&#038;p=22941"},"modified":"2025-02-24T18:14:53","modified_gmt":"2025-02-24T17:14:53","slug":"mes-comptines-a-chanter-et-a-jouer-au-piano","status":"publish","type":"product","link":"https:\/\/baralivres.ma\/?product=mes-comptines-a-chanter-et-a-jouer-au-piano","title":{"rendered":"Mes comptines \u00e0 chanter et \u00e0 jouer au piano"},"content":{"rendered":"<p><strong data-start=\"0\" data-end=\"47\">Mes comptines \u00e0 chanter et \u00e0 jouer au piano<\/strong> est un livre musical avec piano int\u00e9gr\u00e9, id\u00e9al pour initier les tout-petits. Il propose 15 comptines \u00e0 chanter et jouer facilement gr\u00e2ce \u00e0 un code couleurs simplifi\u00e9. Chaque comptine est illustr\u00e9e et accompagn\u00e9e de sa partition adapt\u00e9e. Une belle fa\u00e7on de d\u00e9couvrir la musique en s\u2019amusant !<\/p>\n","protected":false},"excerpt":{"rendered":"<p><strong data-start=\"0\" data-end=\"47\">Mes comptines \u00e0 chanter et \u00e0 jouer au piano<\/strong> initie les tout-petits \u00e0 la musique avec 15 comptines et un piano int\u00e9gr\u00e9, gr\u00e2ce \u00e0 un code couleurs simplifi\u00e9.<\/p>\n","protected":false},"featured_media":22942,"comment_status":"open","ping_status":"closed","template":"","meta":{"inline_featured_image":false},"product_cat":[4229,3944,197],"product_tag":[],"class_list":{"0":"post-22941","1":"product","2":"type-product","3":"status-publish","4":"has-post-thumbnail","6":"product_cat-bibliotheque_a_moins-cher","7":"product_cat-les-livres-sonore-francais","8":"product_cat-livre-sonore","10":"first","11":"instock","12":"sale","13":"shipping-taxable","14":"purchasable","15":"product-type-simple"},"_links":{"self":[{"href":"https:\/\/baralivres.ma\/index.php?rest_route=\/wp\/v2\/product\/22941","targetHints":{"allow":["GET"]}}],"collection":[{"href":"https:\/\/baralivres.ma\/index.php?rest_route=\/wp\/v2\/product"}],"about":[{"href":"https:\/\/baralivres.ma\/index.php?rest_route=\/wp\/v2\/types\/product"}],"replies":[{"embeddable":true,"href":"https:\/\/baralivres.ma\/index.php?rest_route=%2Fwp%2Fv2%2Fcomments&post=22941"}],"version-history":[{"count":1,"href":"https:\/\/baralivres.ma\/index.php?rest_route=\/wp\/v2\/product\/22941\/revisions"}],"predecessor-version":[{"id":22945,"href":"https:\/\/baralivres.ma\/index.php?rest_route=\/wp\/v2\/product\/22941\/revisions\/22945"}],"wp:featuredmedia":[{"embeddable":true,"href":"https:\/\/baralivres.ma\/index.php?rest_route=\/wp\/v2\/media\/22942"}],"wp:attachment":[{"href":"https:\/\/baralivres.ma\/index.php?rest_route=%2Fwp%2Fv2%2Fmedia&parent=22941"}],"wp:term":[{"taxonomy":"product_cat","embeddable":true,"href":"https:\/\/baralivres.ma\/index.php?rest_route=%2Fwp%2Fv2%2Fproduct_cat&post=22941"},{"taxonomy":"product_tag","embeddable":true,"href":"https:\/\/baralivres.ma\/index.php?rest_route=%2Fwp%2Fv2%2Fproduct_tag&post=22941"}],"curies":[{"name":"wp","href":"https:\/\/api.w.org\/{rel}","templated":true}]}}