{"id":22922,"date":"2025-02-14T18:05:37","date_gmt":"2025-02-14T17:05:37","guid":{"rendered":"https:\/\/baralivres.ma\/?post_type=product&#038;p=22922"},"modified":"2025-02-24T18:02:25","modified_gmt":"2025-02-24T17:02:25","slug":"mes-100-animaux","status":"publish","type":"product","link":"https:\/\/baralivres.ma\/?product=mes-100-animaux","title":{"rendered":"Mes 100 animaux"},"content":{"rendered":"<p><strong data-start=\"58\" data-end=\"79\">Mes 100 animaux\u00a0\u00bb<\/strong><br data-start=\"79\" data-end=\"82\" \/>Un livre magnifique \u00e0 explorer et \u00e0 exposer dans la chambre de b\u00e9b\u00e9 ! Voyage \u00e0 travers 10 milieux naturels et d\u00e9couvre des animaux du monde entier gr\u00e2ce \u00e0 de grandes illustrations tendres et scintillantes. Un imagier doux et captivant pour \u00e9veiller la curiosit\u00e9 des tout-petits !<\/p>\n","protected":false},"excerpt":{"rendered":"<p>Un magnifique livre \u00e0 explorer, avec des illustrations scintillantes pour d\u00e9couvrir les animaux du monde entier \u00e0 travers 10 milieux naturels.<\/p>\n","protected":false},"featured_media":22923,"comment_status":"open","ping_status":"closed","template":"","meta":{"inline_featured_image":false},"product_cat":[4229,3952,3950,198],"product_tag":[],"class_list":{"0":"post-22922","1":"product","2":"type-product","3":"status-publish","4":"has-post-thumbnail","6":"product_cat-bibliotheque_a_moins-cher","7":"product_cat-les-livres-a-toucher-pour-bebe","8":"product_cat-les-livres-cartonnes-francais","9":"product_cat-livres-animes","11":"first","12":"instock","13":"sale","14":"shipping-taxable","15":"purchasable","16":"product-type-simple"},"_links":{"self":[{"href":"https:\/\/baralivres.ma\/index.php?rest_route=\/wp\/v2\/product\/22922","targetHints":{"allow":["GET"]}}],"collection":[{"href":"https:\/\/baralivres.ma\/index.php?rest_route=\/wp\/v2\/product"}],"about":[{"href":"https:\/\/baralivres.ma\/index.php?rest_route=\/wp\/v2\/types\/product"}],"replies":[{"embeddable":true,"href":"https:\/\/baralivres.ma\/index.php?rest_route=%2Fwp%2Fv2%2Fcomments&post=22922"}],"version-history":[{"count":1,"href":"https:\/\/baralivres.ma\/index.php?rest_route=\/wp\/v2\/product\/22922\/revisions"}],"predecessor-version":[{"id":22926,"href":"https:\/\/baralivres.ma\/index.php?rest_route=\/wp\/v2\/product\/22922\/revisions\/22926"}],"wp:featuredmedia":[{"embeddable":true,"href":"https:\/\/baralivres.ma\/index.php?rest_route=\/wp\/v2\/media\/22923"}],"wp:attachment":[{"href":"https:\/\/baralivres.ma\/index.php?rest_route=%2Fwp%2Fv2%2Fmedia&parent=22922"}],"wp:term":[{"taxonomy":"product_cat","embeddable":true,"href":"https:\/\/baralivres.ma\/index.php?rest_route=%2Fwp%2Fv2%2Fproduct_cat&post=22922"},{"taxonomy":"product_tag","embeddable":true,"href":"https:\/\/baralivres.ma\/index.php?rest_route=%2Fwp%2Fv2%2Fproduct_tag&post=22922"}],"curies":[{"name":"wp","href":"https:\/\/api.w.org\/{rel}","templated":true}]}}