{"id":22859,"date":"2024-12-24T17:23:04","date_gmt":"2024-12-24T16:23:04","guid":{"rendered":"https:\/\/baralivres.ma\/?post_type=product&#038;p=22859"},"modified":"2025-02-24T18:05:38","modified_gmt":"2025-02-24T17:05:38","slug":"le-grand-livre-de-mes-2-ans","status":"publish","type":"product","link":"https:\/\/baralivres.ma\/?product=le-grand-livre-de-mes-2-ans","title":{"rendered":"Le Grand Livre de mes 2 ans"},"content":{"rendered":"<p>\u2728 <strong>Le Grand Livre de mes 2 ans : un tr\u00e9sor d&rsquo;\u00e9veil pour les tout-petits !<\/strong> \u2728<\/p>\n<p>Sp\u00e9cialement con\u00e7u pour les enfants de 2 ans, ce grand livre cartonn\u00e9 est une invitation \u00e0 l&rsquo;exploration et \u00e0 l&rsquo;\u00e9veil. \u00c0 poser devant l&rsquo;enfant, il offre des activit\u00e9s interactives et sensorielles captivantes\u202f: toucher le pelage des animaux, soulever des volets pour d\u00e9couvrir les couleurs, ou encore s\u2019amuser avec un grand Cherche &amp; Trouve.<\/p>\n<p>Enrichissez le vocabulaire et stimulez l\u2019imaginaire gr\u00e2ce \u00e0 ses pages illustr\u00e9es, tendres et color\u00e9es par Tiago Americo. Ce format XXXL est parfait pour apprendre les chiffres, d\u00e9velopper le langage et s\u2019initier au plaisir de la lecture tout en jouant.<\/p>\n<p>\ud83c\udf81 <strong>Un cadeau id\u00e9al pour des moments complices en famille ou entre amis !<\/strong> Offrez \u00e0 votre enfant une exp\u00e9rience unique qui l&rsquo;accompagnera dans ses premi\u00e8res d\u00e9couvertes. \ud83c\udf1f<\/p>\n","protected":false},"excerpt":{"rendered":"<p>\u2728 <strong>Le Grand Livre de mes 2 ans<\/strong> est un ouvrage interactif et sensoriel con\u00e7u pour \u00e9veiller les tout-petits \u00e0 travers des activit\u00e9s ludiques : toucher, d\u00e9couvrir, jouer et apprendre. Avec ses illustrations tendres et son grand format, il invite \u00e0 explorer le monde et le langage tout en s\u2019amusant ! \ud83c\udf1f<\/p>\n","protected":false},"featured_media":22860,"comment_status":"open","ping_status":"closed","template":"","meta":{"inline_featured_image":false},"product_cat":[3952,3950,198],"product_tag":[],"class_list":{"0":"post-22859","1":"product","2":"type-product","3":"status-publish","4":"has-post-thumbnail","6":"product_cat-les-livres-a-toucher-pour-bebe","7":"product_cat-les-livres-cartonnes-francais","8":"product_cat-livres-animes","10":"first","11":"instock","12":"shipping-taxable","13":"purchasable","14":"product-type-simple"},"_links":{"self":[{"href":"https:\/\/baralivres.ma\/index.php?rest_route=\/wp\/v2\/product\/22859","targetHints":{"allow":["GET"]}}],"collection":[{"href":"https:\/\/baralivres.ma\/index.php?rest_route=\/wp\/v2\/product"}],"about":[{"href":"https:\/\/baralivres.ma\/index.php?rest_route=\/wp\/v2\/types\/product"}],"replies":[{"embeddable":true,"href":"https:\/\/baralivres.ma\/index.php?rest_route=%2Fwp%2Fv2%2Fcomments&post=22859"}],"version-history":[{"count":1,"href":"https:\/\/baralivres.ma\/index.php?rest_route=\/wp\/v2\/product\/22859\/revisions"}],"predecessor-version":[{"id":22861,"href":"https:\/\/baralivres.ma\/index.php?rest_route=\/wp\/v2\/product\/22859\/revisions\/22861"}],"wp:featuredmedia":[{"embeddable":true,"href":"https:\/\/baralivres.ma\/index.php?rest_route=\/wp\/v2\/media\/22860"}],"wp:attachment":[{"href":"https:\/\/baralivres.ma\/index.php?rest_route=%2Fwp%2Fv2%2Fmedia&parent=22859"}],"wp:term":[{"taxonomy":"product_cat","embeddable":true,"href":"https:\/\/baralivres.ma\/index.php?rest_route=%2Fwp%2Fv2%2Fproduct_cat&post=22859"},{"taxonomy":"product_tag","embeddable":true,"href":"https:\/\/baralivres.ma\/index.php?rest_route=%2Fwp%2Fv2%2Fproduct_tag&post=22859"}],"curies":[{"name":"wp","href":"https:\/\/api.w.org\/{rel}","templated":true}]}}