{"id":22840,"date":"2024-12-16T17:56:04","date_gmt":"2024-12-16T16:56:04","guid":{"rendered":"https:\/\/baralivres.ma\/?post_type=product&#038;p=22840"},"modified":"2024-12-16T17:56:05","modified_gmt":"2024-12-16T16:56:05","slug":"apprends-tes-premieres-formes-et-couleurs","status":"publish","type":"product","link":"https:\/\/baralivres.ma\/?product=apprends-tes-premieres-formes-et-couleurs","title":{"rendered":"Apprends tes premi\u00e8res formes et couleurs"},"content":{"rendered":"<p><strong>Apprends tes premi\u00e8res formes et couleurs<\/strong> avec ce coffret ludique de Matteo Gaule et Sarah Negrel ! \ud83c\udfa8<\/p>\n<p>Ce coffret comprend un <strong>livre de 10 pages<\/strong> et un <strong>puzzle de 20 pi\u00e8ces g\u00e9antes<\/strong> en grand format, id\u00e9al pour aider les enfants \u00e0 d\u00e9couvrir les formes et les couleurs de mani\u00e8re interactive. Le livre pr\u00e9sente les formes et les couleurs \u00e0 travers des illustrations vives et simples, tandis que le puzzle permet de consolider l\u2019apprentissage en associant les couleurs et les formes de fa\u00e7on tactile.<\/p>\n<p>Ludique et \u00e9ducatif, ce coffret stimule la curiosit\u00e9 des tout-petits, d\u00e9veloppe leur motricit\u00e9 fine et enrichit leur vocabulaire. Un excellent moyen d\u2019apprendre en jouant !<\/p>\n","protected":false},"excerpt":{"rendered":"<p>Apprends tes premi\u00e8res formes et couleurs avec ce coffret ludique de Matteo Gaule et Sarah Negrel ! \ud83c\udfa8 Ce coffret comprend un livre de 10 pages et un puzzle de 20 pi\u00e8ces g\u00e9antes en grand format, id\u00e9al pour aider les enfants \u00e0 d\u00e9couvrir les formes et les couleurs de mani\u00e8re interactive. Le livre pr\u00e9sente les [&hellip;]<\/p>\n","protected":false},"featured_media":22841,"comment_status":"open","ping_status":"closed","template":"","meta":{"inline_featured_image":false},"product_cat":[3875,3950,201,198,200],"product_tag":[],"class_list":{"0":"post-22840","1":"product","2":"type-product","3":"status-publish","4":"has-post-thumbnail","6":"product_cat-coffret-francais","7":"product_cat-les-livres-cartonnes-francais","8":"product_cat-coffret","9":"product_cat-livres-animes","10":"product_cat-activites","11":"pa_auteurs-matteo-gaule","12":"pa_auteurs-sarah-negrel","14":"first","15":"instock","16":"shipping-taxable","17":"purchasable","18":"product-type-simple"},"_links":{"self":[{"href":"https:\/\/baralivres.ma\/index.php?rest_route=\/wp\/v2\/product\/22840","targetHints":{"allow":["GET"]}}],"collection":[{"href":"https:\/\/baralivres.ma\/index.php?rest_route=\/wp\/v2\/product"}],"about":[{"href":"https:\/\/baralivres.ma\/index.php?rest_route=\/wp\/v2\/types\/product"}],"replies":[{"embeddable":true,"href":"https:\/\/baralivres.ma\/index.php?rest_route=%2Fwp%2Fv2%2Fcomments&post=22840"}],"version-history":[{"count":1,"href":"https:\/\/baralivres.ma\/index.php?rest_route=\/wp\/v2\/product\/22840\/revisions"}],"predecessor-version":[{"id":22842,"href":"https:\/\/baralivres.ma\/index.php?rest_route=\/wp\/v2\/product\/22840\/revisions\/22842"}],"wp:featuredmedia":[{"embeddable":true,"href":"https:\/\/baralivres.ma\/index.php?rest_route=\/wp\/v2\/media\/22841"}],"wp:attachment":[{"href":"https:\/\/baralivres.ma\/index.php?rest_route=%2Fwp%2Fv2%2Fmedia&parent=22840"}],"wp:term":[{"taxonomy":"product_cat","embeddable":true,"href":"https:\/\/baralivres.ma\/index.php?rest_route=%2Fwp%2Fv2%2Fproduct_cat&post=22840"},{"taxonomy":"product_tag","embeddable":true,"href":"https:\/\/baralivres.ma\/index.php?rest_route=%2Fwp%2Fv2%2Fproduct_tag&post=22840"}],"curies":[{"name":"wp","href":"https:\/\/api.w.org\/{rel}","templated":true}]}}