{"id":22830,"date":"2024-12-16T17:36:25","date_gmt":"2024-12-16T16:36:25","guid":{"rendered":"https:\/\/baralivres.ma\/?post_type=product&#038;p=22830"},"modified":"2024-12-16T17:36:26","modified_gmt":"2024-12-16T16:36:26","slug":"ma-petite-bibliotheque-la-mer","status":"publish","type":"product","link":"https:\/\/baralivres.ma\/?product=ma-petite-bibliotheque-la-mer","title":{"rendered":"Ma petite biblioth\u00e8que : la mer"},"content":{"rendered":"<p><strong>Explorez <em>Ma petite biblioth\u00e8que : La mer<\/em> de Matteo Gaule !<\/strong> \ud83c\udf0a<\/p>\n<p>Ce coffret fascinant contient <strong>huit petits livres illustr\u00e9s<\/strong> qui emm\u00e8nent les enfants \u00e0 la d\u00e9couverte de l&rsquo;univers marin. Chaque livre pr\u00e9sente un aspect de la mer, des cr\u00e9atures qui y vivent aux paysages subaquatiques \u00e9tonnants.<\/p>\n<p>Les jeunes lecteurs apprendront \u00e0 reconna\u00eetre des animaux marins, d\u00e9couvriront leurs habitudes et exploreront les myst\u00e8res de l&rsquo;oc\u00e9an \u00e0 travers des illustrations color\u00e9es et des textes simples.<\/p>\n<p>Un moyen ludique et \u00e9ducatif pour \u00e9veiller la curiosit\u00e9 des enfants sur le monde sous-marin, tout en d\u00e9veloppant leur vocabulaire et leur sens de l\u2019observation. Facile \u00e0 manipuler et \u00e0 transporter, ce coffret est parfait pour les petits explorateurs.<\/p>\n<p>Un excellent choix de cadeau pour enrichir la biblioth\u00e8que d&rsquo;un enfant tout en nourrissant son imagination !<\/p>\n","protected":false},"excerpt":{"rendered":"<p><strong>Ma petite biblioth\u00e8que : La mer<\/strong> de Matteo Gaule est un coffret de 8 petits livres illustr\u00e9s pour d\u00e9couvrir les merveilles du monde marin. Parfait pour \u00e9veiller la curiosit\u00e9 des enfants et enrichir leur vocabulaire sur la faune et les paysages sous-marins !<\/p>\n","protected":false},"featured_media":22831,"comment_status":"open","ping_status":"closed","template":"","meta":{"inline_featured_image":false},"product_cat":[3875,3950,201,198],"product_tag":[],"class_list":{"0":"post-22830","1":"product","2":"type-product","3":"status-publish","4":"has-post-thumbnail","6":"product_cat-coffret-francais","7":"product_cat-les-livres-cartonnes-francais","8":"product_cat-coffret","9":"product_cat-livres-animes","10":"pa_auteurs-gaule-matteo","12":"first","13":"instock","14":"shipping-taxable","15":"purchasable","16":"product-type-simple"},"_links":{"self":[{"href":"https:\/\/baralivres.ma\/index.php?rest_route=\/wp\/v2\/product\/22830","targetHints":{"allow":["GET"]}}],"collection":[{"href":"https:\/\/baralivres.ma\/index.php?rest_route=\/wp\/v2\/product"}],"about":[{"href":"https:\/\/baralivres.ma\/index.php?rest_route=\/wp\/v2\/types\/product"}],"replies":[{"embeddable":true,"href":"https:\/\/baralivres.ma\/index.php?rest_route=%2Fwp%2Fv2%2Fcomments&post=22830"}],"version-history":[{"count":2,"href":"https:\/\/baralivres.ma\/index.php?rest_route=\/wp\/v2\/product\/22830\/revisions"}],"predecessor-version":[{"id":22834,"href":"https:\/\/baralivres.ma\/index.php?rest_route=\/wp\/v2\/product\/22830\/revisions\/22834"}],"wp:featuredmedia":[{"embeddable":true,"href":"https:\/\/baralivres.ma\/index.php?rest_route=\/wp\/v2\/media\/22831"}],"wp:attachment":[{"href":"https:\/\/baralivres.ma\/index.php?rest_route=%2Fwp%2Fv2%2Fmedia&parent=22830"}],"wp:term":[{"taxonomy":"product_cat","embeddable":true,"href":"https:\/\/baralivres.ma\/index.php?rest_route=%2Fwp%2Fv2%2Fproduct_cat&post=22830"},{"taxonomy":"product_tag","embeddable":true,"href":"https:\/\/baralivres.ma\/index.php?rest_route=%2Fwp%2Fv2%2Fproduct_tag&post=22830"}],"curies":[{"name":"wp","href":"https:\/\/api.w.org\/{rel}","templated":true}]}}