{"id":22815,"date":"2024-12-16T17:10:29","date_gmt":"2024-12-16T16:10:29","guid":{"rendered":"https:\/\/baralivres.ma\/?post_type=product&#038;p=22815"},"modified":"2026-03-10T10:13:41","modified_gmt":"2026-03-10T09:13:41","slug":"ma-petite-bibliotheque-les-emotions","status":"publish","type":"product","link":"https:\/\/baralivres.ma\/?product=ma-petite-bibliotheque-les-emotions","title":{"rendered":"Ma petite biblioth\u00e8que : les \u00e9motions"},"content":{"rendered":"<p>Ce coffret \u00e9ducatif contient plusieurs petits livres sp\u00e9cialement con\u00e7us pour aider les enfants \u00e0 d\u00e9couvrir et comprendre leurs \u00e9motions. Chaque livre met en lumi\u00e8re une \u00e9motion \u00e0 travers des histoires simples et des illustrations douces, adapt\u00e9es aux tout-petits.<\/p>\n<p>Apprendre \u00e0 reconna\u00eetre et exprimer ses sentiments devient un jeu d\u2019enfant gr\u00e2ce \u00e0 ces ouvrages ludiques, parfaits pour d\u00e9velopper l\u2019intelligence \u00e9motionnelle d\u00e8s le plus jeune \u00e2ge. Un support id\u00e9al pour initier des discussions avec votre enfant et renforcer vos liens.<\/p>\n<p>Compact et facile \u00e0 manipuler, ce coffret est id\u00e9al pour une lecture interactive \u00e0 la maison ou en d\u00e9placement. Un cadeau pr\u00e9cieux pour accompagner les enfants dans la d\u00e9couverte d\u2019eux-m\u00eames et du monde qui les entoure.<\/p>\n","protected":false},"excerpt":{"rendered":"<p><strong>Ma petite biblioth\u00e8que : Les \u00e9motions<\/strong> de Matteo Gaule\u00a0 et <a class=\"text-underline\" href=\"https:\/\/www.cultura.com\/search\/results?search_query=Roberta%20Marcolin\">Roberta Marcolin<\/a> est un coffret ludique pour aider les enfants \u00e0 reconna\u00eetre et comprendre leurs \u00e9motions \u00e0 travers de petits livres illustr\u00e9s. Parfait pour d\u00e9velopper l\u2019intelligence \u00e9motionnelle d\u00e8s le plus jeune \u00e2ge !<\/p>\n","protected":false},"featured_media":22816,"comment_status":"open","ping_status":"closed","template":"","meta":{"inline_featured_image":false},"product_cat":[3875,3950,201,198],"product_tag":[],"class_list":{"0":"post-22815","1":"product","2":"type-product","3":"status-publish","4":"has-post-thumbnail","6":"product_cat-coffret-francais","7":"product_cat-les-livres-cartonnes-francais","8":"product_cat-coffret","9":"product_cat-livres-animes","10":"pa_auteurs-gaule-matteo","11":"pa_auteurs-roberta-marcolin","13":"first","14":"instock","15":"shipping-taxable","16":"purchasable","17":"product-type-simple"},"_links":{"self":[{"href":"https:\/\/baralivres.ma\/index.php?rest_route=\/wp\/v2\/product\/22815","targetHints":{"allow":["GET"]}}],"collection":[{"href":"https:\/\/baralivres.ma\/index.php?rest_route=\/wp\/v2\/product"}],"about":[{"href":"https:\/\/baralivres.ma\/index.php?rest_route=\/wp\/v2\/types\/product"}],"replies":[{"embeddable":true,"href":"https:\/\/baralivres.ma\/index.php?rest_route=%2Fwp%2Fv2%2Fcomments&post=22815"}],"version-history":[{"count":1,"href":"https:\/\/baralivres.ma\/index.php?rest_route=\/wp\/v2\/product\/22815\/revisions"}],"predecessor-version":[{"id":22817,"href":"https:\/\/baralivres.ma\/index.php?rest_route=\/wp\/v2\/product\/22815\/revisions\/22817"}],"wp:featuredmedia":[{"embeddable":true,"href":"https:\/\/baralivres.ma\/index.php?rest_route=\/wp\/v2\/media\/22816"}],"wp:attachment":[{"href":"https:\/\/baralivres.ma\/index.php?rest_route=%2Fwp%2Fv2%2Fmedia&parent=22815"}],"wp:term":[{"taxonomy":"product_cat","embeddable":true,"href":"https:\/\/baralivres.ma\/index.php?rest_route=%2Fwp%2Fv2%2Fproduct_cat&post=22815"},{"taxonomy":"product_tag","embeddable":true,"href":"https:\/\/baralivres.ma\/index.php?rest_route=%2Fwp%2Fv2%2Fproduct_tag&post=22815"}],"curies":[{"name":"wp","href":"https:\/\/api.w.org\/{rel}","templated":true}]}}