{"id":22791,"date":"2024-12-09T18:10:57","date_gmt":"2024-12-09T17:10:57","guid":{"rendered":"https:\/\/baralivres.ma\/?post_type=product&#038;p=22791"},"modified":"2024-12-09T18:10:58","modified_gmt":"2024-12-09T17:10:58","slug":"le-don-supreme-2","status":"publish","type":"product","link":"https:\/\/baralivres.ma\/?product=le-don-supreme-2","title":{"rendered":"Le Don supr\u00eame"},"content":{"rendered":"<p><strong>D\u00e9couvrez <em>Le Don supr\u00eame<\/em>, un roman captivant qui plonge dans un univers mystique et spirituel !<\/strong><br \/>\nL\u2019histoire suit un personnage dot\u00e9 d\u2019un pouvoir exceptionnel qui se retrouve face \u00e0 des choix d\u00e9terminants pour son avenir et celui de l\u2019humanit\u00e9. \u00c0 travers des d\u00e9fis int\u00e9rieurs et ext\u00e9rieurs, le protagoniste cherche \u00e0 comprendre et ma\u00eetriser son don tout en affrontant des forces qui veulent en faire un instrument de destruction.<\/p>\n<p>Un r\u00e9cit poignant qui m\u00eale philosophie, aventure et spiritualit\u00e9, offrant une r\u00e9flexion profonde sur le pouvoir, la responsabilit\u00e9 et le destin.<\/p>\n","protected":false},"excerpt":{"rendered":"<p><strong>Plongez dans <em>Le Don supr\u00eame<\/em>, un roman mystique o\u00f9 un personnage dot\u00e9 d&rsquo;un pouvoir exceptionnel doit faire face \u00e0 des choix d\u00e9cisifs.<\/strong><\/p>\n","protected":false},"featured_media":22792,"comment_status":"open","ping_status":"closed","template":"","meta":{"inline_featured_image":false},"product_cat":[3873,143],"product_tag":[],"class_list":{"0":"post-22791","1":"product","2":"type-product","3":"status-publish","4":"has-post-thumbnail","6":"product_cat-roman-en-francais","7":"product_cat-roman","8":"pa_auteurs-coelho-paulo","10":"first","11":"instock","12":"shipping-taxable","13":"purchasable","14":"product-type-simple"},"_links":{"self":[{"href":"https:\/\/baralivres.ma\/index.php?rest_route=\/wp\/v2\/product\/22791","targetHints":{"allow":["GET"]}}],"collection":[{"href":"https:\/\/baralivres.ma\/index.php?rest_route=\/wp\/v2\/product"}],"about":[{"href":"https:\/\/baralivres.ma\/index.php?rest_route=\/wp\/v2\/types\/product"}],"replies":[{"embeddable":true,"href":"https:\/\/baralivres.ma\/index.php?rest_route=%2Fwp%2Fv2%2Fcomments&post=22791"}],"version-history":[{"count":1,"href":"https:\/\/baralivres.ma\/index.php?rest_route=\/wp\/v2\/product\/22791\/revisions"}],"predecessor-version":[{"id":22793,"href":"https:\/\/baralivres.ma\/index.php?rest_route=\/wp\/v2\/product\/22791\/revisions\/22793"}],"wp:featuredmedia":[{"embeddable":true,"href":"https:\/\/baralivres.ma\/index.php?rest_route=\/wp\/v2\/media\/22792"}],"wp:attachment":[{"href":"https:\/\/baralivres.ma\/index.php?rest_route=%2Fwp%2Fv2%2Fmedia&parent=22791"}],"wp:term":[{"taxonomy":"product_cat","embeddable":true,"href":"https:\/\/baralivres.ma\/index.php?rest_route=%2Fwp%2Fv2%2Fproduct_cat&post=22791"},{"taxonomy":"product_tag","embeddable":true,"href":"https:\/\/baralivres.ma\/index.php?rest_route=%2Fwp%2Fv2%2Fproduct_tag&post=22791"}],"curies":[{"name":"wp","href":"https:\/\/api.w.org\/{rel}","templated":true}]}}