{"id":22704,"date":"2024-12-03T18:17:34","date_gmt":"2024-12-03T17:17:34","guid":{"rendered":"https:\/\/baralivres.ma\/?post_type=product&#038;p=22704"},"modified":"2024-12-03T18:24:15","modified_gmt":"2024-12-03T17:24:15","slug":"espace-60-coloriages-anti-stress","status":"publish","type":"product","link":"https:\/\/baralivres.ma\/?product=espace-60-coloriages-anti-stress","title":{"rendered":"Espace: 60 coloriages anti-stress"},"content":{"rendered":"","protected":false},"excerpt":{"rendered":"<p><strong>Plan\u00e8tes, fus\u00e9es, constellations, navettes spatiales, aliens et autres monstres venus de l&rsquo;espace&#8230;<\/strong> Ce livre vous emm\u00e8ne au c\u0153ur du cosmos et de la science-fiction. Laissez libre cours \u00e0 votre imagination en coloriant ces <strong>60 illustrations in\u00e9dites<\/strong> cr\u00e9\u00e9es par un artiste. \ud83c\udfa8 Un moyen parfait de se d\u00e9tendre et de retrouver le plaisir de cr\u00e9er tout en explorant l&rsquo;infini de l&rsquo;univers. Id\u00e9al pour les amateurs de coloriage anti-stress, ce livre offre une exp\u00e9rience apaisante et cr\u00e9ative \u00e0 chaque page. \ud83c\udf0c Un excellent moyen d\u2019\u00e9chapper \u00e0 la routine quotidienne et de se ressourcer tout en s&rsquo;amusant !<\/p>\n","protected":false},"featured_media":22705,"comment_status":"open","ping_status":"closed","template":"","meta":{"inline_featured_image":false},"product_cat":[3575],"product_tag":[],"class_list":{"0":"post-22704","1":"product","2":"type-product","3":"status-publish","4":"has-post-thumbnail","6":"product_cat-art-therapie","8":"first","9":"instock","10":"shipping-taxable","11":"purchasable","12":"product-type-simple"},"_links":{"self":[{"href":"https:\/\/baralivres.ma\/index.php?rest_route=\/wp\/v2\/product\/22704","targetHints":{"allow":["GET"]}}],"collection":[{"href":"https:\/\/baralivres.ma\/index.php?rest_route=\/wp\/v2\/product"}],"about":[{"href":"https:\/\/baralivres.ma\/index.php?rest_route=\/wp\/v2\/types\/product"}],"replies":[{"embeddable":true,"href":"https:\/\/baralivres.ma\/index.php?rest_route=%2Fwp%2Fv2%2Fcomments&post=22704"}],"version-history":[{"count":1,"href":"https:\/\/baralivres.ma\/index.php?rest_route=\/wp\/v2\/product\/22704\/revisions"}],"predecessor-version":[{"id":22710,"href":"https:\/\/baralivres.ma\/index.php?rest_route=\/wp\/v2\/product\/22704\/revisions\/22710"}],"wp:featuredmedia":[{"embeddable":true,"href":"https:\/\/baralivres.ma\/index.php?rest_route=\/wp\/v2\/media\/22705"}],"wp:attachment":[{"href":"https:\/\/baralivres.ma\/index.php?rest_route=%2Fwp%2Fv2%2Fmedia&parent=22704"}],"wp:term":[{"taxonomy":"product_cat","embeddable":true,"href":"https:\/\/baralivres.ma\/index.php?rest_route=%2Fwp%2Fv2%2Fproduct_cat&post=22704"},{"taxonomy":"product_tag","embeddable":true,"href":"https:\/\/baralivres.ma\/index.php?rest_route=%2Fwp%2Fv2%2Fproduct_tag&post=22704"}],"curies":[{"name":"wp","href":"https:\/\/api.w.org\/{rel}","templated":true}]}}