{"id":22572,"date":"2024-11-25T16:07:28","date_gmt":"2024-11-25T15:07:28","guid":{"rendered":"https:\/\/baralivres.ma\/?post_type=product&#038;p=22572"},"modified":"2025-04-24T17:43:39","modified_gmt":"2025-04-24T16:43:39","slug":"sam-le-pompier-mon-grand-livre-puzzle","status":"publish","type":"product","link":"https:\/\/baralivres.ma\/?product=sam-le-pompier-mon-grand-livre-puzzle","title":{"rendered":"Mon grand livre puzzle &#8211; Sam le pompier"},"content":{"rendered":"<p><em>Sam le pompier : Mon grand livre puzzle<\/em> est un livre interactif pour enfants qui combine lecture et jeux de puzzle. Chaque page pr\u00e9sente une petite histoire mettant en sc\u00e8ne les sauveteurs de Pontypandy, accompagn\u00e9e d&rsquo;un puzzle de 12 pi\u00e8ces \u00e0 assembler. En lisant l&rsquo;histoire, les enfants d\u00e9couvrent l&rsquo;aventure et sont invit\u00e9s \u00e0 reconstituer l&rsquo;image correspondante. Ce livre stimule la lecture et la motricit\u00e9 fine des jeunes lecteurs tout en leur offrant un moment de divertissement avec les personnages de la s\u00e9rie.<\/p>\n","protected":false},"excerpt":{"rendered":"<p><em>Sam le pompier : Mon grand livre puzzle<\/em> est un livre interactif o\u00f9 les enfants lisent une histoire et assemblent un puzzle de 12 pi\u00e8ces pour reconstituer l&rsquo;image. Il combine lecture et jeu, tout en mettant en sc\u00e8ne les personnages de Pontypandy.<\/p>\n","protected":false},"featured_media":22573,"comment_status":"open","ping_status":"closed","template":"","meta":{"inline_featured_image":false},"product_cat":[212],"product_tag":[],"class_list":{"0":"post-22572","1":"product","2":"type-product","3":"status-publish","4":"has-post-thumbnail","6":"product_cat-puzzle","8":"first","9":"instock","10":"shipping-taxable","11":"purchasable","12":"product-type-simple"},"_links":{"self":[{"href":"https:\/\/baralivres.ma\/index.php?rest_route=\/wp\/v2\/product\/22572","targetHints":{"allow":["GET"]}}],"collection":[{"href":"https:\/\/baralivres.ma\/index.php?rest_route=\/wp\/v2\/product"}],"about":[{"href":"https:\/\/baralivres.ma\/index.php?rest_route=\/wp\/v2\/types\/product"}],"replies":[{"embeddable":true,"href":"https:\/\/baralivres.ma\/index.php?rest_route=%2Fwp%2Fv2%2Fcomments&post=22572"}],"version-history":[{"count":2,"href":"https:\/\/baralivres.ma\/index.php?rest_route=\/wp\/v2\/product\/22572\/revisions"}],"predecessor-version":[{"id":23668,"href":"https:\/\/baralivres.ma\/index.php?rest_route=\/wp\/v2\/product\/22572\/revisions\/23668"}],"wp:featuredmedia":[{"embeddable":true,"href":"https:\/\/baralivres.ma\/index.php?rest_route=\/wp\/v2\/media\/22573"}],"wp:attachment":[{"href":"https:\/\/baralivres.ma\/index.php?rest_route=%2Fwp%2Fv2%2Fmedia&parent=22572"}],"wp:term":[{"taxonomy":"product_cat","embeddable":true,"href":"https:\/\/baralivres.ma\/index.php?rest_route=%2Fwp%2Fv2%2Fproduct_cat&post=22572"},{"taxonomy":"product_tag","embeddable":true,"href":"https:\/\/baralivres.ma\/index.php?rest_route=%2Fwp%2Fv2%2Fproduct_tag&post=22572"}],"curies":[{"name":"wp","href":"https:\/\/api.w.org\/{rel}","templated":true}]}}