{"id":22536,"date":"2024-11-23T10:38:15","date_gmt":"2024-11-23T09:38:15","guid":{"rendered":"https:\/\/baralivres.ma\/?post_type=product&#038;p=22536"},"modified":"2024-11-23T10:38:15","modified_gmt":"2024-11-23T09:38:15","slug":"mon-histoire-sonore-peter-pan","status":"publish","type":"product","link":"https:\/\/baralivres.ma\/?product=mon-histoire-sonore-peter-pan","title":{"rendered":"Mon Histoire Sonore &#8211; Peter Pan"},"content":{"rendered":"<p><em>Peter Pan<\/em> dans la collection <em>Histoire Sonore<\/em> est un livre interactif pour les tout-petits, avec une narration simple et des illustrations po\u00e9tiques. Les enfants peuvent \u00e9couter des extraits de l\u2019histoire gr\u00e2ce \u00e0 six boutons sonores faciles \u00e0 utiliser. Une version audio compl\u00e8te est \u00e9galement accessible via un QR code, permettant une exp\u00e9rience immersive. Ce livre stimule l\u2019imagination des enfants tout en favorisant leur compr\u00e9hension auditive<\/p>\n","protected":false},"excerpt":{"rendered":"<p>Une version audio compl\u00e8te est accessible via un QR code, offrant une exp\u00e9rience immersive aux tout-petits.<\/p>\n","protected":false},"featured_media":22537,"comment_status":"open","ping_status":"closed","template":"","meta":{"inline_featured_image":false},"product_cat":[197],"product_tag":[],"class_list":{"0":"post-22536","1":"product","2":"type-product","3":"status-publish","4":"has-post-thumbnail","6":"product_cat-livre-sonore","8":"first","9":"instock","10":"shipping-taxable","11":"purchasable","12":"product-type-simple"},"_links":{"self":[{"href":"https:\/\/baralivres.ma\/index.php?rest_route=\/wp\/v2\/product\/22536","targetHints":{"allow":["GET"]}}],"collection":[{"href":"https:\/\/baralivres.ma\/index.php?rest_route=\/wp\/v2\/product"}],"about":[{"href":"https:\/\/baralivres.ma\/index.php?rest_route=\/wp\/v2\/types\/product"}],"replies":[{"embeddable":true,"href":"https:\/\/baralivres.ma\/index.php?rest_route=%2Fwp%2Fv2%2Fcomments&post=22536"}],"version-history":[{"count":1,"href":"https:\/\/baralivres.ma\/index.php?rest_route=\/wp\/v2\/product\/22536\/revisions"}],"predecessor-version":[{"id":22540,"href":"https:\/\/baralivres.ma\/index.php?rest_route=\/wp\/v2\/product\/22536\/revisions\/22540"}],"wp:featuredmedia":[{"embeddable":true,"href":"https:\/\/baralivres.ma\/index.php?rest_route=\/wp\/v2\/media\/22537"}],"wp:attachment":[{"href":"https:\/\/baralivres.ma\/index.php?rest_route=%2Fwp%2Fv2%2Fmedia&parent=22536"}],"wp:term":[{"taxonomy":"product_cat","embeddable":true,"href":"https:\/\/baralivres.ma\/index.php?rest_route=%2Fwp%2Fv2%2Fproduct_cat&post=22536"},{"taxonomy":"product_tag","embeddable":true,"href":"https:\/\/baralivres.ma\/index.php?rest_route=%2Fwp%2Fv2%2Fproduct_tag&post=22536"}],"curies":[{"name":"wp","href":"https:\/\/api.w.org\/{rel}","templated":true}]}}