{"id":22531,"date":"2024-11-23T10:32:52","date_gmt":"2024-11-23T09:32:52","guid":{"rendered":"https:\/\/baralivres.ma\/?post_type=product&#038;p=22531"},"modified":"2024-11-23T10:32:52","modified_gmt":"2024-11-23T09:32:52","slug":"mon-histoire-sonore-cendrillon","status":"publish","type":"product","link":"https:\/\/baralivres.ma\/?product=mon-histoire-sonore-cendrillon","title":{"rendered":"Mon Histoire Sonore &#8211; Cendrillon"},"content":{"rendered":"<div class=\"flex max-w-full flex-col flex-grow\">\n<div class=\"min-h-8 text-message flex w-full flex-col items-end gap-2 whitespace-normal break-words [.text-message+&amp;]:mt-5\" dir=\"auto\" data-message-author-role=\"assistant\" data-message-id=\"5f5d3a30-6fcd-446d-9644-debe91885408\" data-message-model-slug=\"gpt-4o-mini\">\n<div class=\"flex w-full flex-col gap-1 empty:hidden first:pt-[3px]\">\n<div class=\"markdown prose w-full break-words dark:prose-invert light\">\n<div class=\"flex max-w-full flex-col flex-grow\">\n<div class=\"min-h-8 text-message flex w-full flex-col items-end gap-2 whitespace-normal break-words [.text-message+&amp;]:mt-5\" dir=\"auto\" data-message-author-role=\"assistant\" data-message-id=\"5f5d3a30-6fcd-446d-9644-debe91885408\" data-message-model-slug=\"gpt-4o-mini\">\n<div class=\"flex w-full flex-col gap-1 empty:hidden first:pt-[3px]\">\n<div class=\"markdown prose w-full break-words dark:prose-invert light\">\n<p><em>Histoire Sonore &#8211; Cendrillon<\/em> est un livre interactif pour tout-petits qui raconte le conte classique avec des mots simples. Les illustrations po\u00e9tiques s&rsquo;animent gr\u00e2ce \u00e0 6 boutons sonores faciles \u00e0 utiliser, offrant des effets sonores \u00e0 chaque \u00e9tape de l&rsquo;histoire. Une version audio compl\u00e8te est accessible via un QR code. Ce livre stimule l&rsquo;imagination et l&rsquo;\u00e9coute tout en offrant une exp\u00e9rience ludique et immersive.<\/p>\n<\/div>\n<\/div>\n<\/div>\n<\/div>\n<\/div>\n<\/div>\n<\/div>\n<\/div>\n<div class=\"mb-2 flex gap-3 empty:hidden -ml-2\">\n<div class=\"items-center justify-start rounded-xl p-1 flex\">\n<div class=\"flex items-center\">\n<div class=\"flex\"><\/div>\n<div class=\"flex items-center pb-0\"><\/div>\n<\/div>\n<\/div>\n<\/div>\n","protected":false},"excerpt":{"rendered":"<p><em>Histoire Sonore &#8211; Cendrillon<\/em> est un livre interactif avec 6 boutons sonores et des illustrations anim\u00e9es. Il raconte le conte de Cendrillon de mani\u00e8re simple, avec une version audio accessible via QR code.<\/p>\n","protected":false},"featured_media":22533,"comment_status":"open","ping_status":"closed","template":"","meta":{"inline_featured_image":false},"product_cat":[3944,197],"product_tag":[],"class_list":{"0":"post-22531","1":"product","2":"type-product","3":"status-publish","4":"has-post-thumbnail","6":"product_cat-les-livres-sonore-francais","7":"product_cat-livre-sonore","9":"first","10":"instock","11":"shipping-taxable","12":"purchasable","13":"product-type-simple"},"_links":{"self":[{"href":"https:\/\/baralivres.ma\/index.php?rest_route=\/wp\/v2\/product\/22531","targetHints":{"allow":["GET"]}}],"collection":[{"href":"https:\/\/baralivres.ma\/index.php?rest_route=\/wp\/v2\/product"}],"about":[{"href":"https:\/\/baralivres.ma\/index.php?rest_route=\/wp\/v2\/types\/product"}],"replies":[{"embeddable":true,"href":"https:\/\/baralivres.ma\/index.php?rest_route=%2Fwp%2Fv2%2Fcomments&post=22531"}],"version-history":[{"count":1,"href":"https:\/\/baralivres.ma\/index.php?rest_route=\/wp\/v2\/product\/22531\/revisions"}],"predecessor-version":[{"id":22532,"href":"https:\/\/baralivres.ma\/index.php?rest_route=\/wp\/v2\/product\/22531\/revisions\/22532"}],"wp:featuredmedia":[{"embeddable":true,"href":"https:\/\/baralivres.ma\/index.php?rest_route=\/wp\/v2\/media\/22533"}],"wp:attachment":[{"href":"https:\/\/baralivres.ma\/index.php?rest_route=%2Fwp%2Fv2%2Fmedia&parent=22531"}],"wp:term":[{"taxonomy":"product_cat","embeddable":true,"href":"https:\/\/baralivres.ma\/index.php?rest_route=%2Fwp%2Fv2%2Fproduct_cat&post=22531"},{"taxonomy":"product_tag","embeddable":true,"href":"https:\/\/baralivres.ma\/index.php?rest_route=%2Fwp%2Fv2%2Fproduct_tag&post=22531"}],"curies":[{"name":"wp","href":"https:\/\/api.w.org\/{rel}","templated":true}]}}