{"id":22490,"date":"2024-11-23T09:40:08","date_gmt":"2024-11-23T08:40:08","guid":{"rendered":"https:\/\/baralivres.ma\/?post_type=product&#038;p=22490"},"modified":"2024-11-23T09:40:08","modified_gmt":"2024-11-23T08:40:08","slug":"je-grandis-je-me-brosse-les-dents","status":"publish","type":"product","link":"https:\/\/baralivres.ma\/?product=je-grandis-je-me-brosse-les-dents","title":{"rendered":"Je grandis : Je me brosse les dents"},"content":{"rendered":"<p><strong>\u00ab\u00a0Je grandis : Je me brosse les dents\u00a0\u00bb<\/strong> est un livre interactif destin\u00e9 aux tout-petits pour les initier, de mani\u00e8re ludique, \u00e0 l&rsquo;importance du brossage des dents. Gr\u00e2ce \u00e0 des m\u00e9canismes comme des tirettes, des volets et des roues, les enfants d\u00e9couvrent les \u00e9tapes de cette routine tout en d\u00e9veloppant leur motricit\u00e9 fine. Les parents y trouvent \u00e9galement des conseils pratiques pour instaurer cette habitude quotidienne en douceur. Adapt\u00e9 aux petites mains et aux premi\u00e8res d\u00e9couvertes, ce livre transforme l\u2019apprentissage en un jeu amusant.<\/p>\n","protected":false},"excerpt":{"rendered":"<p>Ce livre vise \u00e0 transformer une t\u00e2che quotidienne parfois per\u00e7ue comme une contrainte en un moment agr\u00e9able et \u00e9ducatif, tout en favorisant l\u2019autonomie et les bonnes habitudes d\u00e8s le plus jeune \u00e2ge<\/p>\n","protected":false},"featured_media":22491,"comment_status":"open","ping_status":"closed","template":"","meta":{"inline_featured_image":false},"product_cat":[3950,198],"product_tag":[],"class_list":{"0":"post-22490","1":"product","2":"type-product","3":"status-publish","4":"has-post-thumbnail","6":"product_cat-les-livres-cartonnes-francais","7":"product_cat-livres-animes","9":"first","10":"instock","11":"shipping-taxable","12":"purchasable","13":"product-type-simple"},"_links":{"self":[{"href":"https:\/\/baralivres.ma\/index.php?rest_route=\/wp\/v2\/product\/22490","targetHints":{"allow":["GET"]}}],"collection":[{"href":"https:\/\/baralivres.ma\/index.php?rest_route=\/wp\/v2\/product"}],"about":[{"href":"https:\/\/baralivres.ma\/index.php?rest_route=\/wp\/v2\/types\/product"}],"replies":[{"embeddable":true,"href":"https:\/\/baralivres.ma\/index.php?rest_route=%2Fwp%2Fv2%2Fcomments&post=22490"}],"version-history":[{"count":1,"href":"https:\/\/baralivres.ma\/index.php?rest_route=\/wp\/v2\/product\/22490\/revisions"}],"predecessor-version":[{"id":22493,"href":"https:\/\/baralivres.ma\/index.php?rest_route=\/wp\/v2\/product\/22490\/revisions\/22493"}],"wp:featuredmedia":[{"embeddable":true,"href":"https:\/\/baralivres.ma\/index.php?rest_route=\/wp\/v2\/media\/22491"}],"wp:attachment":[{"href":"https:\/\/baralivres.ma\/index.php?rest_route=%2Fwp%2Fv2%2Fmedia&parent=22490"}],"wp:term":[{"taxonomy":"product_cat","embeddable":true,"href":"https:\/\/baralivres.ma\/index.php?rest_route=%2Fwp%2Fv2%2Fproduct_cat&post=22490"},{"taxonomy":"product_tag","embeddable":true,"href":"https:\/\/baralivres.ma\/index.php?rest_route=%2Fwp%2Fv2%2Fproduct_tag&post=22490"}],"curies":[{"name":"wp","href":"https:\/\/api.w.org\/{rel}","templated":true}]}}