{"id":22465,"date":"2024-11-22T17:24:59","date_gmt":"2024-11-22T16:24:59","guid":{"rendered":"https:\/\/baralivres.ma\/?post_type=product&#038;p=22465"},"modified":"2024-11-22T17:24:59","modified_gmt":"2024-11-22T16:24:59","slug":"ecoute-et-decouvre-ma-jolie-ferme","status":"publish","type":"product","link":"https:\/\/baralivres.ma\/?product=ecoute-et-decouvre-ma-jolie-ferme","title":{"rendered":"\u00c9coute et D\u00e9couvre &#8211; Ma Jolie Ferme"},"content":{"rendered":"<p><strong>\u00c9coute et D\u00e9couvre &#8211; Ma Jolie Ferme<\/strong> est un livre interactif pour les tout-petits, qui leur permet de d\u00e9couvrir les animaux de la ferme \u00e0 travers des illustrations color\u00e9es. Chaque double-page pr\u00e9sente cinq animaux, leurs noms, leurs cris, ainsi que des m\u00e9lodies joyeuses. Les enfants peuvent \u00e9galement chercher les animaux dans les illustrations, ce qui favorise l&rsquo;interactivit\u00e9. Ce livre enrichit le vocabulaire des enfants, stimule leur motricit\u00e9 fine et leur \u00e9veil, tout en rendant l&rsquo;apprentissage ludique.<\/p>\n","protected":false},"excerpt":{"rendered":"<p><strong>\u00c9coute et D\u00e9couvre &#8211; Ma Jolie Ferme<\/strong> est un livre interactif pour les tout-petits qui leur permet de d\u00e9couvrir les animaux de la ferme, leurs cris et cinq m\u00e9lodies. Les enfants peuvent chercher les animaux dans les illustrations, favorisant l&rsquo;apprentissage et la motricit\u00e9 fine de mani\u00e8re ludique.<\/p>\n","protected":false},"featured_media":22466,"comment_status":"open","ping_status":"closed","template":"","meta":{"inline_featured_image":false},"product_cat":[3944,197],"product_tag":[],"class_list":{"0":"post-22465","1":"product","2":"type-product","3":"status-publish","4":"has-post-thumbnail","6":"product_cat-les-livres-sonore-francais","7":"product_cat-livre-sonore","9":"first","10":"instock","11":"shipping-taxable","12":"purchasable","13":"product-type-simple"},"_links":{"self":[{"href":"https:\/\/baralivres.ma\/index.php?rest_route=\/wp\/v2\/product\/22465","targetHints":{"allow":["GET"]}}],"collection":[{"href":"https:\/\/baralivres.ma\/index.php?rest_route=\/wp\/v2\/product"}],"about":[{"href":"https:\/\/baralivres.ma\/index.php?rest_route=\/wp\/v2\/types\/product"}],"replies":[{"embeddable":true,"href":"https:\/\/baralivres.ma\/index.php?rest_route=%2Fwp%2Fv2%2Fcomments&post=22465"}],"version-history":[{"count":1,"href":"https:\/\/baralivres.ma\/index.php?rest_route=\/wp\/v2\/product\/22465\/revisions"}],"predecessor-version":[{"id":22469,"href":"https:\/\/baralivres.ma\/index.php?rest_route=\/wp\/v2\/product\/22465\/revisions\/22469"}],"wp:featuredmedia":[{"embeddable":true,"href":"https:\/\/baralivres.ma\/index.php?rest_route=\/wp\/v2\/media\/22466"}],"wp:attachment":[{"href":"https:\/\/baralivres.ma\/index.php?rest_route=%2Fwp%2Fv2%2Fmedia&parent=22465"}],"wp:term":[{"taxonomy":"product_cat","embeddable":true,"href":"https:\/\/baralivres.ma\/index.php?rest_route=%2Fwp%2Fv2%2Fproduct_cat&post=22465"},{"taxonomy":"product_tag","embeddable":true,"href":"https:\/\/baralivres.ma\/index.php?rest_route=%2Fwp%2Fv2%2Fproduct_tag&post=22465"}],"curies":[{"name":"wp","href":"https:\/\/api.w.org\/{rel}","templated":true}]}}