{"id":22450,"date":"2024-11-22T17:06:25","date_gmt":"2024-11-22T16:06:25","guid":{"rendered":"https:\/\/baralivres.ma\/?post_type=product&#038;p=22450"},"modified":"2024-11-22T17:06:25","modified_gmt":"2024-11-22T16:06:25","slug":"ecoute-et-joue-les-animaux-du-monde","status":"publish","type":"product","link":"https:\/\/baralivres.ma\/?product=ecoute-et-joue-les-animaux-du-monde","title":{"rendered":"\u00c9coute et Joue ! &#8211; Les Animaux du Monde"},"content":{"rendered":"<p><strong>\u00c9coute et Joue ! &#8211; Les Animaux du Monde<\/strong> est un livre interactif pour enfants, les emmenant dans un voyage \u00e0 travers diff\u00e9rents habitats et animaux du monde. Le livre propose un module sonore avec 15 sons d&rsquo;animaux et 3 m\u00e9lodies. Les enfants \u00e9coutent les bruits des animaux et les associent \u00e0 leurs images. Un jingle retentit si la r\u00e9ponse est correcte, rendant l&rsquo;exp\u00e9rience \u00e9ducative et ludique.<\/p>\n","protected":false},"excerpt":{"rendered":"<p><strong>\u00c9coute et Joue ! &#8211; Les Animaux du Monde<\/strong> est un livre interactif o\u00f9 les enfants d\u00e9couvrent les animaux et leurs habitats. Avec 15 sons d&rsquo;animaux et 3 m\u00e9lodies, ils associent chaque cri \u00e0 l&rsquo;image correspondante, et un jingle retentit pour chaque bonne r\u00e9ponse.<\/p>\n","protected":false},"featured_media":22453,"comment_status":"open","ping_status":"closed","template":"","meta":{"inline_featured_image":false},"product_cat":[3944,197],"product_tag":[],"class_list":{"0":"post-22450","1":"product","2":"type-product","3":"status-publish","4":"has-post-thumbnail","6":"product_cat-les-livres-sonore-francais","7":"product_cat-livre-sonore","9":"first","10":"instock","11":"shipping-taxable","12":"purchasable","13":"product-type-simple"},"_links":{"self":[{"href":"https:\/\/baralivres.ma\/index.php?rest_route=\/wp\/v2\/product\/22450","targetHints":{"allow":["GET"]}}],"collection":[{"href":"https:\/\/baralivres.ma\/index.php?rest_route=\/wp\/v2\/product"}],"about":[{"href":"https:\/\/baralivres.ma\/index.php?rest_route=\/wp\/v2\/types\/product"}],"replies":[{"embeddable":true,"href":"https:\/\/baralivres.ma\/index.php?rest_route=%2Fwp%2Fv2%2Fcomments&post=22450"}],"version-history":[{"count":1,"href":"https:\/\/baralivres.ma\/index.php?rest_route=\/wp\/v2\/product\/22450\/revisions"}],"predecessor-version":[{"id":22454,"href":"https:\/\/baralivres.ma\/index.php?rest_route=\/wp\/v2\/product\/22450\/revisions\/22454"}],"wp:featuredmedia":[{"embeddable":true,"href":"https:\/\/baralivres.ma\/index.php?rest_route=\/wp\/v2\/media\/22453"}],"wp:attachment":[{"href":"https:\/\/baralivres.ma\/index.php?rest_route=%2Fwp%2Fv2%2Fmedia&parent=22450"}],"wp:term":[{"taxonomy":"product_cat","embeddable":true,"href":"https:\/\/baralivres.ma\/index.php?rest_route=%2Fwp%2Fv2%2Fproduct_cat&post=22450"},{"taxonomy":"product_tag","embeddable":true,"href":"https:\/\/baralivres.ma\/index.php?rest_route=%2Fwp%2Fv2%2Fproduct_tag&post=22450"}],"curies":[{"name":"wp","href":"https:\/\/api.w.org\/{rel}","templated":true}]}}